{"id":2515,"date":"2021-12-28T13:20:14","date_gmt":"2021-12-28T12:20:14","guid":{"rendered":"https:\/\/blogs.uned.es\/gicuned\/?page_id=2515"},"modified":"2024-01-17T23:48:51","modified_gmt":"2024-01-17T22:48:51","slug":"univ-e","status":"publish","type":"page","link":"https:\/\/blogs.uned.es\/gicuned\/univ-e\/","title":{"rendered":"<!--univ_e-->"},"content":{"rendered":"\t\t<div data-elementor-type=\"wp-page\" data-elementor-id=\"2515\" class=\"elementor elementor-2515\">\n\t\t\t\t\t\t<section class=\"elementor-section elementor-top-section elementor-element elementor-element-5a5cbc0 elementor-section-boxed elementor-section-height-default elementor-section-height-default\" data-id=\"5a5cbc0\" data-element_type=\"section\" data-e-type=\"section\">\n\t\t\t\t\t\t<div class=\"elementor-container elementor-column-gap-default\">\n\t\t\t\t\t<div class=\"elementor-column elementor-col-100 elementor-top-column elementor-element elementor-element-2ee979d\" data-id=\"2ee979d\" data-element_type=\"column\" data-e-type=\"column\">\n\t\t\t<div class=\"elementor-widget-wrap elementor-element-populated\">\n\t\t\t\t\t\t<div class=\"elementor-element elementor-element-2bfb56c elementor-widget elementor-widget-text-editor\" data-id=\"2bfb56c\" data-element_type=\"widget\" data-e-type=\"widget\" data-widget_type=\"text-editor.default\">\n\t\t\t\t<div class=\"elementor-widget-container\">\n\t\t\t\t\t\t\t\t\t<h3 class=\"elementor-heading-title elementor-size-default elementor-inline-editing pen\" data-elementor-setting-key=\"title\" data-pen-placeholder=\"Teclea aqu\u00ed...\"><span style=\"color: #00ccff\"><strong>Health Promotion Practices in university students. International project<\/strong><\/span><\/h3>\t\t\t\t\t\t\t\t<\/div>\n\t\t\t\t<\/div>\n\t\t\t\t\t<\/div>\n\t\t<\/div>\n\t\t\t\t\t<\/div>\n\t\t<\/section>\n\t\t\t\t<section class=\"elementor-section elementor-top-section elementor-element elementor-element-8c5a38d elementor-section-boxed elementor-section-height-default elementor-section-height-default\" data-id=\"8c5a38d\" data-element_type=\"section\" data-e-type=\"section\">\n\t\t\t\t\t\t<div class=\"elementor-container elementor-column-gap-default\">\n\t\t\t\t\t<div class=\"elementor-column elementor-col-33 elementor-top-column elementor-element elementor-element-786bd1e\" data-id=\"786bd1e\" data-element_type=\"column\" data-e-type=\"column\">\n\t\t\t<div class=\"elementor-widget-wrap elementor-element-populated\">\n\t\t\t\t\t\t<div class=\"elementor-element elementor-element-8588f04 elementor-widget elementor-widget-image\" data-id=\"8588f04\" data-element_type=\"widget\" data-e-type=\"widget\" data-widget_type=\"image.default\">\n\t\t\t\t<div class=\"elementor-widget-container\">\n\t\t\t\t\t\t\t\t\t\t\t\t\t\t\t<img fetchpriority=\"high\" decoding=\"async\" width=\"800\" height=\"402\" src=\"https:\/\/blogs.uned.es\/gicuned\/wp-content\/uploads\/sites\/237\/2020\/12\/ha\u0301bitos-saludables.jpg\" class=\"attachment-large size-large wp-image-1105\" alt=\"\" srcset=\"https:\/\/blogs.uned.es\/gicuned\/wp-content\/uploads\/sites\/237\/2020\/12\/ha\u0301bitos-saludables.jpg 881w, https:\/\/blogs.uned.es\/gicuned\/wp-content\/uploads\/sites\/237\/2020\/12\/ha\u0301bitos-saludables-300x151.jpg 300w, https:\/\/blogs.uned.es\/gicuned\/wp-content\/uploads\/sites\/237\/2020\/12\/ha\u0301bitos-saludables-768x386.jpg 768w\" sizes=\"(max-width: 800px) 100vw, 800px\" \/>\t\t\t\t\t\t\t\t\t\t\t\t\t\t\t<\/div>\n\t\t\t\t<\/div>\n\t\t\t\t\t<\/div>\n\t\t<\/div>\n\t\t\t\t<div class=\"elementor-column elementor-col-66 elementor-top-column elementor-element elementor-element-19a2850\" data-id=\"19a2850\" data-element_type=\"column\" data-e-type=\"column\">\n\t\t\t<div class=\"elementor-widget-wrap elementor-element-populated\">\n\t\t\t\t\t\t<div class=\"elementor-element elementor-element-7154bd7 elementor-widget elementor-widget-text-editor\" data-id=\"7154bd7\" data-element_type=\"widget\" data-e-type=\"widget\" data-widget_type=\"text-editor.default\">\n\t\t\t\t<div class=\"elementor-widget-container\">\n\t\t\t\t\t\t\t\t\t<p><strong>Funded project:<\/strong> Institutional Strengthening, Development Cooperation and SDG 2021 Plan of the UNED<\/p>\t\t\t\t\t\t\t\t<\/div>\n\t\t\t\t<\/div>\n\t\t\t\t<section class=\"elementor-section elementor-inner-section elementor-element elementor-element-a4eb9eb elementor-section-boxed elementor-section-height-default elementor-section-height-default\" data-id=\"a4eb9eb\" data-element_type=\"section\" data-e-type=\"section\">\n\t\t\t\t\t\t<div class=\"elementor-container elementor-column-gap-default\">\n\t\t\t\t\t<div class=\"elementor-column elementor-col-100 elementor-inner-column elementor-element elementor-element-f7b514b\" data-id=\"f7b514b\" data-element_type=\"column\" data-e-type=\"column\">\n\t\t\t<div class=\"elementor-widget-wrap elementor-element-populated\">\n\t\t\t\t\t\t<div class=\"elementor-element elementor-element-a41af08 elementor-widget elementor-widget-text-editor\" data-id=\"a41af08\" data-element_type=\"widget\" data-e-type=\"widget\" data-widget_type=\"text-editor.default\">\n\t\t\t\t<div class=\"elementor-widget-container\">\n\t\t\t\t\t\t\t\t\t<p>This project aims to develop and implement actions in health promotion, with the objective of facilitating and accompanying university students in the incorporation of healthy practices in their lives. To this end, we will count on the international collaboration of five universities in four countries: UNED (Spain), Universidade do Minho (Portugal), Universidad Aut\u00f3noma del Estado de M\u00e9xico (Mexico) and Universidad Adolfo Ib\u00e1\u00f1ez and Universidad Tarapac\u00e1 (Chile). Through health promotion campaigns at these universities, the aim is to reach their university population. Personalized follow-up will be offered to students, who will be monitored for 3 months. These volunteers will be monitored during this time in the evolution of their desire to reduce their dietary intake and increase their physical activity, through the advice given in the WHO document (2004).<\/p><p>The results of this study are intended to help university authorities and their health professionals to design protocols for healthy practices and to design more effective and personalized intervention programs, which will result in greater success in establishing health promotion campaigns among their students. This initial proposal will help us to develop and test communication and intervention tools that can be applied to large groups and in massive health promotion campaigns, using the potential of Information and Communication Technologies (ICT).<\/p>\t\t\t\t\t\t\t\t<\/div>\n\t\t\t\t<\/div>\n\t\t\t\t\t<\/div>\n\t\t<\/div>\n\t\t\t\t\t<\/div>\n\t\t<\/section>\n\t\t\t\t\t<\/div>\n\t\t<\/div>\n\t\t\t\t\t<\/div>\n\t\t<\/section>\n\t\t\t\t<section class=\"elementor-section elementor-top-section elementor-element elementor-element-1aa15d0 elementor-section-boxed elementor-section-height-default elementor-section-height-default\" data-id=\"1aa15d0\" data-element_type=\"section\" data-e-type=\"section\">\n\t\t\t\t\t\t<div class=\"elementor-container elementor-column-gap-default\">\n\t\t\t\t\t<div class=\"elementor-column elementor-col-100 elementor-top-column elementor-element elementor-element-83141e5\" data-id=\"83141e5\" data-element_type=\"column\" data-e-type=\"column\">\n\t\t\t<div class=\"elementor-widget-wrap elementor-element-populated\">\n\t\t\t\t\t\t<div class=\"elementor-element elementor-element-36eac95 elementor-widget elementor-widget-text-editor\" data-id=\"36eac95\" data-element_type=\"widget\" data-e-type=\"widget\" data-widget_type=\"text-editor.default\">\n\t\t\t\t<div class=\"elementor-widget-container\">\n\t\t\t\t\t\t\t\t\t<ul><li><span lang=\"ES-TRAD\">Principal Researcher: <\/span><span lang=\"ES-TRAD\">Luis \u00c1ngel Sa\u00fal<\/span><\/li><li>Amount Awarded: 4,000\u20ac.<\/li><li>Funding Entity: Project funded through the Institutional Strengthening, Development Cooperation and SDG 2021 Plan of the UNED.<\/li><li>Call for proposals: Grants for the implementation of Europa+ projects.<\/li><li>Application reference: 2022-COO-0004<\/li><li>Start date: 01\/01\/2022<\/li><li>End date: 31\/12\/2022<\/li><\/ul>\t\t\t\t\t\t\t\t<\/div>\n\t\t\t\t<\/div>\n\t\t\t\t\t<\/div>\n\t\t<\/div>\n\t\t\t\t\t<\/div>\n\t\t<\/section>\n\t\t\t\t<\/div>\n\t\t","protected":false},"excerpt":{"rendered":"<p>Health Promotion Practices in university students. International project Funded project: Institutional Strengthening, Development Cooperation and SDG 2021 Plan of the UNED This project aims to develop and implement actions in health promotion, with the objective of facilitating and accompanying university students in the incorporation of healthy practices in their lives. To this end, we will count on the international collaboration of five universities in four countries: UNED (Spain), Universidade do Minho (Portugal), Universidad Aut\u00f3noma del Estado de M\u00e9xico (Mexico) and Universidad Adolfo Ib\u00e1\u00f1ez and Universidad Tarapac\u00e1 (Chile). Through health promotion campaigns at these universities, the aim is to reach their university population. Personalized follow-up will be offered to students, who will be monitored for 3 months. These volunteers will be monitored during this time in the evolution of their desire to reduce their dietary intake and increase their physical activity, through the advice given in the WHO document (2004). The&hellip;<\/p>\n<p> <a class=\"more-link\" href=\"https:\/\/blogs.uned.es\/gicuned\/univ-e\/\">Leer m\u00e1s<\/a><\/p>\n","protected":false},"author":7313,"featured_media":0,"parent":0,"menu_order":0,"comment_status":"closed","ping_status":"closed","template":"","meta":{"_seopress_robots_primary_cat":"","_seopress_titles_title":"Promoting Student Health %%sep%% International Collaboration and Wellness Initiatives at GICUNED","_seopress_titles_desc":"Explore UNED&#039;s comprehensive psychology training programs, tailored to current educational trends like AI integration, mental health awareness, and innovative teaching strategies. Join our global community of learners and professionals.","_seopress_robots_index":"","_bbp_topic_count":0,"_bbp_reply_count":0,"_bbp_total_topic_count":0,"_bbp_total_reply_count":0,"_bbp_voice_count":0,"_bbp_anonymous_reply_count":0,"_bbp_topic_count_hidden":0,"_bbp_reply_count_hidden":0,"_bbp_forum_subforum_count":0,"footnotes":""},"class_list":["post-2515","page","type-page","status-publish"],"_links":{"self":[{"href":"https:\/\/blogs.uned.es\/gicuned\/wp-json\/wp\/v2\/pages\/2515","targetHints":{"allow":["GET"]}}],"collection":[{"href":"https:\/\/blogs.uned.es\/gicuned\/wp-json\/wp\/v2\/pages"}],"about":[{"href":"https:\/\/blogs.uned.es\/gicuned\/wp-json\/wp\/v2\/types\/page"}],"author":[{"embeddable":true,"href":"https:\/\/blogs.uned.es\/gicuned\/wp-json\/wp\/v2\/users\/7313"}],"replies":[{"embeddable":true,"href":"https:\/\/blogs.uned.es\/gicuned\/wp-json\/wp\/v2\/comments?post=2515"}],"version-history":[{"count":10,"href":"https:\/\/blogs.uned.es\/gicuned\/wp-json\/wp\/v2\/pages\/2515\/revisions"}],"predecessor-version":[{"id":3647,"href":"https:\/\/blogs.uned.es\/gicuned\/wp-json\/wp\/v2\/pages\/2515\/revisions\/3647"}],"wp:attachment":[{"href":"https:\/\/blogs.uned.es\/gicuned\/wp-json\/wp\/v2\/media?parent=2515"}],"curies":[{"name":"wp","href":"https:\/\/api.w.org\/{rel}","templated":true}]}}