{"id":2351,"date":"2021-12-28T08:52:31","date_gmt":"2021-12-28T07:52:31","guid":{"rendered":"https:\/\/blogs.uned.es\/gicuned\/?page_id=2351"},"modified":"2024-01-17T22:18:49","modified_gmt":"2024-01-17T21:18:49","slug":"salud1","status":"publish","type":"page","link":"https:\/\/blogs.uned.es\/gicuned\/salud1\/","title":{"rendered":"<!--Proy-Salud-I-->"},"content":{"rendered":"\t\t<div data-elementor-type=\"wp-page\" data-elementor-id=\"2351\" class=\"elementor elementor-2351\">\n\t\t\t\t\t\t<section class=\"elementor-section elementor-top-section elementor-element elementor-element-5a5cbc0 elementor-section-boxed elementor-section-height-default elementor-section-height-default\" data-id=\"5a5cbc0\" data-element_type=\"section\" data-e-type=\"section\">\n\t\t\t\t\t\t<div class=\"elementor-container elementor-column-gap-default\">\n\t\t\t\t\t<div class=\"elementor-column elementor-col-100 elementor-top-column elementor-element elementor-element-2ee979d\" data-id=\"2ee979d\" data-element_type=\"column\" data-e-type=\"column\">\n\t\t\t<div class=\"elementor-widget-wrap elementor-element-populated\">\n\t\t\t\t\t\t<div class=\"elementor-element elementor-element-2bfb56c elementor-widget elementor-widget-text-editor\" data-id=\"2bfb56c\" data-element_type=\"widget\" data-e-type=\"widget\" data-widget_type=\"text-editor.default\">\n\t\t\t\t<div class=\"elementor-widget-container\">\n\t\t\t\t\t\t\t\t\t<h3 class=\"elementor-heading-title elementor-size-default elementor-inline-editing pen\" data-elementor-setting-key=\"title\" data-pen-placeholder=\"Teclea aqu\u00ed...\"><span style=\"color: #00ccff\">Estudio internacional para la promoci\u00f3n de la salud: Identificaci\u00f3n de variables psicol\u00f3gicas relevantes en la adquisici\u00f3n y mantenimiento de h\u00e1bitos saludables en situaci\u00f3n de pandemia<\/span><\/h3>\t\t\t\t\t\t\t\t<\/div>\n\t\t\t\t<\/div>\n\t\t\t\t\t<\/div>\n\t\t<\/div>\n\t\t\t\t\t<\/div>\n\t\t<\/section>\n\t\t\t\t<section class=\"elementor-section elementor-top-section elementor-element elementor-element-8c5a38d elementor-section-boxed elementor-section-height-default elementor-section-height-default\" data-id=\"8c5a38d\" data-element_type=\"section\" data-e-type=\"section\">\n\t\t\t\t\t\t<div class=\"elementor-container elementor-column-gap-default\">\n\t\t\t\t\t<div class=\"elementor-column elementor-col-33 elementor-top-column elementor-element elementor-element-786bd1e\" data-id=\"786bd1e\" data-element_type=\"column\" data-e-type=\"column\">\n\t\t\t<div class=\"elementor-widget-wrap elementor-element-populated\">\n\t\t\t\t\t\t<div class=\"elementor-element elementor-element-8588f04 elementor-widget elementor-widget-image\" data-id=\"8588f04\" data-element_type=\"widget\" data-e-type=\"widget\" data-widget_type=\"image.default\">\n\t\t\t\t<div class=\"elementor-widget-container\">\n\t\t\t\t\t\t\t\t\t\t\t\t\t\t\t<img fetchpriority=\"high\" decoding=\"async\" width=\"800\" height=\"402\" src=\"https:\/\/blogs.uned.es\/gicuned\/wp-content\/uploads\/sites\/237\/2020\/12\/ha\u0301bitos-saludables.jpg\" class=\"attachment-large size-large wp-image-1105\" alt=\"\" srcset=\"https:\/\/blogs.uned.es\/gicuned\/wp-content\/uploads\/sites\/237\/2020\/12\/ha\u0301bitos-saludables.jpg 881w, https:\/\/blogs.uned.es\/gicuned\/wp-content\/uploads\/sites\/237\/2020\/12\/ha\u0301bitos-saludables-300x151.jpg 300w, https:\/\/blogs.uned.es\/gicuned\/wp-content\/uploads\/sites\/237\/2020\/12\/ha\u0301bitos-saludables-768x386.jpg 768w\" sizes=\"(max-width: 800px) 100vw, 800px\" \/>\t\t\t\t\t\t\t\t\t\t\t\t\t\t\t<\/div>\n\t\t\t\t<\/div>\n\t\t\t\t\t<\/div>\n\t\t<\/div>\n\t\t\t\t<div class=\"elementor-column elementor-col-66 elementor-top-column elementor-element elementor-element-19a2850\" data-id=\"19a2850\" data-element_type=\"column\" data-e-type=\"column\">\n\t\t\t<div class=\"elementor-widget-wrap elementor-element-populated\">\n\t\t\t\t\t\t<div class=\"elementor-element elementor-element-7154bd7 elementor-widget elementor-widget-text-editor\" data-id=\"7154bd7\" data-element_type=\"widget\" data-e-type=\"widget\" data-widget_type=\"text-editor.default\">\n\t\t\t\t<div class=\"elementor-widget-container\">\n\t\t\t\t\t\t\t\t\t<p><strong>Proyecto financiado<\/strong>: Plan de Fortalecimiento Institucional, Cooperaci\u00f3n al Desarrollo y ODS 2020 de la UNED<\/p>\t\t\t\t\t\t\t\t<\/div>\n\t\t\t\t<\/div>\n\t\t\t\t<section class=\"elementor-section elementor-inner-section elementor-element elementor-element-a4eb9eb elementor-section-boxed elementor-section-height-default elementor-section-height-default\" data-id=\"a4eb9eb\" data-element_type=\"section\" data-e-type=\"section\">\n\t\t\t\t\t\t<div class=\"elementor-container elementor-column-gap-default\">\n\t\t\t\t\t<div class=\"elementor-column elementor-col-100 elementor-inner-column elementor-element elementor-element-f7b514b\" data-id=\"f7b514b\" data-element_type=\"column\" data-e-type=\"column\">\n\t\t\t<div class=\"elementor-widget-wrap elementor-element-populated\">\n\t\t\t\t\t\t<div class=\"elementor-element elementor-element-a41af08 elementor-widget elementor-widget-text-editor\" data-id=\"a41af08\" data-element_type=\"widget\" data-e-type=\"widget\" data-widget_type=\"text-editor.default\">\n\t\t\t\t<div class=\"elementor-widget-container\">\n\t\t\t\t\t\t\t\t\t<p>Este proyecto pretende identificar variables psicol\u00f3gicas y conflictos cognitivos que facilitan o dificultan la adquisici\u00f3n y mantenimiento de h\u00e1bitos saludables en personas interesadas en mejorar sus h\u00e1bitos de salud, con un estudio internacional (Espa\u00f1a, M\u00e9xico, Chile y Portugal) durante el periodo pandemia mundial. Para ello, a trav\u00e9s de campa\u00f1as de promoci\u00f3n de la salud, se pretende reclutar participantes voluntarios que quieran incorporar h\u00e1bitos de vida saludables. A estos voluntarios se les monitorizar\u00e1 durante tres meses en la evoluci\u00f3n personal con el trabajo con consejos sobre alimentaci\u00f3n y actividad f\u00edsica emanados del documento de la OMS (2004). Junto al registro inicial de datos de variables demogr\u00e1ficas y psicol\u00f3gicas, los participantes registrar\u00e1n datos de su alimentaci\u00f3n y actividad f\u00edsica, entre otras variables.<\/p>\t\t\t\t\t\t\t\t<\/div>\n\t\t\t\t<\/div>\n\t\t\t\t\t<\/div>\n\t\t<\/div>\n\t\t\t\t\t<\/div>\n\t\t<\/section>\n\t\t\t\t\t<\/div>\n\t\t<\/div>\n\t\t\t\t\t<\/div>\n\t\t<\/section>\n\t\t\t\t<section class=\"elementor-section elementor-top-section elementor-element elementor-element-1aa15d0 elementor-section-boxed elementor-section-height-default elementor-section-height-default\" data-id=\"1aa15d0\" data-element_type=\"section\" data-e-type=\"section\">\n\t\t\t\t\t\t<div class=\"elementor-container elementor-column-gap-default\">\n\t\t\t\t\t<div class=\"elementor-column elementor-col-100 elementor-top-column elementor-element elementor-element-83141e5\" data-id=\"83141e5\" data-element_type=\"column\" data-e-type=\"column\">\n\t\t\t<div class=\"elementor-widget-wrap elementor-element-populated\">\n\t\t\t\t\t\t<div class=\"elementor-element elementor-element-36eac95 elementor-widget elementor-widget-text-editor\" data-id=\"36eac95\" data-element_type=\"widget\" data-e-type=\"widget\" data-widget_type=\"text-editor.default\">\n\t\t\t\t<div class=\"elementor-widget-container\">\n\t\t\t\t\t\t\t\t\t<ul><li><strong>IP:<\/strong> Luis \u00c1ngel Sa\u00fal<\/li><li style=\"font-size: 12pt;font-family: Calibri, sans-serif;font-weight: 400\"><span style=\"font-weight: bold\"><span lang=\"ES-TRAD\" style=\"font-size: 13pt;font-family: AppleSystemUIFont\">Importe <\/span><\/span><span style=\"font-weight: bold;font-size: 12pt\"><span lang=\"ES-TRAD\" style=\"font-size: 13pt;font-family: AppleSystemUIFont\">Concedido:<\/span><\/span><span lang=\"ES-TRAD\" style=\"font-size: 13pt;font-family: AppleSystemUIFont\">\u00a09.600\u20ac<\/span><\/li><li style=\"font-size: 12pt;font-family: Calibri, sans-serif;font-weight: 400\"><span style=\"font-weight: bold\"><span lang=\"ES-TRAD\" style=\"font-size: 13pt;font-family: AppleSystemUIFont\">Entidad Financiadora:<\/span><\/span><span lang=\"ES-TRAD\" style=\"font-size: 13pt;font-family: AppleSystemUIFont\"> proyecto financiado a trav\u00e9s del Plan de Fortalecimiento Institucional, Cooperaci\u00f3n al Desarrollo y ODS 2020 de la UNED<\/span><\/li><li style=\"font-size: 12pt;font-family: Calibri, sans-serif;font-weight: 400\"><span style=\"font-weight: bold\"><span lang=\"ES-TRAD\" style=\"font-size: 13pt;font-family: AppleSystemUIFont\">Convocatoria:<\/span><\/span><span lang=\"ES-TRAD\" style=\"font-size: 13pt;font-family: AppleSystemUIFont\"> Proyectos de Cooperaci\u00f3n Universitaria y Objetivos de Desarrollo Sostenible (ODS) 2020 en colaboraci\u00f3n con el Banco Santander<\/span><\/li><li style=\"font-size: 12pt;font-family: Calibri, sans-serif;font-weight: 400\"><span style=\"font-weight: bold\"><span lang=\"ES-TRAD\" style=\"font-size: 13pt;font-family: AppleSystemUIFont\">Referencia de la solicitud: <\/span><\/span><span lang=\"ES-TRAD\" style=\"font-size: 13pt;font-family: AppleSystemUIFont\">2020- 085- UNED- PROY<\/span><\/li><li style=\"font-size: 12pt;font-family: Calibri, sans-serif;font-weight: 400\"><span style=\"font-weight: bold\"><span lang=\"EN-US\" style=\"font-size: 13pt;font-family: AppleSystemUIFont\">Fecha inicio:<\/span><\/span><span lang=\"EN-US\" style=\"font-size: 13pt;font-family: AppleSystemUIFont\">\u00a01\/10\/2020<\/span><\/li><li class=\"elementor-heading-title elementor-size-default elementor-inline-editing pen\" data-elementor-setting-key=\"title\" data-pen-placeholder=\"Teclea aqu\u00ed...\"><strong><span style=\"font-family: Calibri, sans-serif;font-size: 12pt\"><span lang=\"EN-US\" style=\"font-size: 13pt;font-family: AppleSystemUIFont\">Fecha fin:<\/span><\/span><\/strong><span lang=\"EN-US\" style=\"font-weight: 400;font-size: 13pt;font-family: AppleSystemUIFont\"> 30\/09\/2022<\/span><\/li><\/ul>\t\t\t\t\t\t\t\t<\/div>\n\t\t\t\t<\/div>\n\t\t\t\t\t<\/div>\n\t\t<\/div>\n\t\t\t\t\t<\/div>\n\t\t<\/section>\n\t\t\t\t<\/div>\n\t\t","protected":false},"excerpt":{"rendered":"<p>Estudio internacional para la promoci\u00f3n de la salud: Identificaci\u00f3n de variables psicol\u00f3gicas relevantes en la adquisici\u00f3n y mantenimiento de h\u00e1bitos saludables en situaci\u00f3n de pandemia Proyecto financiado: Plan de Fortalecimiento Institucional, Cooperaci\u00f3n al Desarrollo y ODS 2020 de la UNED Este proyecto pretende identificar variables psicol\u00f3gicas y conflictos cognitivos que facilitan o dificultan la adquisici\u00f3n y mantenimiento de h\u00e1bitos saludables en personas interesadas en mejorar sus h\u00e1bitos de salud, con un estudio internacional (Espa\u00f1a, M\u00e9xico, Chile y Portugal) durante el periodo pandemia mundial. Para ello, a trav\u00e9s de campa\u00f1as de promoci\u00f3n de la salud, se pretende reclutar participantes voluntarios que quieran incorporar h\u00e1bitos de vida saludables. A estos voluntarios se les monitorizar\u00e1 durante tres meses en la evoluci\u00f3n personal con el trabajo con consejos sobre alimentaci\u00f3n y actividad f\u00edsica emanados del documento de la OMS (2004). Junto al registro inicial de datos de variables demogr\u00e1ficas y psicol\u00f3gicas, los participantes registrar\u00e1n&hellip;<\/p>\n<p> <a class=\"more-link\" href=\"https:\/\/blogs.uned.es\/gicuned\/salud1\/\">Leer m\u00e1s<\/a><\/p>\n","protected":false},"author":7313,"featured_media":0,"parent":0,"menu_order":0,"comment_status":"closed","ping_status":"closed","template":"","meta":{"_seopress_robots_primary_cat":"","_seopress_titles_title":"Psicolog\u00eda de H\u00e1bitos Saludables %%sep%% Estudio de Pandemia Global por la UNED","_seopress_titles_desc":"Participa en el estudio internacional de la UNED sobre los aspectos psicol\u00f3gicos de formar h\u00e1bitos saludables durante pandemias. Descubre perspectivas de Espa\u00f1a, M\u00e9xico, Chile y Portugal.","_seopress_robots_index":"","_bbp_topic_count":0,"_bbp_reply_count":0,"_bbp_total_topic_count":0,"_bbp_total_reply_count":0,"_bbp_voice_count":0,"_bbp_anonymous_reply_count":0,"_bbp_topic_count_hidden":0,"_bbp_reply_count_hidden":0,"_bbp_forum_subforum_count":0,"footnotes":""},"class_list":["post-2351","page","type-page","status-publish"],"_links":{"self":[{"href":"https:\/\/blogs.uned.es\/gicuned\/wp-json\/wp\/v2\/pages\/2351","targetHints":{"allow":["GET"]}}],"collection":[{"href":"https:\/\/blogs.uned.es\/gicuned\/wp-json\/wp\/v2\/pages"}],"about":[{"href":"https:\/\/blogs.uned.es\/gicuned\/wp-json\/wp\/v2\/types\/page"}],"author":[{"embeddable":true,"href":"https:\/\/blogs.uned.es\/gicuned\/wp-json\/wp\/v2\/users\/7313"}],"replies":[{"embeddable":true,"href":"https:\/\/blogs.uned.es\/gicuned\/wp-json\/wp\/v2\/comments?post=2351"}],"version-history":[{"count":25,"href":"https:\/\/blogs.uned.es\/gicuned\/wp-json\/wp\/v2\/pages\/2351\/revisions"}],"predecessor-version":[{"id":3309,"href":"https:\/\/blogs.uned.es\/gicuned\/wp-json\/wp\/v2\/pages\/2351\/revisions\/3309"}],"wp:attachment":[{"href":"https:\/\/blogs.uned.es\/gicuned\/wp-json\/wp\/v2\/media?parent=2351"}],"curies":[{"name":"wp","href":"https:\/\/api.w.org\/{rel}","templated":true}]}}