{"version":"1.0","provider_name":"Grupo de Estudios sobre Sociedad y Pol\u00edtica","provider_url":"https:\/\/blogs.uned.es\/gesp","author_name":"GESP","author_url":"https:\/\/blogs.uned.es\/gesp\/author\/jagil\/","title":"La voz y la participaci\u00f3n de las mujeres j\u00f3venes - Grupo de Estudios sobre Sociedad y Pol\u00edtica","type":"rich","width":600,"height":338,"html":"<blockquote class=\"wp-embedded-content\" data-secret=\"58Rly1MIHF\"><a href=\"https:\/\/blogs.uned.es\/gesp\/voz-y-participacion-mujeres-jovenes\/\">La voz y la participaci\u00f3n de las mujeres j\u00f3venes<\/a><\/blockquote><iframe sandbox=\"allow-scripts\" security=\"restricted\" src=\"https:\/\/blogs.uned.es\/gesp\/voz-y-participacion-mujeres-jovenes\/embed\/#?secret=58Rly1MIHF\" width=\"600\" height=\"338\" title=\"\u00abLa voz y la participaci\u00f3n de las mujeres j\u00f3venes\u00bb \u2014 Grupo de Estudios sobre Sociedad y Pol\u00edtica\" data-secret=\"58Rly1MIHF\" frameborder=\"0\" marginwidth=\"0\" marginheight=\"0\" scrolling=\"no\" class=\"wp-embedded-content\"><\/iframe><script type=\"text\/javascript\">\n\/* <![CDATA[ *\/\n\/*! This file is auto-generated *\/\n!function(d,l){\"use strict\";l.querySelector&&d.addEventListener&&\"undefined\"!=typeof URL&&(d.wp=d.wp||{},d.wp.receiveEmbedMessage||(d.wp.receiveEmbedMessage=function(e){var t=e.data;if((t||t.secret||t.message||t.value)&&!\/[^a-zA-Z0-9]\/.test(t.secret)){for(var s,r,n,a=l.querySelectorAll('iframe[data-secret=\"'+t.secret+'\"]'),o=l.querySelectorAll('blockquote[data-secret=\"'+t.secret+'\"]'),c=new RegExp(\"^https?:$\",\"i\"),i=0;i<o.length;i++)o[i].style.display=\"none\";for(i=0;i<a.length;i++)s=a[i],e.source===s.contentWindow&&(s.removeAttribute(\"style\"),\"height\"===t.message?(1e3<(r=parseInt(t.value,10))?r=1e3:~~r<200&&(r=200),s.height=r):\"link\"===t.message&&(r=new URL(s.getAttribute(\"src\")),n=new URL(t.value),c.test(n.protocol))&&n.host===r.host&&l.activeElement===s&&(d.top.location.href=t.value))}},d.addEventListener(\"message\",d.wp.receiveEmbedMessage,!1),l.addEventListener(\"DOMContentLoaded\",function(){for(var e,t,s=l.querySelectorAll(\"iframe.wp-embedded-content\"),r=0;r<s.length;r++)(t=(e=s[r]).getAttribute(\"data-secret\"))||(t=Math.random().toString(36).substring(2,12),e.src+=\"#?secret=\"+t,e.setAttribute(\"data-secret\",t)),e.contentWindow.postMessage({message:\"ready\",secret:t},\"*\")},!1)))}(window,document);\n\/\/# sourceURL=https:\/\/blogs.uned.es\/gesp\/wp-includes\/js\/wp-embed.min.js\n\/* ]]> *\/\n<\/script>\n","thumbnail_url":"https:\/\/blogs.uned.es\/gesp\/wp-content\/uploads\/sites\/21\/2020\/10\/resistance-women-s-rights-protest-power-rights-young.jpg","thumbnail_width":910,"thumbnail_height":607,"description":"26\/10\/2020 &#8211; Marisa Revilla (UCM) Una vez m\u00e1s en esta d\u00e9cada que ya acaba, el pasado 11 de octubre se celebr\u00f3 el D\u00eda Internacional de la Ni\u00f1a de Naciones Unidas, en esta ocasi\u00f3n bajo el lema My voice, our equal future, poniendo uno de los focos en el liderazgo de una generaci\u00f3n de activistas paraLeer M\u00e1s"}

Grupo de Estudios sobre Sociedad y Política

La voz y la participación de las mujeres jóvenes - Grupo de Estudios sobre Sociedad y Política

<blockquote class="wp-embedded-content" data-secret="58Rly1MIHF"><a href="https://blogs.uned.es/gesp/voz-y-participacion-mujeres-jovenes/">La voz y la participación de las mujeres jóvenes</a></blockquote><iframe sandbox="allow-scripts" security="restricted" src="https://blogs.uned.es/gesp/voz-y-participacion-mujeres-jovenes/embed/#?secret=58Rly1MIHF" width="600" height="338" title="«La voz y la participación de las mujeres jóvenes» — Grupo de Estudios sobre Sociedad y Política" data-secret="58Rly1MIHF" frameborder="0" marginwidth="0" marginheight="0" scrolling="no" class="wp-embedded-content"></iframe><script type="text/javascript">
/* <![CDATA[ */
/*! This file is auto-generated */
!function(d,l){"use strict";l.querySelector&&d.addEventListener&&"undefined"!=typeof URL&&(d.wp=d.wp||{},d.wp.receiveEmbedMessage||(d.wp.receiveEmbedMessage=function(e){var t=e.data;if((t||t.secret||t.message||t.value)&&!/[^a-zA-Z0-9]/.test(t.secret)){for(var s,r,n,a=l.querySelectorAll('iframe[data-secret="'+t.secret+'"]'),o=l.querySelectorAll('blockquote[data-secret="'+t.secret+'"]'),c=new RegExp("^https?:$","i"),i=0;i<o.length;i++)o[i].style.display="none";for(i=0;i<a.length;i++)s=a[i],e.source===s.contentWindow&&(s.removeAttribute("style"),"height"===t.message?(1e3<(r=parseInt(t.value,10))?r=1e3:~~r<200&&(r=200),s.height=r):"link"===t.message&&(r=new URL(s.getAttribute("src")),n=new URL(t.value),c.test(n.protocol))&&n.host===r.host&&l.activeElement===s&&(d.top.location.href=t.value))}},d.addEventListener("message",d.wp.receiveEmbedMessage,!1),l.addEventListener("DOMContentLoaded",function(){for(var e,t,s=l.querySelectorAll("iframe.wp-embedded-content"),r=0;r<s.length;r++)(t=(e=s[r]).getAttribute("data-secret"))||(t=Math.random().toString(36).substring(2,12),e.src+="#?secret="+t,e.setAttribute("data-secret",t)),e.contentWindow.postMessage({message:"ready",secret:t},"*")},!1)))}(window,document);
//# sourceURL=https://blogs.uned.es/gesp/wp-includes/js/wp-embed.min.js
/* ]]> */
</script>

26/10/2020 &#8211; Marisa Revilla (UCM) Una vez más en esta década que ya acaba, el pasado 11 de octubre se celebró el Día Internacional de la Niña de Naciones Unidas, en esta ocasión bajo el lema My voice, our equal future, poniendo uno de los focos en el liderazgo de una generación de activistas paraLeer Más
