{"id":11767,"date":"2022-12-21T12:45:03","date_gmt":"2022-12-21T12:45:03","guid":{"rendered":"https:\/\/blogs.uned.es\/estudios-oficiales-polisoci\/?page_id=11767"},"modified":"2025-07-16T10:45:18","modified_gmt":"2025-07-16T10:45:18","slug":"ciencia-politica-y-de-la-administracion","status":"publish","type":"page","link":"https:\/\/blogs.uned.es\/estudios-oficiales-polisoci\/grados\/ciencia-politica-y-de-la-administracion\/","title":{"rendered":"Ciencia Pol\u00edtica y de la Administraci\u00f3n"},"content":{"rendered":"\n<div class=\"wp-block-cover alignfull\" style=\"min-height:319px;aspect-ratio:unset;\"><img loading=\"lazy\" decoding=\"async\" width=\"2200\" height=\"477\" class=\"wp-block-cover__image-background wp-image-437\" alt=\"\" src=\"http:\/\/blogs.uned.es\/estudios-oficiales-polisoci\/wp-content\/uploads\/sites\/399\/2019\/10\/participa.jpg\" data-object-fit=\"cover\" srcset=\"https:\/\/blogs.uned.es\/estudios-oficiales-polisoci\/wp-content\/uploads\/sites\/399\/2019\/10\/participa.jpg 2200w, https:\/\/blogs.uned.es\/estudios-oficiales-polisoci\/wp-content\/uploads\/sites\/399\/2019\/10\/participa-300x65.jpg 300w, https:\/\/blogs.uned.es\/estudios-oficiales-polisoci\/wp-content\/uploads\/sites\/399\/2019\/10\/participa-1024x222.jpg 1024w, https:\/\/blogs.uned.es\/estudios-oficiales-polisoci\/wp-content\/uploads\/sites\/399\/2019\/10\/participa-768x167.jpg 768w, https:\/\/blogs.uned.es\/estudios-oficiales-polisoci\/wp-content\/uploads\/sites\/399\/2019\/10\/participa-1536x333.jpg 1536w, https:\/\/blogs.uned.es\/estudios-oficiales-polisoci\/wp-content\/uploads\/sites\/399\/2019\/10\/participa-2048x444.jpg 2048w\" sizes=\"auto, (max-width: 2200px) 100vw, 2200px\" \/><span aria-hidden=\"true\" class=\"wp-block-cover__background has-background-dim-40 has-background-dim\" style=\"background-color:#000000\"><\/span><div class=\"wp-block-cover__inner-container is-layout-flow wp-block-cover-is-layout-flow\">\n<div class=\"wp-block-columns alignwide is-layout-flex wp-container-core-columns-is-layout-28f84493 wp-block-columns-is-layout-flex\">\n<div class=\"wp-block-column is-layout-flow wp-block-column-is-layout-flow\">\n<p class=\"has-text-align-center has-x-large-font-size\">\u00bfPor qu\u00e9 estudiar Ciencia Pol\u00edtica y de la Administraci\u00f3n&#8230;EN 2025-26<\/p>\n\n\n\n<p class=\"has-text-align-center has-luminous-vivid-orange-background-color has-background has-medium-font-size\"><a href=\"https:\/\/www.uned.es\/universidad\/facultades\/politicas-sociologia\/bienvenida.html\" target=\"_blank\" rel=\"noreferrer noopener\">FACULTAD DE CIENCIAS POL\u00cdTICAS Y SOCIOLOGIA<\/a><\/p>\n\n\n\n<p class=\"has-text-align-center has-x-large-font-size\">en la UNED?<\/p>\n<\/div>\n<\/div>\n<\/div><\/div>\n\n\n\n<p class=\"has-text-align-center has-foreground-color has-luminous-vivid-orange-background-color has-text-color has-background has-medium-font-size\"><a href=\"https:\/\/app.uned.es\/portal\/admision-matricula-por-internet\" target=\"_blank\" rel=\"noreferrer noopener\">\u00a1YA PUEDES MATRICULARTE CO<\/a><a href=\"https:\/\/app.uned.es\/portal\/admision-matricula-por-internet\">N NOSOTROS PARA EL CURSO 2024-25!<\/a><\/p>\n\n\n\n<p class=\"has-text-align-center\"><a href=\"https:\/\/www.youtube.com\/watch?v=5PvcEL4leZU\" target=\"_blank\" rel=\"noreferrer noopener\">M\u00edranos en youtube.<\/a><\/p>\n\n\n\n<h2 class=\"wp-block-heading has-text-align-left has-large-font-size\" style=\"text-transform:none\">Jose, te cuenta su experiencia y para qu\u00e9 le ha servido&#8230;<\/h2>\n\n\n\n<figure class=\"wp-block-video\"><video height=\"1080\" style=\"aspect-ratio: 1920 \/ 1080;\" width=\"1920\" controls src=\"https:\/\/blogs.uned.es\/estudios-oficiales-polisoci\/wp-content\/uploads\/sites\/399\/2024\/06\/UNED_JOSE_V2.mp4\"><\/video><\/figure>\n\n\n\n<blockquote class=\"wp-block-quote is-layout-flow wp-block-quote-is-layout-flow\">\n<p><\/p>\n<\/blockquote>\n\n\n\n<div class=\"wp-block-column is-layout-flow wp-block-column-is-layout-flow\">\n<div class=\"wp-block-cover\" style=\"min-height:231px;aspect-ratio:unset;\"><img loading=\"lazy\" decoding=\"async\" width=\"560\" height=\"206\" class=\"wp-block-cover__image-background wp-image-12947\" alt=\"\" src=\"https:\/\/blogs.uned.es\/estudios-oficiales-polisoci\/wp-content\/uploads\/sites\/399\/2024\/06\/image-3.png\" data-object-fit=\"cover\" srcset=\"https:\/\/blogs.uned.es\/estudios-oficiales-polisoci\/wp-content\/uploads\/sites\/399\/2024\/06\/image-3.png 560w, https:\/\/blogs.uned.es\/estudios-oficiales-polisoci\/wp-content\/uploads\/sites\/399\/2024\/06\/image-3-300x110.png 300w\" sizes=\"auto, (max-width: 560px) 100vw, 560px\" \/><span aria-hidden=\"true\" class=\"wp-block-cover__background has-background-dim\"><\/span><div class=\"wp-block-cover__inner-container is-layout-flow wp-block-cover-is-layout-flow\">\n<p class=\"has-text-align-center has-background-color has-foreground-background-color has-text-color has-background has-link-color has-large-font-size wp-elements-61babef48a3f9493987e520d6f8ba692\"><a href=\"https:\/\/www.uned.es\/universidad\/inicio\/estudios\/grados\/grado-en-ciencia-politica-y-de-la-administracion.html?idContenido=1\" target=\"_blank\" rel=\"noreferrer noopener\">GUIA OFICIAL DEL GRADO<\/a><\/p>\n<\/div><\/div>\n<\/div>\n\n\n\n<h2 class=\"wp-block-heading has-text-align-left has-large-font-size\" style=\"text-transform:none\">Y, ahora, \u00a1puedes especializarte! HACIENDO UNO DE NUESTROS ITINERARIOS ESPECIALES EN:<\/h2>\n\n\n\n<figure class=\"wp-block-image size-large\"><img loading=\"lazy\" decoding=\"async\" width=\"1024\" height=\"1024\" src=\"https:\/\/blogs.uned.es\/estudios-oficiales-polisoci\/wp-content\/uploads\/sites\/399\/2024\/06\/Infografia-3-1024x1024.png\" alt=\"\" class=\"wp-image-12941\" srcset=\"https:\/\/blogs.uned.es\/estudios-oficiales-polisoci\/wp-content\/uploads\/sites\/399\/2024\/06\/Infografia-3-1024x1024.png 1024w, https:\/\/blogs.uned.es\/estudios-oficiales-polisoci\/wp-content\/uploads\/sites\/399\/2024\/06\/Infografia-3-300x300.png 300w, https:\/\/blogs.uned.es\/estudios-oficiales-polisoci\/wp-content\/uploads\/sites\/399\/2024\/06\/Infografia-3-150x150.png 150w, https:\/\/blogs.uned.es\/estudios-oficiales-polisoci\/wp-content\/uploads\/sites\/399\/2024\/06\/Infografia-3-768x768.png 768w, https:\/\/blogs.uned.es\/estudios-oficiales-polisoci\/wp-content\/uploads\/sites\/399\/2024\/06\/Infografia-3-1536x1536.png 1536w, https:\/\/blogs.uned.es\/estudios-oficiales-polisoci\/wp-content\/uploads\/sites\/399\/2024\/06\/Infografia-3-2048x2048.png 2048w\" sizes=\"auto, (max-width: 1024px) 100vw, 1024px\" \/><\/figure>\n\n\n\n<div class=\"wp-block-columns is-layout-flex wp-container-core-columns-is-layout-28f84493 wp-block-columns-is-layout-flex\">\n<div class=\"wp-block-column has-small-font-size is-layout-flow wp-block-column-is-layout-flow\" style=\"border-width:1px\">\n<p class=\"has-text-align-center has-small-font-size\">\u00bfQui\u00e9nes son los actores, instituciones, procesos, actitudes y comportamientos pol\u00edticos que contribuyen a configurar los sistemas pol\u00edticos en sus diversas modalidades?<\/p>\n<\/div>\n\n\n\n<div class=\"wp-block-column has-small-font-size is-layout-flow wp-block-column-is-layout-flow\" style=\"border-width:1px\">\n<p class=\"has-text-align-center has-small-font-size\">\u00bfC\u00f3mo comprender aspectos transversales esenciales para la vida como la paz y seguridad, la cooperaci\u00f3n y el desarrollo? \u00bfQu\u00e9 din\u00e1micas pol\u00edticas e institucionales de la pol\u00edtica exterior se est\u00e1n produciendo? \u00bfQui\u00e9nes son los principales actores internacionales?<\/p>\n<\/div>\n\n\n\n<div class=\"wp-block-column is-layout-flow wp-block-column-is-layout-flow\" style=\"border-width:1px\">\n<p class=\"has-text-align-center has-small-font-size\">\u00bfY las instituciones administrativas? Compr\u00e9ndelas con una perspectiva comparada. Ubica al sistema espa\u00f1ol en un marco m\u00e1s amplio. Traza sus din\u00e1micas a trav\u00e9s de las pol\u00edticas p\u00fablicas.<\/p>\n<\/div>\n<\/div>\n\n\n\n<p class=\"has-text-align-center\"><strong><em><a href=\"https:\/\/www.uned.es\/universidad\/dam\/facultades\/politicas-sociologia\/documentos\/presentacion-plan-de-estudio-CPA_final.pdf\">Desc\u00e1rgate una explicaci<\/a><a href=\"https:\/\/www.uned.es\/universidad\/dam\/facultades\/politicas-sociologia\/documentos\/presentacion-plan-de-estudio-CPA_final.pdf\" target=\"_blank\" rel=\"noreferrer noopener\">\u00f3n m\u00e1s exhaustiva del plan<\/a><\/em><\/strong><\/p>\n\n\n\n<p class=\"has-text-align-center has-foreground-color has-luminous-vivid-orange-background-color has-text-color has-background has-medium-font-size\"><a href=\"https:\/\/app.uned.es\/portal\/admision-matricula-por-internet\" target=\"_blank\" rel=\"noreferrer noopener\">\u00a1YA PUEDES MATRICULARTE CO<\/a><a href=\"https:\/\/app.uned.es\/portal\/admision-matricula-por-internet\">N NOSOTROS PARA EL CURSO 2025-26!<\/a><\/p>\n\n\n\n<h2 class=\"wp-block-heading has-text-align-left has-large-font-size\" style=\"text-transform:none\">\u00a1Recuerda! Aprender\u00e1s como&#8230;<\/h2>\n\n\n\n<div class=\"wp-block-columns is-layout-flex wp-container-core-columns-is-layout-28f84493 wp-block-columns-is-layout-flex\">\n<div class=\"wp-block-column is-layout-flow wp-block-column-is-layout-flow\" style=\"border-width:1px\">\n<div class=\"wp-block-cover\"><img loading=\"lazy\" decoding=\"async\" width=\"1200\" height=\"801\" class=\"wp-block-cover__image-background wp-image-67\" alt=\"\" src=\"http:\/\/blogs.uned.es\/estudios-oficiales-polisoci\/wp-content\/uploads\/sites\/399\/2019\/10\/alegres-1.jpg\" data-object-fit=\"cover\" srcset=\"https:\/\/blogs.uned.es\/estudios-oficiales-polisoci\/wp-content\/uploads\/sites\/399\/2019\/10\/alegres-1.jpg 1200w, https:\/\/blogs.uned.es\/estudios-oficiales-polisoci\/wp-content\/uploads\/sites\/399\/2019\/10\/alegres-1-300x200.jpg 300w, https:\/\/blogs.uned.es\/estudios-oficiales-polisoci\/wp-content\/uploads\/sites\/399\/2019\/10\/alegres-1-1024x684.jpg 1024w, https:\/\/blogs.uned.es\/estudios-oficiales-polisoci\/wp-content\/uploads\/sites\/399\/2019\/10\/alegres-1-768x513.jpg 768w\" sizes=\"auto, (max-width: 1200px) 100vw, 1200px\" \/><span aria-hidden=\"true\" class=\"wp-block-cover__background has-background-dim\"><\/span><div class=\"wp-block-cover__inner-container is-layout-flow wp-block-cover-is-layout-flow\">\n<p class=\"has-text-align-center has-vivid-green-cyan-color has-text-color has-large-font-size\">ENTENDER LOS SISTEMAS POL\u00cdTICOS<\/p>\n\n\n\n<p class=\"has-text-align-center\">RECONOCER QUIENES Y COMO SE REPARTEN EL PODER<\/p>\n\n\n\n<p>INVESTIGAR PARA MEJORAR LAS ORGANIZACIONES P\u00daBLICAS <\/p>\n\n\n\n<p class=\"has-text-align-center has-pale-cyan-blue-color has-text-color has-large-font-size\">CONTRIBUIR A LA PAZ MUNDIAL<\/p>\n<\/div><\/div>\n<\/div>\n\n\n\n<div class=\"wp-block-column has-small-font-size is-layout-flow wp-block-column-is-layout-flow\" style=\"border-style:none;border-width:0px\">\n<p class=\"has-text-align-center\"><\/p>\n\n\n\n<p><\/p>\n\n\n\n<p class=\"has-text-align-center has-large-font-size\">A trav\u00e9s del conocimiento de  conceptos, teor\u00edas, m\u00e9todos y t\u00e9cnicas punteros en el mundo<\/p>\n<\/div>\n<\/div>\n\n\n\n<div class=\"wp-block-group is-layout-constrained wp-block-group-is-layout-constrained\">\n<figure class=\"wp-block-image size-full\"><a href=\"https:\/\/youtube.com\/shorts\/4TvmIBXzobk\" target=\"_blank\" rel=\"noreferrer noopener\"><img loading=\"lazy\" decoding=\"async\" width=\"525\" height=\"519\" src=\"https:\/\/blogs.uned.es\/estudios-oficiales-polisoci\/wp-content\/uploads\/sites\/399\/2024\/06\/image-4.png\" alt=\"\" class=\"wp-image-12971\" srcset=\"https:\/\/blogs.uned.es\/estudios-oficiales-polisoci\/wp-content\/uploads\/sites\/399\/2024\/06\/image-4.png 525w, https:\/\/blogs.uned.es\/estudios-oficiales-polisoci\/wp-content\/uploads\/sites\/399\/2024\/06\/image-4-300x297.png 300w\" sizes=\"auto, (max-width: 525px) 100vw, 525px\" \/><\/a><\/figure>\n<\/div>\n\n\n\n<div class=\"wp-block-group is-layout-flow wp-block-group-is-layout-flow\" style=\"padding-right:0px\">\n<p class=\"has-x-large-font-size\"><a href=\"https:\/\/youtube.com\/shorts\/4TvmIBXzobk\" data-type=\"link\" data-id=\"https:\/\/youtube.com\/shorts\/4TvmIBXzobk\" target=\"_blank\" rel=\"noreferrer noopener\">\u00bfEn qu\u00e9 puedes trabajar con esta formaci\u00f3n?<\/a><\/p>\n\n\n\n<figure class=\"wp-block-image size-full\"><a href=\"https:\/\/blogs.uned.es\/salidasprofesionales\/grados\/ciencias-sociales-y-juridicas\/grado-en-ciencia-politica-y-de-la-administracion\/ocupaciones-puestos-ciencia-politica-y-de-la-administracion\/\" target=\"_blank\" rel=\"noreferrer noopener\"><img loading=\"lazy\" decoding=\"async\" width=\"322\" height=\"89\" src=\"https:\/\/blogs.uned.es\/estudios-oficiales-polisoci\/wp-content\/uploads\/sites\/399\/2024\/06\/image-5.png\" alt=\"\" class=\"wp-image-12985\" srcset=\"https:\/\/blogs.uned.es\/estudios-oficiales-polisoci\/wp-content\/uploads\/sites\/399\/2024\/06\/image-5.png 322w, https:\/\/blogs.uned.es\/estudios-oficiales-polisoci\/wp-content\/uploads\/sites\/399\/2024\/06\/image-5-300x83.png 300w\" sizes=\"auto, (max-width: 322px) 100vw, 322px\" \/><\/a><\/figure>\n\n\n\n<ul class=\"wp-block-list\">\n<li>T\u00e9cnico Superior de las Administraciones P\u00fablicas<\/li>\n\n\n\n<li>Gestor de Organizaciones p\u00fablicas y privadas de nivel internacional, nacional, auton\u00f3mico y local.<\/li>\n\n\n\n<li>Analista de pol\u00edticas p\u00fablicas<\/li>\n\n\n\n<li>T\u00e9cnico de Investigaci\u00f3n social aplicada y estudios de opini\u00f3n p\u00fablica<\/li>\n\n\n\n<li>Agente de desarrollo local<\/li>\n\n\n\n<li>Analista pol\u00edtico<\/li>\n\n\n\n<li>Asesor y consultor de Relaciones institucionales<\/li>\n\n\n\n<li>Consultor del Sector P\u00fablico<\/li>\n\n\n\n<li>Consultor Internacional para la resoluci\u00f3n de conflictos<\/li>\n\n\n\n<li>Docente e Investigador en centro universitarios y de investigaci\u00f3n<\/li>\n\n\n\n<li>Agente de Igualdad<\/li>\n\n\n\n<li>Agente de participaci\u00f3n ciudadana<\/li>\n\n\n\n<li>Asesor de comportamiento pol\u00edtico<\/li>\n\n\n\n<li>Diplom\u00e1tico<\/li>\n\n\n\n<li>Experto en opini\u00f3n p\u00fablica<\/li>\n\n\n\n<li>Gestor de ayudas y subvenciones europeas<\/li>\n<\/ul>\n\n\n\n<h2 class=\"wp-block-heading\"><a href=\"https:\/\/youtu.be\/2zW4aADTcRg\" target=\"_blank\" rel=\"noreferrer noopener\">Si todav\u00eda tienes dudas&#8230;escucha a Yolanda<\/a><\/h2>\n\n\n\n<h2 class=\"wp-block-heading has-text-align-center has-background-color has-luminous-vivid-orange-background-color has-text-color has-background has-x-large-font-size\" style=\"text-transform:none\"><strong><a href=\"https:\/\/app.uned.es\/portal\/admision-matricula-por-internet\">\u00bfQu\u00e9? \u00bfTe apuntas?<\/a><\/strong><\/h2>\n\n\n\n<p class=\"has-background-color has-vivid-cyan-blue-background-color has-text-color has-background has-large-font-size\">\u00daltimas entradas del blog<\/p>\n<\/div>\n\n\n<ul class=\"wp-block-latest-posts__list has-dates wp-block-latest-posts\"><li><div class=\"wp-block-latest-posts__featured-image\"><img loading=\"lazy\" decoding=\"async\" width=\"150\" height=\"150\" src=\"https:\/\/blogs.uned.es\/estudios-oficiales-polisoci\/wp-content\/uploads\/sites\/399\/2025\/10\/20251018_121033-150x150.jpg\" class=\"attachment-thumbnail size-thumbnail wp-post-image\" alt=\"\" style=\"\" \/><\/div><a class=\"wp-block-latest-posts__post-title\" href=\"https:\/\/blogs.uned.es\/estudios-oficiales-polisoci\/2025\/10\/23\/ods-y-agenda-2030-mesa-redonda-el-estado-de-guerra-del-mediterraneo-28-de-noviembre\/\">ODS y Agenda 2030. Mesa redonda: El Estado de guerra de la Uni\u00f3n Europea en el Mediterr\u00e1neo 28 de Noviembre 1995-2025.<\/a><time datetime=\"2025-10-23T12:26:04+00:00\" class=\"wp-block-latest-posts__post-date\">23 de octubre de 2025<\/time><div class=\"wp-block-latest-posts__post-excerpt\">ODS y Agenda 2030. Mesa redonda: El Estado de guerra de la Uni\u00f3n Europea en el Mediterr\u00e1neo 1995-2025. Fecha: 28 de Noviembre, a las 12:30h &#8211; 14:30h PARA INSCRIPCI\u00d3N PINCHE AQU\u00cd Acceso P\u00fablico mediante Canal UNED: https:\/\/canal.uned.es\/live\/event\/68f8bbf8ba04bf569d062976 La mesa redonda: \u00abEl Estado de guerra de la Uni\u00f3n Europea en el Mediterr\u00e1neo 1995-2025\u00bb es un acto&#8230; <a class=\"wp-block-latest-posts__read-more\" href=\"https:\/\/blogs.uned.es\/estudios-oficiales-polisoci\/2025\/10\/23\/ods-y-agenda-2030-mesa-redonda-el-estado-de-guerra-del-mediterraneo-28-de-noviembre\/\" rel=\"noopener noreferrer\">Lee m\u00e1s<span class=\"screen-reader-text\">: ODS y Agenda 2030. Mesa redonda: El Estado de guerra de la Uni\u00f3n Europea en el Mediterr\u00e1neo 28 de Noviembre 1995-2025.<\/span><\/a><\/div><\/li>\n<li><a class=\"wp-block-latest-posts__post-title\" href=\"https:\/\/blogs.uned.es\/estudios-oficiales-polisoci\/2025\/10\/14\/memoria-academica-de-la-facultad-de-ciencias-politicas-y-sociologia-uned-2025\/\">Memoria Acad\u00e9mica de la Facultad de Ciencias Pol\u00edticas y Sociologia UNED 2025<\/a><time datetime=\"2025-10-14T08:14:47+00:00\" class=\"wp-block-latest-posts__post-date\">14 de octubre de 2025<\/time><div class=\"wp-block-latest-posts__post-excerpt\">Memoria Acad\u00e9mica de la Facultad de Ciencias Pol\u00edticas y Sociolog\u00eda de la UNED 2024\/25 www.uned.es Actividad docente Docencia en Grados y microgrados en el curso 2024\/25 En el curso 2024\/25, la Facultad de Ciencias Pol\u00edticas y Sociolog\u00eda tuvo matriculados a 3.219 personas en los estudios de Grado, Master y Microt\u00edtulos. Su distribuci\u00f3n se refleja en&#8230; <a class=\"wp-block-latest-posts__read-more\" href=\"https:\/\/blogs.uned.es\/estudios-oficiales-polisoci\/2025\/10\/14\/memoria-academica-de-la-facultad-de-ciencias-politicas-y-sociologia-uned-2025\/\" rel=\"noopener noreferrer\">Lee m\u00e1s<span class=\"screen-reader-text\">: Memoria Acad\u00e9mica de la Facultad de Ciencias Pol\u00edticas y Sociologia UNED 2025<\/span><\/a><\/div><\/li>\n<li><a class=\"wp-block-latest-posts__post-title\" href=\"https:\/\/blogs.uned.es\/estudios-oficiales-polisoci\/2025\/09\/29\/calendario-curso-2025-26\/\">Calendario curso 2025\/26<\/a><time datetime=\"2025-09-29T18:32:58+00:00\" class=\"wp-block-latest-posts__post-date\">29 de septiembre de 2025<\/time><div class=\"wp-block-latest-posts__post-excerpt\">CALENDARIO ACAD\u00c9MICO Curso 2025\/2026 * De forma general, los plazos de aplicaciones inform\u00e1ticas de la UNED, relacionados con las actividades especificadas en este calendario, comienzan a las 9:00 de la ma\u00f1ana y terminan a las 00:00 (franja horaria peninsular espa\u00f1ola). Este documento se basa en el Calendario Acad\u00e9mico-Administrativo aprobado por&nbsp; Consejo de Gobierno para el&#8230; <a class=\"wp-block-latest-posts__read-more\" href=\"https:\/\/blogs.uned.es\/estudios-oficiales-polisoci\/2025\/09\/29\/calendario-curso-2025-26\/\" rel=\"noopener noreferrer\">Lee m\u00e1s<span class=\"screen-reader-text\">: Calendario curso 2025\/26<\/span><\/a><\/div><\/li>\n<li><div class=\"wp-block-latest-posts__featured-image\"><img loading=\"lazy\" decoding=\"async\" width=\"150\" height=\"150\" src=\"https:\/\/blogs.uned.es\/estudios-oficiales-polisoci\/wp-content\/uploads\/sites\/399\/2025\/02\/Cartel_Mujer_Gitana-150x150.jpg\" class=\"attachment-thumbnail size-thumbnail wp-post-image\" alt=\"\" style=\"\" \/><\/div><a class=\"wp-block-latest-posts__post-title\" href=\"https:\/\/blogs.uned.es\/estudios-oficiales-polisoci\/2025\/02\/19\/dia-de-la-mujer-gitana-celebrando-el-8-de-marzo-de-2025-en-la-uned\/\">D\u00eda de la Mujer (Gitana).<\/a><time datetime=\"2025-02-19T13:30:48+00:00\" class=\"wp-block-latest-posts__post-date\">19 de febrero de 2025<\/time><div class=\"wp-block-latest-posts__post-excerpt\">Puedes ver la mesa redonda en diferido en Canal UNED Celebrando el 8 de marzo de 2025 en la UNED, el 5 de marzo Mesa redonda y Exposici\u00f3n de Pintura en torno a los retos de la Mujer Gitana La UNED junto a Secretariado Gitano y con el apoyo del Ministerio de Cultura, han organizado&#8230; <a class=\"wp-block-latest-posts__read-more\" href=\"https:\/\/blogs.uned.es\/estudios-oficiales-polisoci\/2025\/02\/19\/dia-de-la-mujer-gitana-celebrando-el-8-de-marzo-de-2025-en-la-uned\/\" rel=\"noopener noreferrer\">Lee m\u00e1s<span class=\"screen-reader-text\">: D\u00eda de la Mujer (Gitana).<\/span><\/a><\/div><\/li>\n<li><a class=\"wp-block-latest-posts__post-title\" href=\"https:\/\/blogs.uned.es\/estudios-oficiales-polisoci\/2024\/12\/02\/party-system-closure-party-alliances-government-alternatives-and-democracy-in-europe-oxford-academic\/\">Party System Closure: Party Alliances, Government Alternatives, and Democracy in Europe | Oxford Academic<\/a><time datetime=\"2024-12-02T13:41:38+00:00\" class=\"wp-block-latest-posts__post-date\">2 de diciembre de 2024<\/time><div class=\"wp-block-latest-posts__post-excerpt\">09\/12\/2024 Os invitamos a participar en la pr\u00f3xima conferencia online del M\u00e1ster en Ciencia Pol\u00edtica la cual correr\u00e1 a cargo del profesor en Pol\u00edtica Comparada Fernando Casal Bertoa (University of Nottingham).&nbsp;&nbsp;La sesi\u00f3n ser\u00e1 el d\u00eda 9 de diciembre a las 17h. Fernando Casal Bertoa es experto en Pol\u00edtica Comparada, centrando su investigaci\u00f3n en el desarrollo,&#8230; <a class=\"wp-block-latest-posts__read-more\" href=\"https:\/\/blogs.uned.es\/estudios-oficiales-polisoci\/2024\/12\/02\/party-system-closure-party-alliances-government-alternatives-and-democracy-in-europe-oxford-academic\/\" rel=\"noopener noreferrer\">Lee m\u00e1s<span class=\"screen-reader-text\">: Party System Closure: Party Alliances, Government Alternatives, and Democracy in Europe | Oxford Academic<\/span><\/a><\/div><\/li>\n<\/ul>\n\n","protected":false},"excerpt":{"rendered":"<p>\u00a1YA PUEDES MATRICULARTE CON NOSOTROS PARA EL CURSO 2024-25! M\u00edranos en youtube. Jose, te cuenta su experiencia y para qu\u00e9 le ha servido&#8230; Y, ahora, \u00a1puedes especializarte! HACIENDO UNO DE NUESTROS ITINERARIOS ESPECIALES EN: \u00bfQui\u00e9nes son los actores, instituciones, procesos, actitudes y comportamientos pol\u00edticos que contribuyen a configurar los sistemas pol\u00edticos en sus diversas modalidades? [&hellip;]<\/p>\n","protected":false},"author":7647,"featured_media":0,"parent":11755,"menu_order":0,"comment_status":"closed","ping_status":"closed","template":"","meta":{"footnotes":""},"class_list":["post-11767","page","type-page","status-publish","hentry"],"_links":{"self":[{"href":"https:\/\/blogs.uned.es\/estudios-oficiales-polisoci\/wp-json\/wp\/v2\/pages\/11767","targetHints":{"allow":["GET"]}}],"collection":[{"href":"https:\/\/blogs.uned.es\/estudios-oficiales-polisoci\/wp-json\/wp\/v2\/pages"}],"about":[{"href":"https:\/\/blogs.uned.es\/estudios-oficiales-polisoci\/wp-json\/wp\/v2\/types\/page"}],"author":[{"embeddable":true,"href":"https:\/\/blogs.uned.es\/estudios-oficiales-polisoci\/wp-json\/wp\/v2\/users\/7647"}],"replies":[{"embeddable":true,"href":"https:\/\/blogs.uned.es\/estudios-oficiales-polisoci\/wp-json\/wp\/v2\/comments?post=11767"}],"version-history":[{"count":38,"href":"https:\/\/blogs.uned.es\/estudios-oficiales-polisoci\/wp-json\/wp\/v2\/pages\/11767\/revisions"}],"predecessor-version":[{"id":13403,"href":"https:\/\/blogs.uned.es\/estudios-oficiales-polisoci\/wp-json\/wp\/v2\/pages\/11767\/revisions\/13403"}],"up":[{"embeddable":true,"href":"https:\/\/blogs.uned.es\/estudios-oficiales-polisoci\/wp-json\/wp\/v2\/pages\/11755"}],"wp:attachment":[{"href":"https:\/\/blogs.uned.es\/estudios-oficiales-polisoci\/wp-json\/wp\/v2\/media?parent=11767"}],"curies":[{"name":"wp","href":"https:\/\/api.w.org\/{rel}","templated":true}]}}