{"id":951,"date":"2024-11-29T20:50:26","date_gmt":"2024-11-29T19:50:26","guid":{"rendered":"https:\/\/blogs.uned.es\/esto-te-interesa\/?page_id=951"},"modified":"2025-12-15T18:02:45","modified_gmt":"2025-12-15T17:02:45","slug":"por-que-esto-te-interesa","status":"publish","type":"page","link":"https:\/\/blogs.uned.es\/esto-te-interesa\/por-que-esto-te-interesa\/","title":{"rendered":"\u00bfPor qu\u00e9 esto (te) interesa?"},"content":{"rendered":"\n<p class=\"has-text-align-left\">El inter\u00e9s y curiosidad por el aprendizaje es uno de los factores que mayor impacto tienen en el estudio y el \u00e9xito del estudiantado. Se ha verificado emp\u00edricamente en m\u00faltiples ocasiones que \u201ccuando el estudiantado se interesa por una tem\u00e1tica acad\u00e9mica, es m\u00e1s probable que vaya a clase, que preste atenci\u00f3n, que se implique, que curse m\u00e1s asignaturas, as\u00ed como que procese eficazmente la informaci\u00f3n y, en \u00faltima instancia, tenga mejor rendimiento\u201d (Harackiewicz, Smith, y Priniski 2016:220). Otra l\u00ednea de contribuciones, asociadas con las contribuciones de Hidi y Renninger, exploran la forma de estabilizar estos intereses, distingui\u00e9ndolos de otros \u201cafectos epist\u00e9micos\u201d, como la curiosidad: \u201cla curiosidad describe la b\u00fasqueda de informaci\u00f3n para cerrar un discontinuidad de conocimiento [knowledge gap] que implica una muy baja probabilidad de una posterior vinculaci\u00f3n [engagement], mientras que el inter\u00e9s describe la b\u00fasqueda de informaci\u00f3n para profundizar y desarrollar la comprensi\u00f3n, y la vinculaci\u00f3n continuada est\u00e1 casi asegurada.\u201d (Hidi &amp; Renninger, 2020, p. 99)<br>Otro de los focos de esta propuesta es la interdisciplinariedad, definida por Klein y Newell como \u201c[e]l proceso de responder a una pregunta, resolver un problema, o abordar un asunto que es demasiado amplio o complejo como para ser tratado por una \u00fanica disciplina o profesi\u00f3n\u201d (Klein and Newell 1997: 393; citado en (Newell, 2001). <br>Como ha explorado en m\u00faltiples contribuciones el profesor de la universidad de Ciencias Aplicadas de Hamburgo Walter Filho (Leal Filho et al., 2023), la Agenda 2030 y su abanico de 17 Objetivos de Desarrollo Sostenible ofrece m\u00faltiples oportunidades para el trabajo conjunto y transversal en problemas relevantes para el estudiantado, en colaboraci\u00f3n entre docentes, tambi\u00e9n de distintas asignaturas, materias, titulaciones y disciplinas, as\u00ed como con entidades del tercer sector, y otros agentes sociales y econ\u00f3micos.<br>A la luz de estas consideraciones, proponemos una intervenci\u00f3n dise\u00f1ada de modo que no modifica los contenidos de las asignaturas, ni supone la adici\u00f3n de nuevas actividades, como podr\u00edan ser nuevas PEC, ni desde luego nuevas unidades did\u00e1cticas o revisi\u00f3n de las existentes. Se trata de a\u00f1adir una \u201ccapa comunicativa\u201d, que trata de mostrar la relevancia y actualidad de elementos que aportan las asignaturas incluidas en el proyecto, en el contexto de la realidad tal y como la experimenta el estudiantado, con sus conflictos, contradicciones, retos y procesos. La expectativa es que esto incrementar\u00e1 el inter\u00e9s y la curiosidad del estudiantado en esas asignaturas, con las consecuencias beneficiosas para su aprendizaje y \u00e9xito que se han descrito.<\/p>\n\n\n\n<p>Harackiewicz, J. M., Smith, J. L., &amp; Priniski, S. J. (2016). Interest Matters: The Importance of Promoting Interest in Education. Policy Insights from the Behavioral and Brain Sciences, 3(2), 220-227.<br>https:\/\/doi.org\/10.1177\/2372732216655542<br>Hidi, S. E., &amp; Renninger, K. A. (2020). On educating, curiosity, and interest development. Current Opinion in Behavioral Sciences, 35, 99-103. https:\/\/doi.org\/10.1016\/j.cobeha.2020.08.002<br>Leal Filho, W., Salvia, A. L., &amp; Eustachio, J. H. P. P. (2023). An overview of the engagement of higher education institutions in the implementation of the UN Sustainable Development Goals. Journal of Cleaner Production, 386, 135694, https:\/\/doi.org\/10.1016\/j.jclepro.2022.135694<br>Newell, W. H. (2001). A Theory of Interdisciplinary Studies. Issues in Integrative Studies, 19, 1-25. <\/p>\n\n\n\n<ol start=\"135694\" class=\"wp-block-list\">\n<li><\/li>\n<\/ol>\n\n\n\n<h2 class=\"wp-block-heading\">Profesorado UNED participante (edici\u00f3n 2025\/26)<\/h2>\n\n\n\n<p>Encarnaci\u00f3n Abad Arenas, Facultad de Derecho.<\/p>\n\n\n\n<p>Raquel Arguedas Sanz, Facultad de Ciencias Econ\u00f3micas y Empresariales.<\/p>\n\n\n\n<p>Miguel Bernab\u00e9 Casta\u00f1o, Facultad de Psicolog\u00eda.<\/p>\n\n\n\n<p>Marcin Roman Czubala Ostapiuk, Facultad de Ciencias Econ\u00f3micas y Empresariales.<\/p>\n\n\n\n<p>Rub\u00e9n D\u00edaz Sierra, Facultad de Ciencias.<\/p>\n\n\n\n<p>Itziar Fern\u00e1ndez Sedano, Facultad de Psicolog\u00eda.<\/p>\n\n\n\n<p>Carmen Lozano Cabedo, Facultad de Ciencias Pol\u00edticas y Sociolog\u00eda.<\/p>\n\n\n\n<p>Mar\u00eda Cristina Corredor Lanas, Facultad de Filosof\u00eda.<\/p>\n\n\n\n<p>Amaia Lasa Aristu, Facultad de Psicolog\u00eda.<\/p>\n\n\n\n<p>Olatz L\u00f3pez Fern\u00e1ndez, Facultad de Psicolog\u00eda.<\/p>\n\n\n\n<p>Emilio Luque Pulgar, Facultad de Ciencias Pol\u00edticas y Sociolog\u00eda (coordinador).<\/p>\n\n\n\n<p>Nuria del Olmo Izquierdo, Facultad de Psicolog\u00eda.<\/p>\n\n\n\n<p>Mar\u00eda In\u00e9s Mart\u00ednez Herrero, Facultad de Derecho.<\/p>\n\n\n\n<p>Mar\u00eda Marta Moreno Gonz\u00e1lez, Facultad de Ciencias Pol\u00edticas y Sociolog\u00eda.<\/p>\n\n\n\n<p>Amparo Osca Segovia, Facultad de Psicolog\u00eda.<\/p>\n\n\n\n<p id=\"block-91aea792-d22a-4e17-9a29-e6b77421e17b\">Nuria del Olmo Izquierdo, Facultad de Psicolog\u00eda.<\/p>\n\n\n\n<p>Inmaculada Pra Martos, Facultad de Ciencias Econ\u00f3micas y Empresariales.<\/p>\n\n\n\n<p>Dolores del Mar S\u00e1nchez Gonz\u00e1lez, Facultad de Derecho.<\/p>\n\n\n\n<p>Purificaci\u00f3n Sierra Garc\u00eda, Facultad de Psicolog\u00eda.<\/p>\n\n\n\n<p>Prado Silv\u00e1n Ferrero, Facultad de Psicolog\u00eda.<\/p>\n\n\n\n<p>Juan Jos\u00e9 Villal\u00f3n Og\u00e1yar, Facultad de Ciencias Pol\u00edticas y Sociolog\u00eda.<\/p>\n\n\n\n<p><\/p>\n\n\n\n<p><\/p>\n","protected":false},"excerpt":{"rendered":"<p>El inter\u00e9s y curiosidad por el aprendizaje es uno de los factores que mayor impacto tienen en el estudio y el \u00e9xito del estudiantado. Se ha verificado emp\u00edricamente en m\u00faltiples ocasiones que \u201ccuando el estudiantado se interesa por una tem\u00e1tica acad\u00e9mica, es m\u00e1s probable que vaya a clase, que preste atenci\u00f3n, que se implique, que curse m\u00e1s asignaturas, as\u00ed como que procese eficazmente la informaci\u00f3n y, en \u00faltima instancia, tenga mejor rendimiento\u201d (Harackiewicz, Smith, y Priniski 2016:220). Otra l\u00ednea de contribuciones, asociadas con las contribuciones de Hidi y Renninger, exploran la forma de estabilizar estos intereses, distingui\u00e9ndolos de otros \u201cafectos epist\u00e9micos\u201d, como la curiosidad: \u201cla curiosidad describe la b\u00fasqueda de informaci\u00f3n para cerrar un discontinuidad de conocimiento [knowledge gap] que implica una muy baja probabilidad de una posterior vinculaci\u00f3n [engagement], mientras que el inter\u00e9s describe la b\u00fasqueda de informaci\u00f3n para profundizar y desarrollar la comprensi\u00f3n, y la vinculaci\u00f3n continuada est\u00e1&hellip;<\/p>\n<p> <a class=\"more-link\" href=\"https:\/\/blogs.uned.es\/esto-te-interesa\/por-que-esto-te-interesa\/\">Leer m\u00e1s<\/a><\/p>\n","protected":false},"author":7973,"featured_media":0,"parent":0,"menu_order":0,"comment_status":"closed","ping_status":"closed","template":"","meta":{"footnotes":""},"class_list":["post-951","page","type-page","status-publish"],"_links":{"self":[{"href":"https:\/\/blogs.uned.es\/esto-te-interesa\/wp-json\/wp\/v2\/pages\/951","targetHints":{"allow":["GET"]}}],"collection":[{"href":"https:\/\/blogs.uned.es\/esto-te-interesa\/wp-json\/wp\/v2\/pages"}],"about":[{"href":"https:\/\/blogs.uned.es\/esto-te-interesa\/wp-json\/wp\/v2\/types\/page"}],"author":[{"embeddable":true,"href":"https:\/\/blogs.uned.es\/esto-te-interesa\/wp-json\/wp\/v2\/users\/7973"}],"replies":[{"embeddable":true,"href":"https:\/\/blogs.uned.es\/esto-te-interesa\/wp-json\/wp\/v2\/comments?post=951"}],"version-history":[{"count":9,"href":"https:\/\/blogs.uned.es\/esto-te-interesa\/wp-json\/wp\/v2\/pages\/951\/revisions"}],"predecessor-version":[{"id":1247,"href":"https:\/\/blogs.uned.es\/esto-te-interesa\/wp-json\/wp\/v2\/pages\/951\/revisions\/1247"}],"wp:attachment":[{"href":"https:\/\/blogs.uned.es\/esto-te-interesa\/wp-json\/wp\/v2\/media?parent=951"}],"curies":[{"name":"wp","href":"https:\/\/api.w.org\/{rel}","templated":true}]}}