{"id":613,"date":"2017-11-21T12:20:33","date_gmt":"2017-11-21T12:20:33","guid":{"rendered":"http:\/\/blogs.uned.es\/emprende\/?page_id=613"},"modified":"2021-07-19T13:56:35","modified_gmt":"2021-07-19T12:56:35","slug":"radio-y-videos","status":"publish","type":"page","link":"https:\/\/blogs.uned.es\/emprende\/radio-y-videos\/","title":{"rendered":"RADIO"},"content":{"rendered":"<div class=\"wp-playlist wp-audio-playlist wp-playlist-light\">\n\t\t\t<div class=\"wp-playlist-current-item\"><\/div>\n\t\t<audio controls=\"controls\" preload=\"none\" width=\"668\"\n\t\t\t><\/audio>\n\t<div class=\"wp-playlist-next\"><\/div>\n\t<div class=\"wp-playlist-prev\"><\/div>\n\t<noscript>\n\t<ol>\n\t\t<li><a href='https:\/\/blogs.uned.es\/emprende\/wp-content\/uploads\/sites\/103\/2017\/11\/emprendeUNED18-Programa-de-Creaci\u00f3n-de-Empresas-4\u00aa-Edici\u00f3n.m4a'>#emprendeUNED18: Programa de Creaci\u00f3n de Empresas (4\u00aa Edici\u00f3n)<\/a><\/li><li><a href='https:\/\/blogs.uned.es\/emprende\/wp-content\/uploads\/sites\/103\/2017\/11\/Un-ejemplo-de-investigaci\u00f3n-y-emprendimiento-en-el-mundo-medioambiental.m4a'>Un ejemplo de investigaci\u00f3n y emprendimiento en el mundo medioambiental<\/a><\/li><li><a href='https:\/\/blogs.uned.es\/emprende\/wp-content\/uploads\/sites\/103\/2017\/11\/SECOT-Evoluci\u00f3n-del-emprendimiento.mp3'>SECOT: Evoluci\u00f3n del emprendimiento<\/a><\/li><li><a href='https:\/\/blogs.uned.es\/emprende\/wp-content\/uploads\/sites\/103\/2017\/11\/el-futuro-del-crowdfunding-entrevista-a-\u00c1ngel-Gonz\u00e1lez.mp3'>El futuro del crowdfunding: Entrevista a \u00c1ngel Gonz\u00e1lez<\/a><\/li><li><a href='https:\/\/blogs.uned.es\/emprende\/wp-content\/uploads\/sites\/103\/2017\/11\/Emprendimiento-cient\u00edfico-una-alternativa-con-futuro.mp3'>Emprendimiento cient\u00edfico: una alternativa con futuro<\/a><\/li><li><a href='https:\/\/blogs.uned.es\/emprende\/wp-content\/uploads\/sites\/103\/2017\/11\/Innovaci\u00f3n-educativa-y-Emprendimiento.mp3'>Innovaci\u00f3n educativa y Emprendimiento<\/a><\/li>\t<\/ol>\n\t<\/noscript>\n\t<script type=\"application\/json\" class=\"wp-playlist-script\">{\"type\":\"audio\",\"tracklist\":true,\"tracknumbers\":true,\"images\":false,\"artists\":true,\"tracks\":[{\"src\":\"https:\/\/blogs.uned.es\/emprende\/wp-content\/uploads\/sites\/103\/2017\/11\/emprendeUNED18-Programa-de-Creaci\\u00f3n-de-Empresas-4\\u00aa-Edici\\u00f3n.m4a\",\"type\":\"audio\/mpeg\",\"title\":\"#emprendeUNED18: Programa de Creaci\\u00f3n de Empresas (4\\u00aa Edici\\u00f3n)\",\"caption\":\"\",\"description\":\"\\\"#emprendeUNED18: Programa de Creaci\\u00f3n de Empresas (4\\u00aa Edici\\u00f3n)\\\".\",\"meta\":{\"length_formatted\":\"5:44\"},\"image\":{\"src\":\"https:\/\/blogs.uned.es\/emprende\/wp-includes\/images\/media\/audio.svg\",\"width\":48,\"height\":64},\"thumb\":{\"src\":\"https:\/\/blogs.uned.es\/emprende\/wp-includes\/images\/media\/audio.svg\",\"width\":48,\"height\":64}},{\"src\":\"https:\/\/blogs.uned.es\/emprende\/wp-content\/uploads\/sites\/103\/2017\/11\/Un-ejemplo-de-investigaci\\u00f3n-y-emprendimiento-en-el-mundo-medioambiental.m4a\",\"type\":\"audio\/mpeg\",\"title\":\"Un ejemplo de investigaci\\u00f3n y emprendimiento en el mundo medioambiental\",\"caption\":\"\",\"description\":\"\\\"Un ejemplo de investigaci\\u00f3n y emprendimiento en el mundo medioambiental\\\".\",\"meta\":{\"length_formatted\":\"25:58\"},\"image\":{\"src\":\"https:\/\/blogs.uned.es\/emprende\/wp-includes\/images\/media\/audio.svg\",\"width\":48,\"height\":64},\"thumb\":{\"src\":\"https:\/\/blogs.uned.es\/emprende\/wp-includes\/images\/media\/audio.svg\",\"width\":48,\"height\":64}},{\"src\":\"https:\/\/blogs.uned.es\/emprende\/wp-content\/uploads\/sites\/103\/2017\/11\/SECOT-Evoluci\\u00f3n-del-emprendimiento.mp3\",\"type\":\"audio\/mpeg\",\"title\":\"SECOT: Evoluci\\u00f3n del emprendimiento\",\"caption\":\"\",\"description\":\"\\\"SECOT: Evoluci\\u00f3n del emprendimiento\\\".\",\"meta\":{\"length_formatted\":\"21:43\"},\"image\":{\"src\":\"https:\/\/blogs.uned.es\/emprende\/wp-includes\/images\/media\/audio.svg\",\"width\":48,\"height\":64},\"thumb\":{\"src\":\"https:\/\/blogs.uned.es\/emprende\/wp-includes\/images\/media\/audio.svg\",\"width\":48,\"height\":64}},{\"src\":\"https:\/\/blogs.uned.es\/emprende\/wp-content\/uploads\/sites\/103\/2017\/11\/el-futuro-del-crowdfunding-entrevista-a-\\u00c1ngel-Gonz\\u00e1lez.mp3\",\"type\":\"audio\/mpeg\",\"title\":\"El futuro del crowdfunding: Entrevista a \\u00c1ngel Gonz\\u00e1lez\",\"caption\":\"\",\"description\":\"el futuro del crowdfunding: Entrevista a \\u00c1ngel Gonz\\u00e1lez\",\"meta\":{\"length_formatted\":\"23:10\"},\"image\":{\"src\":\"https:\/\/blogs.uned.es\/emprende\/wp-includes\/images\/media\/audio.svg\",\"width\":48,\"height\":64},\"thumb\":{\"src\":\"https:\/\/blogs.uned.es\/emprende\/wp-includes\/images\/media\/audio.svg\",\"width\":48,\"height\":64}},{\"src\":\"https:\/\/blogs.uned.es\/emprende\/wp-content\/uploads\/sites\/103\/2017\/11\/Emprendimiento-cient\\u00edfico-una-alternativa-con-futuro.mp3\",\"type\":\"audio\/mpeg\",\"title\":\"Emprendimiento cient\\u00edfico: una alternativa con futuro\",\"caption\":\"\",\"description\":\"\",\"meta\":{\"length_formatted\":\"27:30\"},\"image\":{\"src\":\"https:\/\/blogs.uned.es\/emprende\/wp-includes\/images\/media\/audio.svg\",\"width\":48,\"height\":64},\"thumb\":{\"src\":\"https:\/\/blogs.uned.es\/emprende\/wp-includes\/images\/media\/audio.svg\",\"width\":48,\"height\":64}},{\"src\":\"https:\/\/blogs.uned.es\/emprende\/wp-content\/uploads\/sites\/103\/2017\/11\/Innovaci\\u00f3n-educativa-y-Emprendimiento.mp3\",\"type\":\"audio\/mpeg\",\"title\":\"Innovaci\\u00f3n educativa y Emprendimiento\",\"caption\":\"\",\"description\":\"\\\"Innovaci\\u00f3n educativa y Emprendimiento\\\".\",\"meta\":{\"length_formatted\":\"30:27\"},\"image\":{\"src\":\"https:\/\/blogs.uned.es\/emprende\/wp-includes\/images\/media\/audio.svg\",\"width\":48,\"height\":64},\"thumb\":{\"src\":\"https:\/\/blogs.uned.es\/emprende\/wp-includes\/images\/media\/audio.svg\",\"width\":48,\"height\":64}}]}<\/script>\n<\/div>\n\t\n<h1><a href=\"https:\/\/canal.uned.es\/video\/602f74d1b609233c273a0428\">#emprendeUNED21, VII edici\u00f3n del Programa de Creaci\u00f3n de Empresas<\/a><\/h1>\n<div class=\"persons\">\n<h1 class=\"title-for-crumbs always-hide\">1. #emprendeUNED18, Programa de creaci\u00f3n de empresas (4\u00aa Edici\u00f3n)<\/h1>\n<p><span class=\"person\"><strong>Noelia C\u00f3rdoba Ben\u00edtez <\/strong><\/span><small>psic\u00f3loga, coaching, \u00e1rea de Emprendimiento del COIE, UNED<\/small><\/p>\n<p><span class=\"person\"><strong> Loreto Alonso de la Pe\u00f1a <\/strong><\/span><small>titulada en ADE, \u00e1rea de Emprendimiento del COIE, UNED<\/small><\/p>\n<\/div>\n<h1 class=\"title-for-crumbs always-hide\">2. Un ejemplo de investigaci\u00f3n y emprendimiento en el mundo medioambiental<\/h1>\n<div class=\"persons\">\n<p><span class=\"person\"> <strong> Rosa Mar\u00eda Mart\u00edn Aranda <\/strong> <\/span> <small>catedr\u00e1tica del Departamento de Qu\u00edmica Inorg\u00e1nica y Qu\u00edmica T\u00e9cnica, UNED<\/small><\/p>\n<p><span class=\"person\"> <strong> Alvaro Enr\u00edquez de Salamanca <\/strong> <\/span> <small>ingeniero forestal y licenciado en CC. Ambientales por la UNED<\/small><\/p>\n<\/div>\n<h1><\/h1>\n<h1 class=\"title-for-crumbs always-hide\">3. SECOT: Evoluci\u00f3n del emprendimiento<\/h1>\n<div class=\"row\">\n<div class=\"col-xs-12 col-sm-6 col-md-7\">\n<div class=\"mmobj-title\"><\/div>\n<\/div>\n<\/div>\n<div class=\"row hidden-xs\">\n<div class=\"col-xs-12\">\n<div class=\"persons\">\n<p><span class=\"person\"> <strong> Loreto Alonso de la Pe\u00f1a <\/strong> <\/span> <small>titulada en ADE, \u00e1rea de Emprendimiento del COIE, UNED<\/small><\/p>\n<p><span class=\"person\"> <strong> Enrique S\u00e1nchez Chinch\u00f3n <\/strong> <\/span> <small>asesor, SECOT<\/small><\/p>\n<p><span class=\"person\"> <strong> Inocente G\u00f3mez Bordonado\u00a0<\/strong><small>asesor, SECOT<br \/>\n<\/small><\/span><\/p>\n<\/div>\n<\/div>\n<\/div>\n<h1 class=\"title-for-crumbs always-hide\">4. El futuro del crowdfunding: entrevista a \u00c1ngel Gonz\u00e1lez<\/h1>\n<p>Charlamos con \u00c1ngel Gonz\u00e1lez creador de Universo Crowdfunding y de proyectos como Crowdants y cocreador de <a href=\"https:\/\/www.copoliki.com\/\">Copoliki<\/a> plataforma de crowdfunding educativo. Adem\u00e1s, es conferenciante y asesor de la Uni\u00f3n Europea.<\/p>\n<h1 class=\"title-for-crumbs always-hide\">5. Emprendimiento cient\u00edfico: una alternativa con futuro:<\/h1>\n<div class=\"persons\">\n<p><span class=\"person\"><strong> \u00c1lvaro Guillermo Perea Covarrubias &#8211;\u00a0<\/strong>V<\/span><small>icedecano de Estudiantes, Pr\u00e1cticas y Emprendimiento, Facultad de Ciencias, UNED<\/small><\/p>\n<p><span class=\"person\"><strong> Paloma Ballesteros Garc\u00eda &#8211;\u00a0<\/strong>C<\/span><small>atedr\u00e1tica de Qu\u00edmica Org\u00e1nica, Facultad de Ciencias, directora de Soirem Research, UNED<\/small><\/p>\n<p><span class=\"person\"><strong> Olatz Merino Garay &#8211;\u00a0<\/strong>S<\/span><small>ocia fundadora responsable, Asociaci\u00f3n ColArte en Madrid<\/small><\/p>\n<p><span class=\"person\"><strong> Eva Mart\u00edn Becerra &#8211;\u00a0<\/strong>G<\/span><small>estora de proyectos de biotecnolog\u00eda, directora, Kinrel<\/small><\/p>\n<p><span class=\"person\"><strong> Carlos Cosculluela Chocarro &#8211;\u00a0<\/strong>S<\/span><small>ecretario, Fundaci\u00f3n DRO (Dami\u00e1n Rodr\u00edguez Olivares)<\/small><\/p>\n<\/div>\n<div class=\"persons\">\n<div class=\"persons\">\n<h1 class=\"title-for-crumbs always-hide\">6. Innovaci\u00f3n educativa y Emprendimiento:<\/h1>\n<\/div>\n<div class=\"row hidden-xs\">\n<div class=\"col-xs-12\">\n<div class=\"persons\">\n<p><span class=\"person\"><strong> Esther M\u00e9ndez P\u00e9rez &#8211; <\/strong>C<\/span><small>oordinadora especialidad de Econom\u00eda y ADE del M\u00e1ster en Formaci\u00f3n del Profesorado de Educaci\u00f3n Secundaria Obligatoria y Bachillerato, Formaci\u00f3n Profesional y Ense\u00f1anzas de Idiomas, UNED<\/small><\/p>\n<p><span class=\"person\"><strong> Beatriz \u00c1lvarez Rivera &#8211; <\/strong>D<\/span><small>ocente, Directora del \u00e1rea de innovaci\u00f3n , <a href=\"http:\/\/www.fundaciontrilema.org\/\">Fundaci\u00f3n Trilema<\/a><\/small><\/p>\n<p><span class=\"person\"><strong> Berta S\u00e1nchez Garc\u00eda &#8211; <\/strong>P<\/span><small>rofesora tutora de la especialidad de Econom\u00eda y ADE del M\u00e1ster en Formaci\u00f3n del Profesorado de Educaci\u00f3n Secundaria Obligatoria y Bachillerato, Formaci\u00f3n Profesional y Ense\u00f1anzas de Idiomas, UNED<\/small><\/p>\n<\/div>\n<\/div>\n<\/div>\n<\/div>\n<p>\n","protected":false},"excerpt":{"rendered":"<p>#emprendeUNED21, VII edici\u00f3n del Programa de Creaci\u00f3n de Empresas 1. #emprendeUNED18, Programa de creaci\u00f3n de empresas (4\u00aa Edici\u00f3n) Noelia C\u00f3rdoba Ben\u00edtez psic\u00f3loga, coaching, \u00e1rea de Emprendimiento del COIE, UNED Loreto <a class=\"more-link\" href=\"https:\/\/blogs.uned.es\/emprende\/radio-y-videos\/\">Seguir leyendo &rarr;<\/a><\/p>\n","protected":false},"author":191,"featured_media":0,"parent":0,"menu_order":0,"comment_status":"closed","ping_status":"closed","template":"","meta":{"_bbp_topic_count":0,"_bbp_reply_count":0,"_bbp_total_topic_count":0,"_bbp_total_reply_count":0,"_bbp_voice_count":0,"_bbp_anonymous_reply_count":0,"_bbp_topic_count_hidden":0,"_bbp_reply_count_hidden":0,"_bbp_forum_subforum_count":0,"footnotes":""},"class_list":["post-613","page","type-page","status-publish","hentry"],"post_mailing_queue_ids":[],"_links":{"self":[{"href":"https:\/\/blogs.uned.es\/emprende\/wp-json\/wp\/v2\/pages\/613","targetHints":{"allow":["GET"]}}],"collection":[{"href":"https:\/\/blogs.uned.es\/emprende\/wp-json\/wp\/v2\/pages"}],"about":[{"href":"https:\/\/blogs.uned.es\/emprende\/wp-json\/wp\/v2\/types\/page"}],"author":[{"embeddable":true,"href":"https:\/\/blogs.uned.es\/emprende\/wp-json\/wp\/v2\/users\/191"}],"replies":[{"embeddable":true,"href":"https:\/\/blogs.uned.es\/emprende\/wp-json\/wp\/v2\/comments?post=613"}],"version-history":[{"count":27,"href":"https:\/\/blogs.uned.es\/emprende\/wp-json\/wp\/v2\/pages\/613\/revisions"}],"predecessor-version":[{"id":8781,"href":"https:\/\/blogs.uned.es\/emprende\/wp-json\/wp\/v2\/pages\/613\/revisions\/8781"}],"wp:attachment":[{"href":"https:\/\/blogs.uned.es\/emprende\/wp-json\/wp\/v2\/media?parent=613"}],"curies":[{"name":"wp","href":"https:\/\/api.w.org\/{rel}","templated":true}]}}

<div class="wp-playlist wp-audio-playlist wp-playlist-light">
			<div class="wp-playlist-current-item"></div>
		<audio controls="controls" preload="none" width="668"
			></audio>
	<div class="wp-playlist-next"></div>
	<div class="wp-playlist-prev"></div>
	<noscript>
	<ol>
		<li><a href='https://blogs.uned.es/emprende/wp-content/uploads/sites/103/2017/11/emprendeUNED18-Programa-de-Creación-de-Empresas-4ª-Edición.m4a'>#emprendeUNED18: Programa de Creación de Empresas (4ª Edición)</a></li><li><a href='https://blogs.uned.es/emprende/wp-content/uploads/sites/103/2017/11/Un-ejemplo-de-investigación-y-emprendimiento-en-el-mundo-medioambiental.m4a'>Un ejemplo de investigación y emprendimiento en el mundo medioambiental</a></li><li><a href='https://blogs.uned.es/emprende/wp-content/uploads/sites/103/2017/11/SECOT-Evolución-del-emprendimiento.mp3'>SECOT: Evolución del emprendimiento</a></li><li><a href='https://blogs.uned.es/emprende/wp-content/uploads/sites/103/2017/11/el-futuro-del-crowdfunding-entrevista-a-Ángel-González.mp3'>El futuro del crowdfunding: Entrevista a Ángel González</a></li><li><a href='https://blogs.uned.es/emprende/wp-content/uploads/sites/103/2017/11/Emprendimiento-científico-una-alternativa-con-futuro.mp3'>Emprendimiento científico: una alternativa con futuro</a></li><li><a href='https://blogs.uned.es/emprende/wp-content/uploads/sites/103/2017/11/Innovación-educativa-y-Emprendimiento.mp3'>Innovación educativa y Emprendimiento</a></li>	</ol>
	</noscript>
	<script type="application/json" class="wp-playlist-script">{"type":"audio","tracklist":true,"tracknumbers":true,"images":false,"artists":true,"tracks":[{"src":"https://blogs.uned.es/emprende/wp-content/uploads/sites/103/2017/11/emprendeUNED18-Programa-de-Creaci\u00f3n-de-Empresas-4\u00aa-Edici\u00f3n.m4a","type":"audio/mpeg","title":"#emprendeUNED18: Programa de Creaci\u00f3n de Empresas (4\u00aa Edici\u00f3n)","caption":"","description":"\"#emprendeUNED18: Programa de Creaci\u00f3n de Empresas (4\u00aa Edici\u00f3n)\".","meta":{"length_formatted":"5:44"},"image":{"src":"https://blogs.uned.es/emprende/wp-includes/images/media/audio.svg","width":48,"height":64},"thumb":{"src":"https://blogs.uned.es/emprende/wp-includes/images/media/audio.svg","width":48,"height":64}},{"src":"https://blogs.uned.es/emprende/wp-content/uploads/sites/103/2017/11/Un-ejemplo-de-investigaci\u00f3n-y-emprendimiento-en-el-mundo-medioambiental.m4a","type":"audio/mpeg","title":"Un ejemplo de investigaci\u00f3n y emprendimiento en el mundo medioambiental","caption":"","description":"\"Un ejemplo de investigaci\u00f3n y emprendimiento en el mundo medioambiental\".","meta":{"length_formatted":"25:58"},"image":{"src":"https://blogs.uned.es/emprende/wp-includes/images/media/audio.svg","width":48,"height":64},"thumb":{"src":"https://blogs.uned.es/emprende/wp-includes/images/media/audio.svg","width":48,"height":64}},{"src":"https://blogs.uned.es/emprende/wp-content/uploads/sites/103/2017/11/SECOT-Evoluci\u00f3n-del-emprendimiento.mp3","type":"audio/mpeg","title":"SECOT: Evoluci\u00f3n del emprendimiento","caption":"","description":"\"SECOT: Evoluci\u00f3n del emprendimiento\".","meta":{"length_formatted":"21:43"},"image":{"src":"https://blogs.uned.es/emprende/wp-includes/images/media/audio.svg","width":48,"height":64},"thumb":{"src":"https://blogs.uned.es/emprende/wp-includes/images/media/audio.svg","width":48,"height":64}},{"src":"https://blogs.uned.es/emprende/wp-content/uploads/sites/103/2017/11/el-futuro-del-crowdfunding-entrevista-a-\u00c1ngel-Gonz\u00e1lez.mp3","type":"audio/mpeg","title":"El futuro del crowdfunding: Entrevista a \u00c1ngel Gonz\u00e1lez","caption":"","description":"el futuro del crowdfunding: Entrevista a \u00c1ngel Gonz\u00e1lez","meta":{"length_formatted":"23:10"},"image":{"src":"https://blogs.uned.es/emprende/wp-includes/images/media/audio.svg","width":48,"height":64},"thumb":{"src":"https://blogs.uned.es/emprende/wp-includes/images/media/audio.svg","width":48,"height":64}},{"src":"https://blogs.uned.es/emprende/wp-content/uploads/sites/103/2017/11/Emprendimiento-cient\u00edfico-una-alternativa-con-futuro.mp3","type":"audio/mpeg","title":"Emprendimiento cient\u00edfico: una alternativa con futuro","caption":"","description":"","meta":{"length_formatted":"27:30"},"image":{"src":"https://blogs.uned.es/emprende/wp-includes/images/media/audio.svg","width":48,"height":64},"thumb":{"src":"https://blogs.uned.es/emprende/wp-includes/images/media/audio.svg","width":48,"height":64}},{"src":"https://blogs.uned.es/emprende/wp-content/uploads/sites/103/2017/11/Innovaci\u00f3n-educativa-y-Emprendimiento.mp3","type":"audio/mpeg","title":"Innovaci\u00f3n educativa y Emprendimiento","caption":"","description":"\"Innovaci\u00f3n educativa y Emprendimiento\".","meta":{"length_formatted":"30:27"},"image":{"src":"https://blogs.uned.es/emprende/wp-includes/images/media/audio.svg","width":48,"height":64},"thumb":{"src":"https://blogs.uned.es/emprende/wp-includes/images/media/audio.svg","width":48,"height":64}}]}</script>
</div>
	
<h1><a href="https://canal.uned.es/video/602f74d1b609233c273a0428">#emprendeUNED21, VII edición del Programa de Creación de Empresas</a></h1>
<div class="persons">
<h1 class="title-for-crumbs always-hide">1. #emprendeUNED18, Programa de creación de empresas (4ª Edición)</h1>
<p><span class="person"><strong>Noelia Córdoba Benítez </strong></span><small>psicóloga, coaching, área de Emprendimiento del COIE, UNED</small></p>
<p><span class="person"><strong> Loreto Alonso de la Peña </strong></span><small>titulada en ADE, área de Emprendimiento del COIE, UNED</small></p>
</div>
<h1 class="title-for-crumbs always-hide">2. Un ejemplo de investigación y emprendimiento en el mundo medioambiental</h1>
<div class="persons">
<p><span class="person"> <strong> Rosa María Martín Aranda </strong> </span> <small>catedrática del Departamento de Química Inorgánica y Química Técnica, UNED</small></p>
<p><span class="person"> <strong> Alvaro Enríquez de Salamanca </strong> </span> <small>ingeniero forestal y licenciado en CC. Ambientales por la UNED</small></p>
</div>
<h1></h1>
<h1 class="title-for-crumbs always-hide">3. SECOT: Evolución del emprendimiento</h1>
<div class="row">
<div class="col-xs-12 col-sm-6 col-md-7">
<div class="mmobj-title"></div>
</div>
</div>
<div class="row hidden-xs">
<div class="col-xs-12">
<div class="persons">
<p><span class="person"> <strong> Loreto Alonso de la Peña </strong> </span> <small>titulada en ADE, área de Emprendimiento del COIE, UNED</small></p>
<p><span class="person"> <strong> Enrique Sánchez Chinchón </strong> </span> <small>asesor, SECOT</small></p>
<p><span class="person"> <strong> Inocente Gómez Bordonado </strong><small>asesor, SECOT<br />
</small></span></p>
</div>
</div>
</div>
<h1 class="title-for-crumbs always-hide">4. El futuro del crowdfunding: entrevista a Ángel González</h1>
<p>Charlamos con Ángel González creador de Universo Crowdfunding y de proyectos como Crowdants y cocreador de <a href="https://www.copoliki.com/">Copoliki</a> plataforma de crowdfunding educativo. Además, es conferenciante y asesor de la Unión Europea.</p>
<h1 class="title-for-crumbs always-hide">5. Emprendimiento científico: una alternativa con futuro:</h1>
<div class="persons">
<p><span class="person"><strong> Álvaro Guillermo Perea Covarrubias &#8211; </strong>V</span><small>icedecano de Estudiantes, Prácticas y Emprendimiento, Facultad de Ciencias, UNED</small></p>
<p><span class="person"><strong> Paloma Ballesteros García &#8211; </strong>C</span><small>atedrática de Química Orgánica, Facultad de Ciencias, directora de Soirem Research, UNED</small></p>
<p><span class="person"><strong> Olatz Merino Garay &#8211; </strong>S</span><small>ocia fundadora responsable, Asociación ColArte en Madrid</small></p>
<p><span class="person"><strong> Eva Martín Becerra &#8211; </strong>G</span><small>estora de proyectos de biotecnología, directora, Kinrel</small></p>
<p><span class="person"><strong> Carlos Cosculluela Chocarro &#8211; </strong>S</span><small>ecretario, Fundación DRO (Damián Rodríguez Olivares)</small></p>
</div>
<div class="persons">
<div class="persons">
<h1 class="title-for-crumbs always-hide">6. Innovación educativa y Emprendimiento:</h1>
</div>
<div class="row hidden-xs">
<div class="col-xs-12">
<div class="persons">
<p><span class="person"><strong> Esther Méndez Pérez &#8211; </strong>C</span><small>oordinadora especialidad de Economía y ADE del Máster en Formación del Profesorado de Educación Secundaria Obligatoria y Bachillerato, Formación Profesional y Enseñanzas de Idiomas, UNED</small></p>
<p><span class="person"><strong> Beatriz Álvarez Rivera &#8211; </strong>D</span><small>ocente, Directora del área de innovación , <a href="http://www.fundaciontrilema.org/">Fundación Trilema</a></small></p>
<p><span class="person"><strong> Berta Sánchez García &#8211; </strong>P</span><small>rofesora tutora de la especialidad de Economía y ADE del Máster en Formación del Profesorado de Educación Secundaria Obligatoria y Bachillerato, Formación Profesional y Enseñanzas de Idiomas, UNED</small></p>
</div>
</div>
</div>
</div>
<p>

<p>#emprendeUNED21, VII edición del Programa de Creación de Empresas 1. #emprendeUNED18, Programa de creación de empresas (4ª Edición) Noelia Córdoba Benítez psicóloga, coaching, área de Emprendimiento del COIE, UNED Loreto <a class="more-link" href="https://blogs.uned.es/emprende/radio-y-videos/">Seguir leyendo &rarr;</a></p>
