{"id":3829,"date":"2018-10-11T11:53:46","date_gmt":"2018-10-11T10:53:46","guid":{"rendered":"http:\/\/blogs.uned.es\/emprende\/?page_id=3829"},"modified":"2021-11-08T12:20:21","modified_gmt":"2021-11-08T11:20:21","slug":"glossary-9","status":"publish","type":"page","link":"https:\/\/blogs.uned.es\/emprende\/glossary-9\/","title":{"rendered":"DICCIONARIO DEL EMPRENDEDOR"},"content":{"rendered":"<p>El ecosistema emprendedor tiene un lenguaje propio, en muchas ocasiones lleno de anglicismos que, a trav\u00e9s de este nuevo espacio, vamos a intentar desentra\u00f1ar. El hecho de hablar en t\u00e9rminos de emprendimiento, saber de qu\u00e9 estamos hablando, puede abrirnos o cerrarnos las puertas ante un inversor o un posible colaborador.<\/p>\n<p>Os invitamos a participar en este espacio a trav\u00e9s de nuestro foro.<\/p>\n<p>\n","protected":false},"excerpt":{"rendered":"<p>El ecosistema emprendedor tiene un lenguaje propio, en muchas ocasiones lleno de anglicismos que, a trav\u00e9s de este nuevo espacio, vamos a intentar desentra\u00f1ar. El hecho de hablar en t\u00e9rminos <a class=\"more-link\" href=\"https:\/\/blogs.uned.es\/emprende\/glossary-9\/\">Seguir leyendo &rarr;<\/a><\/p>\n","protected":false},"author":255,"featured_media":0,"parent":0,"menu_order":0,"comment_status":"closed","ping_status":"closed","template":"","meta":{"_bbp_topic_count":0,"_bbp_reply_count":0,"_bbp_total_topic_count":0,"_bbp_total_reply_count":0,"_bbp_voice_count":0,"_bbp_anonymous_reply_count":0,"_bbp_topic_count_hidden":0,"_bbp_reply_count_hidden":0,"_bbp_forum_subforum_count":0,"footnotes":""},"class_list":["post-3829","page","type-page","status-publish","hentry"],"post_mailing_queue_ids":[],"_links":{"self":[{"href":"https:\/\/blogs.uned.es\/emprende\/wp-json\/wp\/v2\/pages\/3829","targetHints":{"allow":["GET"]}}],"collection":[{"href":"https:\/\/blogs.uned.es\/emprende\/wp-json\/wp\/v2\/pages"}],"about":[{"href":"https:\/\/blogs.uned.es\/emprende\/wp-json\/wp\/v2\/types\/page"}],"author":[{"embeddable":true,"href":"https:\/\/blogs.uned.es\/emprende\/wp-json\/wp\/v2\/users\/255"}],"replies":[{"embeddable":true,"href":"https:\/\/blogs.uned.es\/emprende\/wp-json\/wp\/v2\/comments?post=3829"}],"version-history":[{"count":7,"href":"https:\/\/blogs.uned.es\/emprende\/wp-json\/wp\/v2\/pages\/3829\/revisions"}],"predecessor-version":[{"id":8923,"href":"https:\/\/blogs.uned.es\/emprende\/wp-json\/wp\/v2\/pages\/3829\/revisions\/8923"}],"wp:attachment":[{"href":"https:\/\/blogs.uned.es\/emprende\/wp-json\/wp\/v2\/media?parent=3829"}],"curies":[{"name":"wp","href":"https:\/\/api.w.org\/{rel}","templated":true}]}}