{"id":3341,"date":"2018-08-28T12:51:01","date_gmt":"2018-08-28T11:51:01","guid":{"rendered":"http:\/\/blogs.uned.es\/emprende\/?page_id=3341"},"modified":"2020-02-27T14:03:14","modified_gmt":"2020-02-27T13:03:14","slug":"participa","status":"publish","type":"page","link":"https:\/\/blogs.uned.es\/emprende\/participa\/","title":{"rendered":"\u00a1Participa!"},"content":{"rendered":"<p>Buenos d\u00edas a todos los que nos est\u00e1is siguiendo a trav\u00e9s de este blog.<\/p>\n<p>Como en los \u00faltimos dos a\u00f1os de este blog, seguiremos con \u00a0los mismos espacios de herramientas, convocatorias, etc y, por supuesto el VI Programa de Creaci\u00f3n de Empresas para Estudiantes y Titulados de la UNED, cuyas bases se publicaron el pasado mes de noviembre en este mismo enlace.<\/p>\n<p>Pero este a\u00f1o queremos contar con vuestra participaci\u00f3n e implicaci\u00f3n con un FORO ABIERTO que sirva para poner ciertos temas en la palestra y poder orientaros en aquello que consider\u00e9is relevante para vuestro vida emprendedora.<\/p>\n<p>Este foro, aunque contar\u00e1 cada 15 d\u00edas con peque\u00f1as reflexiones o gu\u00edas pr\u00e1cticas de profesionales, est\u00e1 dirigido a todos: emprendedores, mentores, tutores, profesionales o cualquier persona que tenga una inquietud dentro del mundo del emprendimiento.<\/p>\n<p>Si est\u00e1is interesados en participar, tan s\u00f3lo tendr\u00e9is que registraros en el siguiente <strong><a href=\"http:\/\/blogs.uned.es\/emprende\/?page_id=3465\">enlace <\/a><\/strong>para que os demos acceso al foro.<\/p>\n<p>\u00a1Bienvenidos!<\/p>\n","protected":false},"excerpt":{"rendered":"<p>Buenos d\u00edas a todos los que nos est\u00e1is siguiendo a trav\u00e9s de este blog. Como en los \u00faltimos dos a\u00f1os de este blog, seguiremos con \u00a0los mismos espacios de herramientas, <a class=\"more-link\" href=\"https:\/\/blogs.uned.es\/emprende\/participa\/\">Seguir leyendo &rarr;<\/a><\/p>\n","protected":false},"author":255,"featured_media":0,"parent":0,"menu_order":0,"comment_status":"closed","ping_status":"closed","template":"","meta":{"_bbp_topic_count":0,"_bbp_reply_count":0,"_bbp_total_topic_count":0,"_bbp_total_reply_count":0,"_bbp_voice_count":0,"_bbp_anonymous_reply_count":0,"_bbp_topic_count_hidden":0,"_bbp_reply_count_hidden":0,"_bbp_forum_subforum_count":0,"footnotes":""},"class_list":["post-3341","page","type-page","status-publish","hentry"],"post_mailing_queue_ids":[],"_links":{"self":[{"href":"https:\/\/blogs.uned.es\/emprende\/wp-json\/wp\/v2\/pages\/3341","targetHints":{"allow":["GET"]}}],"collection":[{"href":"https:\/\/blogs.uned.es\/emprende\/wp-json\/wp\/v2\/pages"}],"about":[{"href":"https:\/\/blogs.uned.es\/emprende\/wp-json\/wp\/v2\/types\/page"}],"author":[{"embeddable":true,"href":"https:\/\/blogs.uned.es\/emprende\/wp-json\/wp\/v2\/users\/255"}],"replies":[{"embeddable":true,"href":"https:\/\/blogs.uned.es\/emprende\/wp-json\/wp\/v2\/comments?post=3341"}],"version-history":[{"count":5,"href":"https:\/\/blogs.uned.es\/emprende\/wp-json\/wp\/v2\/pages\/3341\/revisions"}],"predecessor-version":[{"id":7893,"href":"https:\/\/blogs.uned.es\/emprende\/wp-json\/wp\/v2\/pages\/3341\/revisions\/7893"}],"wp:attachment":[{"href":"https:\/\/blogs.uned.es\/emprende\/wp-json\/wp\/v2\/media?parent=3341"}],"curies":[{"name":"wp","href":"https:\/\/api.w.org\/{rel}","templated":true}]}}

<p>Buenos días a todos los que nos estáis siguiendo a través de este blog.</p>
<p>Como en los últimos dos años de este blog, seguiremos con  los mismos espacios de herramientas, convocatorias, etc y, por supuesto el VI Programa de Creación de Empresas para Estudiantes y Titulados de la UNED, cuyas bases se publicaron el pasado mes de noviembre en este mismo enlace.</p>
<p>Pero este año queremos contar con vuestra participación e implicación con un FORO ABIERTO que sirva para poner ciertos temas en la palestra y poder orientaros en aquello que consideréis relevante para vuestro vida emprendedora.</p>
<p>Este foro, aunque contará cada 15 días con pequeñas reflexiones o guías prácticas de profesionales, está dirigido a todos: emprendedores, mentores, tutores, profesionales o cualquier persona que tenga una inquietud dentro del mundo del emprendimiento.</p>
<p>Si estáis interesados en participar, tan sólo tendréis que registraros en el siguiente <strong><a href="http://blogs.uned.es/emprende/?page_id=3465">enlace </a></strong>para que os demos acceso al foro.</p>
<p>¡Bienvenidos!</p>

<p>Buenos días a todos los que nos estáis siguiendo a través de este blog. Como en los últimos dos años de este blog, seguiremos con  los mismos espacios de herramientas, <a class="more-link" href="https://blogs.uned.es/emprende/participa/">Seguir leyendo &rarr;</a></p>
