{"id":12689,"date":"2023-10-08T15:52:00","date_gmt":"2023-10-08T15:52:00","guid":{"rendered":"https:\/\/blogs.uned.es\/edamujer\/?page_id=12689"},"modified":"2023-10-19T20:55:19","modified_gmt":"2023-10-19T20:55:19","slug":"guiomar-merodio","status":"publish","type":"page","link":"https:\/\/blogs.uned.es\/edamujer\/equipo-de-investigacion\/guiomar-merodio\/","title":{"rendered":"Guiomar Merodio &#8211; Investigadora principal"},"content":{"rendered":"\t\t<div data-elementor-type=\"wp-page\" data-elementor-id=\"12689\" class=\"elementor elementor-12689\">\n\t\t\t\t\t\t<section class=\"elementor-section elementor-top-section elementor-element elementor-element-68adc7f elementor-section-boxed elementor-section-height-default elementor-section-height-default\" data-id=\"68adc7f\" data-element_type=\"section\" data-e-type=\"section\">\n\t\t\t\t\t\t<div class=\"elementor-container elementor-column-gap-default\">\n\t\t\t\t\t<div class=\"elementor-column elementor-col-100 elementor-top-column elementor-element elementor-element-aedd805\" data-id=\"aedd805\" data-element_type=\"column\" data-e-type=\"column\">\n\t\t\t<div class=\"elementor-widget-wrap elementor-element-populated\">\n\t\t\t\t\t\t<div class=\"elementor-element elementor-element-85a5405 elementor-widget elementor-widget-heading\" data-id=\"85a5405\" data-element_type=\"widget\" data-e-type=\"widget\" data-widget_type=\"heading.default\">\n\t\t\t\t<div class=\"elementor-widget-container\">\n\t\t\t\t\t<h1 class=\"elementor-heading-title elementor-size-default\">Guiomar Merodio<br>Investigadora principal<\/h1>\t\t\t\t<\/div>\n\t\t\t\t<\/div>\n\t\t\t\t\t<\/div>\n\t\t<\/div>\n\t\t\t\t\t<\/div>\n\t\t<\/section>\n\t\t\t\t<section class=\"elementor-section elementor-top-section elementor-element elementor-element-4718454 elementor-section-boxed elementor-section-height-default elementor-section-height-default\" data-id=\"4718454\" data-element_type=\"section\" data-e-type=\"section\">\n\t\t\t\t\t\t<div class=\"elementor-container elementor-column-gap-default\">\n\t\t\t\t\t<div class=\"elementor-column elementor-col-50 elementor-top-column elementor-element elementor-element-80c0b07\" data-id=\"80c0b07\" data-element_type=\"column\" data-e-type=\"column\">\n\t\t\t<div class=\"elementor-widget-wrap elementor-element-populated\">\n\t\t\t\t\t\t<div class=\"elementor-element elementor-element-4eb792d elementor-widget elementor-widget-image\" data-id=\"4eb792d\" data-element_type=\"widget\" data-e-type=\"widget\" data-widget_type=\"image.default\">\n\t\t\t\t<div class=\"elementor-widget-container\">\n\t\t\t\t\t\t\t\t\t\t\t\t\t\t\t<img fetchpriority=\"high\" decoding=\"async\" width=\"898\" height=\"898\" src=\"https:\/\/blogs.uned.es\/edamujer\/wp-content\/uploads\/sites\/417\/2023\/10\/guiomar.jpg\" class=\"attachment-large size-large wp-image-12727\" alt=\"\" srcset=\"https:\/\/blogs.uned.es\/edamujer\/wp-content\/uploads\/sites\/417\/2023\/10\/guiomar.jpg 898w, https:\/\/blogs.uned.es\/edamujer\/wp-content\/uploads\/sites\/417\/2023\/10\/guiomar-300x300.jpg 300w, https:\/\/blogs.uned.es\/edamujer\/wp-content\/uploads\/sites\/417\/2023\/10\/guiomar-150x150.jpg 150w, https:\/\/blogs.uned.es\/edamujer\/wp-content\/uploads\/sites\/417\/2023\/10\/guiomar-768x768.jpg 768w\" sizes=\"(max-width: 898px) 100vw, 898px\" \/>\t\t\t\t\t\t\t\t\t\t\t\t\t\t\t<\/div>\n\t\t\t\t<\/div>\n\t\t\t\t<div class=\"elementor-element elementor-element-1978a59 elementor-align-center elementor-widget elementor-widget-button\" data-id=\"1978a59\" data-element_type=\"widget\" data-e-type=\"widget\" data-widget_type=\"button.default\">\n\t\t\t\t<div class=\"elementor-widget-container\">\n\t\t\t\t\t\t\t\t\t<div class=\"elementor-button-wrapper\">\n\t\t\t\t\t<a class=\"elementor-button elementor-button-link elementor-size-sm\" href=\"https:\/\/blogs.uned.es\/edamujer\/equipo-de-investigacion\/\">\n\t\t\t\t\t\t<span class=\"elementor-button-content-wrapper\">\n\t\t\t\t\t\t\t\t\t<span class=\"elementor-button-text\">\ud83e\udc78 Volver a equipo de investigaci\u00f3n<\/span>\n\t\t\t\t\t<\/span>\n\t\t\t\t\t<\/a>\n\t\t\t\t<\/div>\n\t\t\t\t\t\t\t\t<\/div>\n\t\t\t\t<\/div>\n\t\t\t\t\t<\/div>\n\t\t<\/div>\n\t\t\t\t<div class=\"elementor-column elementor-col-50 elementor-top-column elementor-element elementor-element-b804aaf\" data-id=\"b804aaf\" data-element_type=\"column\" data-e-type=\"column\">\n\t\t\t<div class=\"elementor-widget-wrap elementor-element-populated\">\n\t\t\t\t\t\t<div class=\"elementor-element elementor-element-e52a1e4 elementor-widget elementor-widget-text-editor\" data-id=\"e52a1e4\" data-element_type=\"widget\" data-e-type=\"widget\" data-widget_type=\"text-editor.default\">\n\t\t\t\t<div class=\"elementor-widget-container\">\n\t\t\t\t\t\t\t\t\t<p><span style=\"font-size: 20.352px\">Profesora Ayudante Doctor en el Departamento de M\u00e9todos de Investigaci\u00f3n y Diagn\u00f3stico en Educaci\u00f3n I, UNED. Sus l\u00edneas de investigaci\u00f3n se centran en el an\u00e1lisis de las desigualdades sociales y de g\u00e9nero, la prevenci\u00f3n de diferentes formas de violencia de g\u00e9nero, las nuevas masculinidades, y la transformaci\u00f3n de las escuelas y comunidades educativas. Ha participado en diferentes proyectos I+D y europeos, fruto de esas investigaciones ha publicado numerosos art\u00edculos cient\u00edficos en revistas como Qualitative Inquiry, Children and Youth Services Review, International Journal of Qualitative Methods,\u00a0 Families, Relationships and Societies. Editora de la revista cient\u00edfica G\u00c9NEROS Multidisciplinary Journal of Gender Studies (Q3 SJR).<\/span><\/p>\n<p><a href=\"https:\/\/www.uned.es\/universidad\/docentes\/educacion\/guiomar-merodio-alonso.html\"><span style=\"font-size: 20.352px\">https:\/\/www.uned.es\/universidad\/docentes\/educacion\/guiomar-merodio-alonso.html<\/span><\/a><\/p>\t\t\t\t\t\t\t\t<\/div>\n\t\t\t\t<\/div>\n\t\t\t\t\t<\/div>\n\t\t<\/div>\n\t\t\t\t\t<\/div>\n\t\t<\/section>\n\t\t\t\t<\/div>\n\t\t","protected":false},"excerpt":{"rendered":"<p>\/*! elementor &#8211; v3.5.0 &#8211; 12-12-2021 *\/ .elementor-heading-title{padding:0;margin:0;line-height:1}.elementor-widget-heading .elementor-heading-title[class*=elementor-size-]&gt;a{color:inherit;font-size:inherit;line-height:inherit}.elementor-widget-heading .elementor-heading-title.elementor-size-small{font-size:15px}.elementor-widget-heading .elementor-heading-title.elementor-size-medium{font-size:19px}.elementor-widget-heading .elementor-heading-title.elementor-size-large{font-size:29px}.elementor-widget-heading .elementor-heading-title.elementor-size-xl{font-size:39px}.elementor-widget-heading .elementor-heading-title.elementor-size-xxl{font-size:59px} Guiomar MerodioInvestigadora principal \/*! elementor &#8211; v3.5.0 &#8211; 12-12-2021 *\/ .elementor-widget-image{text-align:center}.elementor-widget-image a{display:inline-block}.elementor-widget-image a img[src$=\u00bb.svg\u00bb]{width:48px}.elementor-widget-image img{vertical-align:middle;display:inline-block} \ud83e\udc78 Volver a equipo de investigaci\u00f3n Profesora Ayudante Doctor en el Departamento de M\u00e9todos de Investigaci\u00f3n y Diagn\u00f3stico en Educaci\u00f3n I, UNED. Sus l\u00edneas de investigaci\u00f3n [&hellip;]<\/p>\n","protected":false},"author":7669,"featured_media":0,"parent":11553,"menu_order":0,"comment_status":"closed","ping_status":"closed","template":"","meta":{"footnotes":""},"class_list":["post-12689","page","type-page","status-publish","czr-hentry"],"_links":{"self":[{"href":"https:\/\/blogs.uned.es\/edamujer\/wp-json\/wp\/v2\/pages\/12689","targetHints":{"allow":["GET"]}}],"collection":[{"href":"https:\/\/blogs.uned.es\/edamujer\/wp-json\/wp\/v2\/pages"}],"about":[{"href":"https:\/\/blogs.uned.es\/edamujer\/wp-json\/wp\/v2\/types\/page"}],"author":[{"embeddable":true,"href":"https:\/\/blogs.uned.es\/edamujer\/wp-json\/wp\/v2\/users\/7669"}],"replies":[{"embeddable":true,"href":"https:\/\/blogs.uned.es\/edamujer\/wp-json\/wp\/v2\/comments?post=12689"}],"version-history":[{"count":11,"href":"https:\/\/blogs.uned.es\/edamujer\/wp-json\/wp\/v2\/pages\/12689\/revisions"}],"predecessor-version":[{"id":13531,"href":"https:\/\/blogs.uned.es\/edamujer\/wp-json\/wp\/v2\/pages\/12689\/revisions\/13531"}],"up":[{"embeddable":true,"href":"https:\/\/blogs.uned.es\/edamujer\/wp-json\/wp\/v2\/pages\/11553"}],"wp:attachment":[{"href":"https:\/\/blogs.uned.es\/edamujer\/wp-json\/wp\/v2\/media?parent=12689"}],"curies":[{"name":"wp","href":"https:\/\/api.w.org\/{rel}","templated":true}]}}