{"id":1273,"date":"2021-01-17T16:04:17","date_gmt":"2021-01-17T15:04:17","guid":{"rendered":"https:\/\/lukcomunicaciondemos.com\/UNED\/?page_id=19"},"modified":"2025-06-20T11:38:26","modified_gmt":"2025-06-20T09:38:26","slug":"presentacion","status":"publish","type":"page","link":"https:\/\/blogs.uned.es\/economia-politica-internacional\/presentacion\/","title":{"rendered":"Presentaci\u00f3n"},"content":{"rendered":"\t\t<div data-elementor-type=\"wp-page\" data-elementor-id=\"1273\" class=\"elementor elementor-1273\" data-elementor-post-type=\"page\">\n\t\t\t\t\t\t<section class=\"elementor-section elementor-top-section elementor-element elementor-element-414548c7 elementor-section-full_width elementor-section-stretched elementor-section-height-default elementor-section-height-default\" data-id=\"414548c7\" data-element_type=\"section\" data-e-type=\"section\" data-settings=\"{&quot;stretch_section&quot;:&quot;section-stretched&quot;}\">\n\t\t\t\t\t\t<div class=\"elementor-container elementor-column-gap-default\">\n\t\t\t\t\t<div class=\"elementor-column elementor-col-100 elementor-top-column elementor-element elementor-element-4c2ddeab\" data-id=\"4c2ddeab\" data-element_type=\"column\" data-e-type=\"column\">\n\t\t\t<div class=\"elementor-widget-wrap elementor-element-populated\">\n\t\t\t\t\t\t<div class=\"elementor-element elementor-element-16a80a4 elementor-widget elementor-widget-image\" data-id=\"16a80a4\" data-element_type=\"widget\" data-e-type=\"widget\" data-widget_type=\"image.default\">\n\t\t\t\t<div class=\"elementor-widget-container\">\n\t\t\t\t\t\t\t\t\t\t\t\t\t\t\t<img fetchpriority=\"high\" decoding=\"async\" width=\"1920\" height=\"533\" src=\"https:\/\/blogs.uned.es\/economia-politica-internacional\/wp-content\/uploads\/sites\/305\/2021\/04\/mapa-europa-asia.jpg\" class=\"attachment-full size-full wp-image-1058\" alt=\"\" \/>\t\t\t\t\t\t\t\t\t\t\t\t\t\t\t<\/div>\n\t\t\t\t<\/div>\n\t\t\t\t\t<\/div>\n\t\t<\/div>\n\t\t\t\t\t<\/div>\n\t\t<\/section>\n\t\t\t\t<section class=\"elementor-section elementor-top-section elementor-element elementor-element-5f9171e8 elementor-section-full_width elementor-section-stretched elementor-section-height-default elementor-section-height-default\" data-id=\"5f9171e8\" data-element_type=\"section\" data-e-type=\"section\" data-settings=\"{&quot;stretch_section&quot;:&quot;section-stretched&quot;}\">\n\t\t\t\t\t\t<div class=\"elementor-container elementor-column-gap-default\">\n\t\t\t\t\t<div class=\"elementor-column elementor-col-100 elementor-top-column elementor-element elementor-element-4dce5e29\" data-id=\"4dce5e29\" data-element_type=\"column\" data-e-type=\"column\">\n\t\t\t<div class=\"elementor-widget-wrap elementor-element-populated\">\n\t\t\t\t\t\t<div class=\"elementor-element elementor-element-caea16b elementor-widget elementor-widget-spacer\" data-id=\"caea16b\" data-element_type=\"widget\" data-e-type=\"widget\" data-widget_type=\"spacer.default\">\n\t\t\t\t<div class=\"elementor-widget-container\">\n\t\t\t\t\t\t\t<div class=\"elementor-spacer\">\n\t\t\t<div class=\"elementor-spacer-inner\"><\/div>\n\t\t<\/div>\n\t\t\t\t\t\t<\/div>\n\t\t\t\t<\/div>\n\t\t\t\t\t<\/div>\n\t\t<\/div>\n\t\t\t\t\t<\/div>\n\t\t<\/section>\n\t\t\t\t<section class=\"elementor-section elementor-top-section elementor-element elementor-element-180e33fb elementor-section-boxed elementor-section-height-default elementor-section-height-default\" data-id=\"180e33fb\" data-element_type=\"section\" data-e-type=\"section\">\n\t\t\t\t\t\t<div class=\"elementor-container elementor-column-gap-default\">\n\t\t\t\t\t<div class=\"elementor-column elementor-col-100 elementor-top-column elementor-element elementor-element-7236e217\" data-id=\"7236e217\" data-element_type=\"column\" data-e-type=\"column\">\n\t\t\t<div class=\"elementor-widget-wrap elementor-element-populated\">\n\t\t\t\t\t\t<div class=\"elementor-element elementor-element-20638fcf elementor-widget elementor-widget-heading\" data-id=\"20638fcf\" data-element_type=\"widget\" data-e-type=\"widget\" data-widget_type=\"heading.default\">\n\t\t\t\t<div class=\"elementor-widget-container\">\n\t\t\t\t\t<h1 class=\"elementor-heading-title elementor-size-default\">Presentaci\u00f3n <\/h1>\t\t\t\t<\/div>\n\t\t\t\t<\/div>\n\t\t\t\t<div class=\"elementor-element elementor-element-129b594f elementor-widget-divider--view-line elementor-widget elementor-widget-divider\" data-id=\"129b594f\" data-element_type=\"widget\" data-e-type=\"widget\" data-widget_type=\"divider.default\">\n\t\t\t\t<div class=\"elementor-widget-container\">\n\t\t\t\t\t\t\t<div class=\"elementor-divider\">\n\t\t\t<span class=\"elementor-divider-separator\">\n\t\t\t\t\t\t<\/span>\n\t\t<\/div>\n\t\t\t\t\t\t<\/div>\n\t\t\t\t<\/div>\n\t\t\t\t\t<\/div>\n\t\t<\/div>\n\t\t\t\t\t<\/div>\n\t\t<\/section>\n\t\t\t\t<section class=\"elementor-section elementor-top-section elementor-element elementor-element-540a3970 elementor-section-boxed elementor-section-height-default elementor-section-height-default\" data-id=\"540a3970\" data-element_type=\"section\" data-e-type=\"section\">\n\t\t\t\t\t\t<div class=\"elementor-container elementor-column-gap-default\">\n\t\t\t\t\t<div class=\"elementor-column elementor-col-100 elementor-top-column elementor-element elementor-element-6d58edfd\" data-id=\"6d58edfd\" data-element_type=\"column\" data-e-type=\"column\">\n\t\t\t<div class=\"elementor-widget-wrap elementor-element-populated\">\n\t\t\t\t\t\t<div class=\"elementor-element elementor-element-80eea47 elementor-widget elementor-widget-spacer\" data-id=\"80eea47\" data-element_type=\"widget\" data-e-type=\"widget\" data-widget_type=\"spacer.default\">\n\t\t\t\t<div class=\"elementor-widget-container\">\n\t\t\t\t\t\t\t<div class=\"elementor-spacer\">\n\t\t\t<div class=\"elementor-spacer-inner\"><\/div>\n\t\t<\/div>\n\t\t\t\t\t\t<\/div>\n\t\t\t\t<\/div>\n\t\t\t\t\t<\/div>\n\t\t<\/div>\n\t\t\t\t\t<\/div>\n\t\t<\/section>\n\t\t\t\t<section class=\"elementor-section elementor-top-section elementor-element elementor-element-3bfd8a3 elementor-section-boxed elementor-section-height-default elementor-section-height-default\" data-id=\"3bfd8a3\" data-element_type=\"section\" data-e-type=\"section\">\n\t\t\t\t\t\t<div class=\"elementor-container elementor-column-gap-default\">\n\t\t\t\t\t<div class=\"elementor-column elementor-col-100 elementor-top-column elementor-element elementor-element-f3ff871\" data-id=\"f3ff871\" data-element_type=\"column\" data-e-type=\"column\">\n\t\t\t<div class=\"elementor-widget-wrap elementor-element-populated\">\n\t\t\t\t\t\t<div class=\"elementor-element elementor-element-d0525a3 elementor-widget elementor-widget-text-editor\" data-id=\"d0525a3\" data-element_type=\"widget\" data-e-type=\"widget\" data-widget_type=\"text-editor.default\">\n\t\t\t\t<div class=\"elementor-widget-container\">\n\t\t\t\t\t\t\t\t\t<p>El Grupo de Investigaci\u00f3n en Econom\u00eda Pol\u00edtica Internacional y Espa\u00f1ola se constituy\u00f3, como grupo de investigaci\u00f3n consolidado de la UNED, en el a\u00f1o 2007 y est\u00e1 compuesto, principalmente, por los profesores del \u00e1rea de Pol\u00edtica Econ\u00f3mica del Departamento de Econom\u00eda Aplicada de la Facultad de Ciencias Econ\u00f3micas de la UNED. Adem\u00e1s de su labor docente en las asignaturas de grado y posgrado de pol\u00edtica econ\u00f3mica de la Facultad, realizan una intensa actividad investigadora y de transferencia de resultados, comprometida con los principios de calidad y rigor acad\u00e9mico.<\/p><p>El objetivo de Grupo de Investigaci\u00f3n es contribuir al desarrollo y la aplicaci\u00f3n del conocimiento cient\u00edfico, proponiendo medidas que puedan ser implementadas en las pol\u00edticas p\u00fablicas, tanto en la esfera nacional como en la internacional. Entre las \u00e1reas de inter\u00e9s del Grupo de Investigaci\u00f3n se encuentran la econom\u00eda y pol\u00edtica de la energ\u00eda, el cambio clim\u00e1tico, las relaciones euro-mediterr\u00e1neas, la pol\u00edtica del agua y la medioambiental, la sostenibilidad en general, la gobernanza, el desarrollo econ\u00f3mico, las pol\u00edticas que impulsan la igualdad de g\u00e9nero, etc.<\/p><p>Las l\u00edneas tem\u00e1ticas de investigaci\u00f3n detalladas del grupo son las siguientes:<\/p>\t\t\t\t\t\t\t\t<\/div>\n\t\t\t\t<\/div>\n\t\t\t\t\t<\/div>\n\t\t<\/div>\n\t\t\t\t\t<\/div>\n\t\t<\/section>\n\t\t\t\t<section class=\"elementor-section elementor-top-section elementor-element elementor-element-587ed9d elementor-section-boxed elementor-section-height-default elementor-section-height-default\" data-id=\"587ed9d\" data-element_type=\"section\" data-e-type=\"section\">\n\t\t\t\t\t\t<div class=\"elementor-container elementor-column-gap-default\">\n\t\t\t\t\t<div class=\"elementor-column elementor-col-100 elementor-top-column elementor-element elementor-element-63769f2\" data-id=\"63769f2\" data-element_type=\"column\" data-e-type=\"column\">\n\t\t\t<div class=\"elementor-widget-wrap elementor-element-populated\">\n\t\t\t\t\t\t<div class=\"elementor-element elementor-element-863a2fd elementor-widget elementor-widget-text-editor\" data-id=\"863a2fd\" data-element_type=\"widget\" data-e-type=\"widget\" data-widget_type=\"text-editor.default\">\n\t\t\t\t<div class=\"elementor-widget-container\">\n\t\t\t\t\t\t\t\t\t<p><strong>Pol\u00edtica energ\u00e9tica y clim\u00e1tica<\/strong>. <br \/><em>Coordinador: Gonzalo Escribano Franc\u00e9s<\/em><\/p><ul><li>Pol\u00edticas energ\u00e9ticas<\/li><li>Econom\u00eda y geopol\u00edtica de la energ\u00eda<\/li><li>Cambio Clim\u00e1tico<\/li><\/ul><p>\u00a0<\/p><p><strong>Econom\u00eda y pol\u00edtica del medioambiente y de los recursos naturales<\/strong>.<br \/><em>Coordinador: Enrique San Mart\u00edn Gonz\u00e1lez<\/em><\/p><ul><li>Pol\u00edtica medioambiental<\/li><li>Pol\u00edtica del agua<\/li><li>Turismo y pol\u00edtica econ\u00f3mica<\/li><\/ul><p>\u00a0<\/p><p><strong>Econom\u00eda pol\u00edtica del Norte de \u00c1frica.<\/strong> <br \/><em>Coordinador: Gonzalo Escribano Franc\u00e9s<\/em><\/p><ul><li>Econom\u00eda pol\u00edtica de las relaciones euro-mediterr\u00e1neas<\/li><li>Desarrollo econ\u00f3mico en el Mundo \u00c1rabe<\/li><\/ul><p>\u00a0<\/p><p><strong>Sostenibilidad y gobernanza.<\/strong> <br \/><em>Coordinador: Juan Diego Paredes G\u00e1zquez<\/em><\/p><ul><li>Gobernanza, transparencia y rendici\u00f3n de cuentas<\/li><li>Medici\u00f3n de impacto y sostenibilidad<\/li><li>Responsabilidad social<\/li><li>Finanzas sostenibles<\/li><\/ul><p>\u00a0<\/p><p><strong>Pol\u00edticas p\u00fablicas para la igualdad de g\u00e9nero.<\/strong><br \/><em>Coordinador: Cristina Castellanos Serrano<\/em><\/p><ul><li>Sistemas de permisos parentales<\/li><li>Educaci\u00f3n de 0 a 3 a\u00f1os<\/li><li><em>Mainstreaming<\/em> de g\u00e9nero en el dise\u00f1o y evaluaci\u00f3n de pol\u00edticas<\/li><li>Pol\u00edticas laborales corresponsables: hombres en los cuidados<\/li><\/ul><p>\u00a0<\/p><p><strong>Investigaci\u00f3n en docencia universitaria.<\/strong> <br \/><em>Coordinador: Juan Diego Paredes G\u00e1zquez<\/em><\/p><ul><li>Investigaci\u00f3n en docencia a distancia<\/li><li>Innovaciones para fomentar la participaci\u00f3n<\/li><\/ul>\t\t\t\t\t\t\t\t<\/div>\n\t\t\t\t<\/div>\n\t\t\t\t\t<\/div>\n\t\t<\/div>\n\t\t\t\t\t<\/div>\n\t\t<\/section>\n\t\t\t\t<section class=\"elementor-section elementor-top-section elementor-element elementor-element-2401ae55 elementor-section-boxed elementor-section-height-default elementor-section-height-default\" data-id=\"2401ae55\" data-element_type=\"section\" data-e-type=\"section\">\n\t\t\t\t\t\t<div class=\"elementor-container elementor-column-gap-default\">\n\t\t\t\t\t<div class=\"elementor-column elementor-col-100 elementor-top-column elementor-element elementor-element-662e4a1c\" data-id=\"662e4a1c\" data-element_type=\"column\" data-e-type=\"column\">\n\t\t\t<div class=\"elementor-widget-wrap\">\n\t\t\t\t\t\t\t<\/div>\n\t\t<\/div>\n\t\t\t\t\t<\/div>\n\t\t<\/section>\n\t\t\t\t<section class=\"elementor-section elementor-top-section elementor-element elementor-element-2f297a4e elementor-section-boxed elementor-section-height-default elementor-section-height-default\" data-id=\"2f297a4e\" data-element_type=\"section\" data-e-type=\"section\">\n\t\t\t\t\t\t<div class=\"elementor-container elementor-column-gap-default\">\n\t\t\t\t\t<div class=\"elementor-column elementor-col-100 elementor-top-column elementor-element elementor-element-ff56ce4\" data-id=\"ff56ce4\" data-element_type=\"column\" data-e-type=\"column\">\n\t\t\t<div class=\"elementor-widget-wrap elementor-element-populated\">\n\t\t\t\t\t\t<div class=\"elementor-element elementor-element-af1d1fb elementor-widget elementor-widget-spacer\" data-id=\"af1d1fb\" data-element_type=\"widget\" data-e-type=\"widget\" data-widget_type=\"spacer.default\">\n\t\t\t\t<div class=\"elementor-widget-container\">\n\t\t\t\t\t\t\t<div class=\"elementor-spacer\">\n\t\t\t<div class=\"elementor-spacer-inner\"><\/div>\n\t\t<\/div>\n\t\t\t\t\t\t<\/div>\n\t\t\t\t<\/div>\n\t\t\t\t\t<\/div>\n\t\t<\/div>\n\t\t\t\t\t<\/div>\n\t\t<\/section>\n\t\t\t\t<section class=\"elementor-section elementor-top-section elementor-element elementor-element-432fb097 elementor-section-boxed elementor-section-height-default elementor-section-height-default\" data-id=\"432fb097\" data-element_type=\"section\" data-e-type=\"section\">\n\t\t\t\t\t\t<div class=\"elementor-container elementor-column-gap-default\">\n\t\t\t\t\t<div class=\"elementor-column elementor-col-100 elementor-top-column elementor-element elementor-element-45256dc1\" data-id=\"45256dc1\" data-element_type=\"column\" data-e-type=\"column\">\n\t\t\t<div class=\"elementor-widget-wrap\">\n\t\t\t\t\t\t\t<\/div>\n\t\t<\/div>\n\t\t\t\t\t<\/div>\n\t\t<\/section>\n\t\t\t\t<section class=\"elementor-section elementor-top-section elementor-element elementor-element-167bd113 elementor-section-boxed elementor-section-height-default elementor-section-height-default\" data-id=\"167bd113\" data-element_type=\"section\" data-e-type=\"section\">\n\t\t\t\t\t\t<div class=\"elementor-container elementor-column-gap-default\">\n\t\t\t\t\t<div class=\"elementor-column elementor-col-100 elementor-top-column elementor-element elementor-element-6cf67f4\" data-id=\"6cf67f4\" data-element_type=\"column\" data-e-type=\"column\">\n\t\t\t<div class=\"elementor-widget-wrap\">\n\t\t\t\t\t\t\t<\/div>\n\t\t<\/div>\n\t\t\t\t\t<\/div>\n\t\t<\/section>\n\t\t\t\t<section class=\"elementor-section elementor-top-section elementor-element elementor-element-29ab019e elementor-section-boxed elementor-section-height-default elementor-section-height-default\" data-id=\"29ab019e\" data-element_type=\"section\" data-e-type=\"section\" data-settings=\"{&quot;background_background&quot;:&quot;classic&quot;}\">\n\t\t\t\t\t\t<div class=\"elementor-container elementor-column-gap-default\">\n\t\t\t\t\t<div class=\"elementor-column elementor-col-50 elementor-top-column elementor-element elementor-element-3d4e4321\" data-id=\"3d4e4321\" data-element_type=\"column\" data-e-type=\"column\">\n\t\t\t<div class=\"elementor-widget-wrap elementor-element-populated\">\n\t\t\t\t\t\t<div class=\"elementor-element elementor-element-2151b2fc elementor-widget elementor-widget-text-editor\" data-id=\"2151b2fc\" data-element_type=\"widget\" data-e-type=\"widget\" data-widget_type=\"text-editor.default\">\n\t\t\t\t<div class=\"elementor-widget-container\">\n\t\t\t\t\t\t\t\t\t<p><strong style=\"color: #000000;font-family: var( --e-global-typography-text-font-family ), Sans-serif;font-size: 1rem\">Contacto: <\/strong><a style=\"font-family: var( --e-global-typography-text-font-family ), Sans-serif;font-size: 1rem\" href=\"mailto:politicaeconomica@cee.uned.es\">politicaeconomica@cee.uned.es<\/a><\/p>\t\t\t\t\t\t\t\t<\/div>\n\t\t\t\t<\/div>\n\t\t\t\t<div class=\"elementor-element elementor-element-14a19e31 elementor-widget elementor-widget-text-editor\" data-id=\"14a19e31\" data-element_type=\"widget\" data-e-type=\"widget\" data-widget_type=\"text-editor.default\">\n\t\t\t\t<div class=\"elementor-widget-container\">\n\t\t\t\t\t\t\t\t\t<p>@ 2021. Econom\u00eda Pol\u00edtica Internacional y Espa\u00f1ola. UNED<br \/><a href=\"https:\/\/blogs.uned.es\/economia-politica-internacional\/nota-legal\/\">Nota legal<\/a>\u00a0 |\u00a0 <a href=\"https:\/\/blogs.uned.es\/economia-politica-internacional\/cookies\/\">Pol\u00edtica Cookies<\/a>\u00a0 |\u00a0 <a href=\"https:\/\/blogs.uned.es\/economia-politica-internacional\/lenguaje-inclusivo\/\">Lenguaje inclusivo<\/a><\/p>\t\t\t\t\t\t\t\t<\/div>\n\t\t\t\t<\/div>\n\t\t\t\t\t<\/div>\n\t\t<\/div>\n\t\t\t\t<div class=\"elementor-column elementor-col-50 elementor-top-column elementor-element elementor-element-5c86beff\" data-id=\"5c86beff\" data-element_type=\"column\" data-e-type=\"column\">\n\t\t\t<div class=\"elementor-widget-wrap elementor-element-populated\">\n\t\t\t\t\t\t<div class=\"elementor-element elementor-element-6d7673a elementor-widget elementor-widget-image\" data-id=\"6d7673a\" data-element_type=\"widget\" data-e-type=\"widget\" data-widget_type=\"image.default\">\n\t\t\t\t<div class=\"elementor-widget-container\">\n\t\t\t\t\t\t\t\t\t\t\t\t\t\t\t<img decoding=\"async\" width=\"162\" height=\"20\" src=\"https:\/\/blogs.uned.es\/economia-politica-internacional\/wp-content\/uploads\/sites\/305\/2021\/01\/somos2020-ODS.png\" class=\"attachment-large size-large wp-image-1154\" alt=\"\" \/>\t\t\t\t\t\t\t\t\t\t\t\t\t\t\t<\/div>\n\t\t\t\t<\/div>\n\t\t\t\t\t<\/div>\n\t\t<\/div>\n\t\t\t\t\t<\/div>\n\t\t<\/section>\n\t\t\t\t<\/div>\n\t\t","protected":false},"excerpt":{"rendered":"<p>Presentaci\u00f3n El Grupo de Investigaci\u00f3n en Econom\u00eda Pol\u00edtica Internacional y Espa\u00f1ola se constituy\u00f3, como grupo de investigaci\u00f3n consolidado de la UNED, en el a\u00f1o 2007 y est\u00e1 compuesto, principalmente, por los profesores del \u00e1rea de Pol\u00edtica Econ\u00f3mica del Departamento de Econom\u00eda Aplicada de la Facultad de Ciencias Econ\u00f3micas de la UNED. Adem\u00e1s de su labor [&hellip;]<\/p>\n","protected":false},"author":7397,"featured_media":0,"parent":0,"menu_order":0,"comment_status":"closed","ping_status":"closed","template":"","meta":{"footnotes":""},"class_list":["post-1273","page","type-page","status-publish","hentry"],"_links":{"self":[{"href":"https:\/\/blogs.uned.es\/economia-politica-internacional\/wp-json\/wp\/v2\/pages\/1273","targetHints":{"allow":["GET"]}}],"collection":[{"href":"https:\/\/blogs.uned.es\/economia-politica-internacional\/wp-json\/wp\/v2\/pages"}],"about":[{"href":"https:\/\/blogs.uned.es\/economia-politica-internacional\/wp-json\/wp\/v2\/types\/page"}],"author":[{"embeddable":true,"href":"https:\/\/blogs.uned.es\/economia-politica-internacional\/wp-json\/wp\/v2\/users\/7397"}],"replies":[{"embeddable":true,"href":"https:\/\/blogs.uned.es\/economia-politica-internacional\/wp-json\/wp\/v2\/comments?post=1273"}],"version-history":[{"count":66,"href":"https:\/\/blogs.uned.es\/economia-politica-internacional\/wp-json\/wp\/v2\/pages\/1273\/revisions"}],"predecessor-version":[{"id":4629,"href":"https:\/\/blogs.uned.es\/economia-politica-internacional\/wp-json\/wp\/v2\/pages\/1273\/revisions\/4629"}],"wp:attachment":[{"href":"https:\/\/blogs.uned.es\/economia-politica-internacional\/wp-json\/wp\/v2\/media?parent=1273"}],"curies":[{"name":"wp","href":"https:\/\/api.w.org\/{rel}","templated":true}]}}