{"id":1121,"date":"2020-11-14T13:16:29","date_gmt":"2020-11-14T12:16:29","guid":{"rendered":"http:\/\/blogs.uned.es\/digitaleconomy\/?page_id=1121"},"modified":"2021-11-28T12:20:43","modified_gmt":"2021-11-28T11:20:43","slug":"inicio-home","status":"publish","type":"page","link":"https:\/\/blogs.uned.es\/digitaleconomy\/","title":{"rendered":"Inicio\/Home"},"content":{"rendered":"\t\t<div data-elementor-type=\"wp-page\" data-elementor-id=\"1121\" class=\"elementor elementor-1121\">\n\t\t\t\t\t\t<section class=\"elementor-section elementor-top-section elementor-element elementor-element-cb6d8bd elementor-section-boxed elementor-section-height-default elementor-section-height-default\" data-id=\"cb6d8bd\" data-element_type=\"section\" data-e-type=\"section\">\n\t\t\t\t\t\t<div class=\"elementor-container elementor-column-gap-default\">\n\t\t\t\t\t<div class=\"elementor-column elementor-col-50 elementor-top-column elementor-element elementor-element-1c16b59\" data-id=\"1c16b59\" data-element_type=\"column\" data-e-type=\"column\">\n\t\t\t<div class=\"elementor-widget-wrap elementor-element-populated\">\n\t\t\t\t\t\t<div class=\"elementor-element elementor-element-7b38211 elementor-widget elementor-widget-text-editor\" data-id=\"7b38211\" data-element_type=\"widget\" data-e-type=\"widget\" data-widget_type=\"text-editor.default\">\n\t\t\t\t<div class=\"elementor-widget-container\">\n\t\t\t\t\t\t\t\t\t<p style=\"text-align: justify\"><span style=\"color: #000000\">La Econom\u00eda Digital se encuentra en el centro de las prioridades establecidas por la Comisi\u00f3n Europea (CE) para el per\u00edodo 2019-24, seg\u00fan ha se\u00f1alado\u00a0 la presidente Von der Leyen, al ser el motor m\u00e1s importante de innovaci\u00f3n, competitividad y empleo en Europa. La forma en que las empresas europeas adopten las tecnolog\u00edas digitales ser\u00e1 clave para su crecimiento futuro. La digitalizaci\u00f3n es tambi\u00e9n necesaria, obligatoria, para que las pymes y los profesionales tengan \u00e9xito en nuestro mundo hiperconectado.<\/span><\/p><p style=\"text-align: justify\"><span style=\"color: #000000\">Esta c\u00e1tedra Jean Monnet est\u00e1 centrada en un tema, la econom\u00eda digital, que afecta cada vez m\u00e1s a las empresas, instituciones y ciudadanos de la UE, siendo un \u00e1rea que necesita de una mayor profundizaci\u00f3n (en docencia e investigaci\u00f3n) en los estudios sobre la UE.\u00a0<\/span><\/p>\t\t\t\t\t\t\t\t<\/div>\n\t\t\t\t<\/div>\n\t\t\t\t\t<\/div>\n\t\t<\/div>\n\t\t\t\t<div class=\"elementor-column elementor-col-50 elementor-top-column elementor-element elementor-element-3b8735c\" data-id=\"3b8735c\" data-element_type=\"column\" data-e-type=\"column\">\n\t\t\t<div class=\"elementor-widget-wrap elementor-element-populated\">\n\t\t\t\t\t\t<div class=\"elementor-element elementor-element-7698d28 elementor-widget elementor-widget-image\" data-id=\"7698d28\" data-element_type=\"widget\" data-e-type=\"widget\" data-widget_type=\"image.default\">\n\t\t\t\t<div class=\"elementor-widget-container\">\n\t\t\t\t\t\t\t\t\t\t\t\t\t\t\t<img fetchpriority=\"high\" decoding=\"async\" width=\"888\" height=\"578\" src=\"https:\/\/blogs.uned.es\/digitaleconomy\/wp-content\/uploads\/sites\/253\/2020\/11\/02.jpg\" class=\"attachment-large size-large wp-image-1083\" alt=\"\" srcset=\"https:\/\/blogs.uned.es\/digitaleconomy\/wp-content\/uploads\/sites\/253\/2020\/11\/02.jpg 888w, https:\/\/blogs.uned.es\/digitaleconomy\/wp-content\/uploads\/sites\/253\/2020\/11\/02-300x195.jpg 300w, https:\/\/blogs.uned.es\/digitaleconomy\/wp-content\/uploads\/sites\/253\/2020\/11\/02-768x500.jpg 768w\" sizes=\"(max-width: 888px) 100vw, 888px\" \/>\t\t\t\t\t\t\t\t\t\t\t\t\t\t\t<\/div>\n\t\t\t\t<\/div>\n\t\t\t\t\t<\/div>\n\t\t<\/div>\n\t\t\t\t\t<\/div>\n\t\t<\/section>\n\t\t\t\t<section class=\"elementor-section elementor-top-section elementor-element elementor-element-448b423 elementor-section-boxed elementor-section-height-default elementor-section-height-default\" data-id=\"448b423\" data-element_type=\"section\" data-e-type=\"section\">\n\t\t\t\t\t\t<div class=\"elementor-container elementor-column-gap-wide\">\n\t\t\t\t\t<div class=\"elementor-column elementor-col-50 elementor-top-column elementor-element elementor-element-1383374\" data-id=\"1383374\" data-element_type=\"column\" data-e-type=\"column\">\n\t\t\t<div class=\"elementor-widget-wrap elementor-element-populated\">\n\t\t\t\t\t\t<div class=\"elementor-element elementor-element-75b836f elementor-widget elementor-widget-image\" data-id=\"75b836f\" data-element_type=\"widget\" data-e-type=\"widget\" data-widget_type=\"image.default\">\n\t\t\t\t<div class=\"elementor-widget-container\">\n\t\t\t\t\t\t\t\t\t\t\t\t\t\t\t<img decoding=\"async\" width=\"888\" height=\"578\" src=\"https:\/\/blogs.uned.es\/digitaleconomy\/wp-content\/uploads\/sites\/253\/2020\/11\/01.jpg\" class=\"attachment-large size-large wp-image-1075\" alt=\"\" srcset=\"https:\/\/blogs.uned.es\/digitaleconomy\/wp-content\/uploads\/sites\/253\/2020\/11\/01.jpg 888w, https:\/\/blogs.uned.es\/digitaleconomy\/wp-content\/uploads\/sites\/253\/2020\/11\/01-300x195.jpg 300w, https:\/\/blogs.uned.es\/digitaleconomy\/wp-content\/uploads\/sites\/253\/2020\/11\/01-768x500.jpg 768w\" sizes=\"(max-width: 888px) 100vw, 888px\" \/>\t\t\t\t\t\t\t\t\t\t\t\t\t\t\t<\/div>\n\t\t\t\t<\/div>\n\t\t\t\t\t<\/div>\n\t\t<\/div>\n\t\t\t\t<div class=\"elementor-column elementor-col-50 elementor-top-column elementor-element elementor-element-4876244\" data-id=\"4876244\" data-element_type=\"column\" data-e-type=\"column\">\n\t\t\t<div class=\"elementor-widget-wrap elementor-element-populated\">\n\t\t\t\t\t\t<div class=\"elementor-element elementor-element-c0316b8 elementor-widget elementor-widget-text-editor\" data-id=\"c0316b8\" data-element_type=\"widget\" data-e-type=\"widget\" data-widget_type=\"text-editor.default\">\n\t\t\t\t<div class=\"elementor-widget-container\">\n\t\t\t\t\t\t\t\t\t<p style=\"text-align: justify\">The Digital Economy is in the core of the priorities established by the European Commission (EC) for 2019-24, as indicated by president Von der Leyen. It is the single most important driver of innovation, competitiveness and employment. How European businesses adopt digital technologies will be a key for their future growth. Digitalization is also mandatory for SME and professionals to succeed in our hyperconnected Word.<\/p><p style=\"text-align: justify\">This Jean Monnet chair clearly focuses on a subject which increasingly affects EU companies, institutions and citizens, in an area that needs deepen teaching in EU studies.<\/p>\t\t\t\t\t\t\t\t<\/div>\n\t\t\t\t<\/div>\n\t\t\t\t\t<\/div>\n\t\t<\/div>\n\t\t\t\t\t<\/div>\n\t\t<\/section>\n\t\t\t\t<section class=\"elementor-section elementor-top-section elementor-element elementor-element-82226ab elementor-section-boxed elementor-section-height-default elementor-section-height-default\" data-id=\"82226ab\" data-element_type=\"section\" data-e-type=\"section\">\n\t\t\t\t\t\t<div class=\"elementor-container elementor-column-gap-default\">\n\t\t\t\t\t<div class=\"elementor-column elementor-col-100 elementor-top-column elementor-element elementor-element-1d67289\" data-id=\"1d67289\" data-element_type=\"column\" data-e-type=\"column\">\n\t\t\t<div class=\"elementor-widget-wrap elementor-element-populated\">\n\t\t\t\t\t\t<div class=\"elementor-element elementor-element-a45d647 elementor-widget elementor-widget-image\" data-id=\"a45d647\" data-element_type=\"widget\" data-e-type=\"widget\" data-widget_type=\"image.default\">\n\t\t\t\t<div class=\"elementor-widget-container\">\n\t\t\t\t\t\t\t\t\t\t\t\t\t\t\t<img decoding=\"async\" src=\"https:\/\/blogs.uned.es\/digitaleconomy\/wp-content\/uploads\/sites\/253\/elementor\/thumbs\/logosbeneficaireserasmusleft_withthesupportof-oyeey7829v6avmkqagz0o2sbbymdfzelk1jfs2go84.jpg\" title=\"logosbeneficaireserasmusleft_withthesupportof\" alt=\"logosbeneficaireserasmusleft_withthesupportof\" loading=\"lazy\" \/>\t\t\t\t\t\t\t\t\t\t\t\t\t\t\t<\/div>\n\t\t\t\t<\/div>\n\t\t\t\t\t<\/div>\n\t\t<\/div>\n\t\t\t\t\t<\/div>\n\t\t<\/section>\n\t\t\t\t<section class=\"elementor-section elementor-top-section elementor-element elementor-element-8b00629 elementor-section-boxed elementor-section-height-default elementor-section-height-default\" data-id=\"8b00629\" data-element_type=\"section\" data-e-type=\"section\">\n\t\t\t\t\t\t<div class=\"elementor-container elementor-column-gap-default\">\n\t\t\t\t\t<div class=\"elementor-column elementor-col-100 elementor-top-column elementor-element elementor-element-4844fe0\" data-id=\"4844fe0\" data-element_type=\"column\" data-e-type=\"column\">\n\t\t\t<div class=\"elementor-widget-wrap elementor-element-populated\">\n\t\t\t\t\t\t<div class=\"elementor-element elementor-element-e66654d elementor-widget elementor-widget-text-editor\" data-id=\"e66654d\" data-element_type=\"widget\" data-e-type=\"widget\" data-widget_type=\"text-editor.default\">\n\t\t\t\t<div class=\"elementor-widget-container\">\n\t\t\t\t\t\t\t\t\t<p style=\"text-align: center\"><span style=\"color: #204f80;font-family: Helvetica, sans-serif;font-size: small\">El apoyo de la Comisi\u00f3n Europea para la producci\u00f3n de esta publicaci\u00f3n no constituye una aprobaci\u00f3n del contenido, el cual refleja \u00fanicamente las opiniones de los autores, y la Comisi\u00f3n no se hace responsable del uso que pueda hacerse de la informaci\u00f3n contenida en la misma. \/\u00a0<\/span><span style=\"color: #204f80;font-family: Helvetica, sans-serif;font-size: small\">The European Commission support for the production of this publication does not constitute an endorsement of the content, which reflects the views only of the authors, and the Commission cannot be held responsible for any use which may be made of the information contained therein.<\/span><\/p>\t\t\t\t\t\t\t\t<\/div>\n\t\t\t\t<\/div>\n\t\t\t\t\t<\/div>\n\t\t<\/div>\n\t\t\t\t\t<\/div>\n\t\t<\/section>\n\t\t\t\t<section class=\"elementor-section elementor-top-section elementor-element elementor-element-b204ce0 elementor-section-boxed elementor-section-height-default elementor-section-height-default\" data-id=\"b204ce0\" data-element_type=\"section\" data-e-type=\"section\">\n\t\t\t\t\t\t<div class=\"elementor-container elementor-column-gap-default\">\n\t\t\t\t\t<div class=\"elementor-column elementor-col-100 elementor-top-column elementor-element elementor-element-1101ba8\" data-id=\"1101ba8\" data-element_type=\"column\" data-e-type=\"column\">\n\t\t\t<div class=\"elementor-widget-wrap elementor-element-populated\">\n\t\t\t\t\t\t<div class=\"elementor-element elementor-element-2060750 elementor-position-left elementor-vertical-align-middle elementor-widget elementor-widget-image-box\" data-id=\"2060750\" data-element_type=\"widget\" data-e-type=\"widget\" data-widget_type=\"image-box.default\">\n\t\t\t\t<div class=\"elementor-widget-container\">\n\t\t\t\t\t<div class=\"elementor-image-box-wrapper\"><figure class=\"elementor-image-box-img\"><a href=\"https:\/\/creativecommons.org\/licenses\/by\/4.0\/\" tabindex=\"-1\"><img decoding=\"async\" src=\"https:\/\/blogs.uned.es\/digitaleconomy\/wp-content\/uploads\/sites\/253\/elementor\/thumbs\/CC-BY_h-oyefrv0k2a2zymx4cqz7eomsi0wivcpywp0ow5cfsw.jpg\" title=\"CC BY\" alt=\"CC BY\" loading=\"lazy\" \/><\/a><\/figure><div class=\"elementor-image-box-content\"><p class=\"elementor-image-box-description\">Este obra cuyo autor es Jean Monnet Chair 619793-EPP-1-2020-1-ES-EPPJMO-CHAIR est\u00e1 bajo una licencia de Reconocimiento 4.0 Internacional <i>de Creative Commons. <\/i><br><i>\n<\/i>          This work by Jean Monnet Chair 619793-EPP-1-2020-1-ES-EPPJMO-CHAIR is licensed under a Creative Commons Attribution 4.0 International License.\n<\/p><\/div><\/div>\t\t\t\t<\/div>\n\t\t\t\t<\/div>\n\t\t\t\t\t<\/div>\n\t\t<\/div>\n\t\t\t\t\t<\/div>\n\t\t<\/section>\n\t\t\t\t<\/div>\n\t\t","protected":false},"excerpt":{"rendered":"<p>La Econom\u00eda Digital se encuentra en el centro de las prioridades establecidas por la Comisi\u00f3n Europea (CE) para el per\u00edodo 2019-24, seg\u00fan ha se\u00f1alado&nbsp; la presidente Von der Leyen, al ser el motor m\u00e1s importante de innovaci\u00f3n, competitividad y empleo en Europa. La forma en que las empresas europeas adopten las tecnolog\u00edas digitales ser\u00e1 clave para su crecimiento futuro. La digitalizaci\u00f3n es tambi\u00e9n necesaria, obligatoria, para que las pymes y los profesionales tengan \u00e9xito en nuestro mundo hiperconectado. Esta c\u00e1tedra Jean Monnet est\u00e1 centrada en un tema, la econom\u00eda digital, que afecta cada vez m\u00e1s a las empresas, instituciones y ciudadanos de la UE, siendo un \u00e1rea que necesita de una mayor profundizaci\u00f3n (en docencia e investigaci\u00f3n) en los estudios sobre la UE.&nbsp; The Digital Economy is in the core of the priorities established by the European Commission (EC) for 2019-24, as indicated by president Von der Leyen. It is the single most important driver of innovation, competitiveness and employment. How European businesses adopt digital technologies will be a key for their future growth. Digitalization is also mandatory for SME and professionals to succeed in our hyperconnected Word. This Jean Monnet chair clearly focuses on a subject which increasingly affects EU companies, institutions and citizens, in an area that needs deepen teaching in EU studies. El apoyo de la Comisi\u00f3n Europea para la producci\u00f3n de esta publicaci\u00f3n no constituye una aprobaci\u00f3n del contenido, el cual refleja \u00fanicamente las opiniones de los autores, y la Comisi\u00f3n no se hace responsable del uso que pueda hacerse de la informaci\u00f3n contenida en la misma. \/&nbsp;The European Commission support for the production of this publication does not constitute an endorsement of the content, which reflects the views only of the authors, and the Commission cannot be held responsible for any use which may be made of the information contained therein. Este obra cuyo autor es Jean Monnet Chair 619793-EPP-1-2020-1-ES-EPPJMO-CHAIR est\u00e1 bajo una licencia de Reconocimiento 4.0 Internacional de Creative Commons. This work by Jean Monnet Chair 619793-EPP-1-2020-1-ES-EPPJMO-CHAIR is licensed under a Creative Commons Attribution 4.0 International License.<\/p>\n","protected":false},"author":7353,"featured_media":0,"parent":0,"menu_order":0,"comment_status":"closed","ping_status":"closed","template":"","meta":{"footnotes":""},"class_list":["post-1121","page","type-page","status-publish","hentry"],"_links":{"self":[{"href":"https:\/\/blogs.uned.es\/digitaleconomy\/wp-json\/wp\/v2\/pages\/1121","targetHints":{"allow":["GET"]}}],"collection":[{"href":"https:\/\/blogs.uned.es\/digitaleconomy\/wp-json\/wp\/v2\/pages"}],"about":[{"href":"https:\/\/blogs.uned.es\/digitaleconomy\/wp-json\/wp\/v2\/types\/page"}],"author":[{"embeddable":true,"href":"https:\/\/blogs.uned.es\/digitaleconomy\/wp-json\/wp\/v2\/users\/7353"}],"replies":[{"embeddable":true,"href":"https:\/\/blogs.uned.es\/digitaleconomy\/wp-json\/wp\/v2\/comments?post=1121"}],"version-history":[{"count":11,"href":"https:\/\/blogs.uned.es\/digitaleconomy\/wp-json\/wp\/v2\/pages\/1121\/revisions"}],"predecessor-version":[{"id":2671,"href":"https:\/\/blogs.uned.es\/digitaleconomy\/wp-json\/wp\/v2\/pages\/1121\/revisions\/2671"}],"wp:attachment":[{"href":"https:\/\/blogs.uned.es\/digitaleconomy\/wp-json\/wp\/v2\/media?parent=1121"}],"curies":[{"name":"wp","href":"https:\/\/api.w.org\/{rel}","templated":true}]}}