{"id":335,"date":"2020-07-10T10:54:48","date_gmt":"2020-07-10T10:54:48","guid":{"rendered":"http:\/\/blogs.uned.es\/coren\/?page_id=335"},"modified":"2020-07-10T10:54:48","modified_gmt":"2020-07-10T10:54:48","slug":"fases","status":"publish","type":"page","link":"https:\/\/blogs.uned.es\/coren\/proyecto-innovacion-2019-20\/fases\/","title":{"rendered":"Fases"},"content":{"rendered":"<p>Se desarrollar\u00e1 en dos fases:<\/p>\n<p><strong>1\u00aa fase. Experimentaci\u00f3n:<\/strong> Desarrollo de innovaciones docentes. Se pondr\u00e1n en pr\u00e1ctica las metodolog\u00edas digitales activas y colaborativas, de tal forma que los resultados obtenidos en cada una de ellas puedan enriquecer un mapa de pedagog\u00edas digitales innovadoras basadas en: aprendizaje significativo y pensamiento cr\u00edtico, aprendizaje colaborativo, estudio de casos, metodolog\u00edas basadas en webconferencias y\/o videoclases, metodolog\u00eda aprender haciendo (seminarios, medilab), realidad aumentada, metodolog\u00eda basada en MOOC, gamificaci\u00f3n, aprendizaje basado en proyectos o problemas, as\u00ed como metodolog\u00eda basada en itinerarios did\u00e1cticos.<\/p>\n<p><strong>2\u00aa fase. Investigaci\u00f3n:<\/strong> An\u00e1lisis de la potencialidad de las pedagog\u00edas desarrolladas en las asignaturas.<\/p>\n<p>1) Dise\u00f1o mixto: cuantitativo y cualitativo<\/p>\n<p>2) Poblaci\u00f3n y muestra: Profesorado y alumnado de las asignaturas.<\/p>\n<p>3) Instrumentos: Cuestionario, grupos de discusi\u00f3n y entrevistas semiestructuradas.<\/p>\n<p>&nbsp;<\/p>\n","protected":false},"excerpt":{"rendered":"<p>Se desarrollar\u00e1 en dos fases: 1\u00aa fase. Experimentaci\u00f3n: Desarrollo de innovaciones docentes. Se pondr\u00e1n en pr\u00e1ctica las metodolog\u00edas digitales activas y colaborativas, de tal forma que los resultados obtenidos en cada una de ellas puedan enriquecer un mapa de pedagog\u00edas <a class=\"more-link\" href=\"https:\/\/blogs.uned.es\/coren\/proyecto-innovacion-2019-20\/fases\/\">Seguir leyendo <span class=\"meta-nav\">&rarr;<\/span><\/a><\/p>\n","protected":false},"author":215,"featured_media":0,"parent":325,"menu_order":2,"comment_status":"closed","ping_status":"closed","template":"","meta":{"footnotes":""},"class_list":["post-335","page","type-page","status-publish","hentry"],"_links":{"self":[{"href":"https:\/\/blogs.uned.es\/coren\/wp-json\/wp\/v2\/pages\/335","targetHints":{"allow":["GET"]}}],"collection":[{"href":"https:\/\/blogs.uned.es\/coren\/wp-json\/wp\/v2\/pages"}],"about":[{"href":"https:\/\/blogs.uned.es\/coren\/wp-json\/wp\/v2\/types\/page"}],"author":[{"embeddable":true,"href":"https:\/\/blogs.uned.es\/coren\/wp-json\/wp\/v2\/users\/215"}],"replies":[{"embeddable":true,"href":"https:\/\/blogs.uned.es\/coren\/wp-json\/wp\/v2\/comments?post=335"}],"version-history":[{"count":1,"href":"https:\/\/blogs.uned.es\/coren\/wp-json\/wp\/v2\/pages\/335\/revisions"}],"predecessor-version":[{"id":337,"href":"https:\/\/blogs.uned.es\/coren\/wp-json\/wp\/v2\/pages\/335\/revisions\/337"}],"up":[{"embeddable":true,"href":"https:\/\/blogs.uned.es\/coren\/wp-json\/wp\/v2\/pages\/325"}],"wp:attachment":[{"href":"https:\/\/blogs.uned.es\/coren\/wp-json\/wp\/v2\/media?parent=335"}],"curies":[{"name":"wp","href":"https:\/\/api.w.org\/{rel}","templated":true}]}}