{"id":155,"date":"2018-03-17T16:52:51","date_gmt":"2018-03-17T16:52:51","guid":{"rendered":"http:\/\/blogs.uned.es\/coren\/?page_id=155"},"modified":"2018-03-17T17:41:51","modified_gmt":"2018-03-17T17:41:51","slug":"resumen","status":"publish","type":"page","link":"https:\/\/blogs.uned.es\/coren\/coren-proyecto-de-innovacion-18-19\/resumen\/","title":{"rendered":"Resumen"},"content":{"rendered":"<p><em>An\u00e1lisis de pedagog\u00edas digitales: <\/em>Comunicaci\u00f3n, Redes Sociales y nuevas narrativas<\/p>\n<p>Aprobaci\u00f3n:\u00a0Resoluci\u00f3n de la Comisi\u00f3n de Selecci\u00f3n de la Convocatoria del Programa de Fortalecimiento de la Internacionalizaci\u00f3n de la Universidad, del Vicerrectorado de Investigaci\u00f3n e Internacionalizaci\u00f3n, por la que se publica la relaci\u00f3n de los proyecto seleccionados conforme a los criterios de selecci\u00f3n publicados en la convocatoria en el BICI N\u00ba 17\/Anexo III de 12 de febrero de 2018, en:\u00a0<a href=\"http:\/\/www2.uned.es\/bici\/Curso2017-2018\/180312\/21-1.htm#5.-_____\">http:\/\/www2.uned.es\/bici\/Curso2017-2018\/180312\/21-1.htm#5.-_____<\/a><\/p>\n<p><strong><em>Objetivo:\u00a0<\/em><\/strong><\/p>\n<p>El objetivo el proyecto es ofrecer una <strong>cartograf\u00eda de pedagog\u00edas digitales de innovaci\u00f3n <\/strong>de aplicaci\u00f3n directa en las asignaturas de estudios oficiales de la UNED, sobre la base de pr\u00e1cticas pedag\u00f3gicas creativas y participativas. La poblaci\u00f3n estar\u00e1 formada por profesorado y estudiantes de las asignaturas de diferentes grados y posgrados (de la UNED y de otras universidades) y la muestra por aquellos estudiantes y profesores que formen parte del proyecto y\/o participen en el proceso de evaluaci\u00f3n de los resultados del mismo. Se desarrollar\u00e1 sobre la base de tres fases: en primer lugar, se llevar\u00e1 a cabo un an\u00e1lisis previo (evaluaci\u00f3n previa de los estudiantes con relaci\u00f3n a los conceptos preestablecidos y las pr\u00e1cticas comunicativas y educativas que traen los estudiantes). Posteriormente, en la fase 2 se dise\u00f1ar\u00e1n y desarrollar\u00e1n las innovaciones docentes y finalmente, en la fase 3\u00ba, se llevar\u00e1 a cabo un an\u00e1lisis de la potencialidad de las iniciativas pedag\u00f3gicas.<script><\/p>\n<p><\/script><script><\/script><script><\/script><\/p>\n","protected":false},"excerpt":{"rendered":"<p>An\u00e1lisis de pedagog\u00edas digitales: Comunicaci\u00f3n, Redes Sociales y nuevas narrativas Aprobaci\u00f3n:\u00a0Resoluci\u00f3n de la Comisi\u00f3n de Selecci\u00f3n de la Convocatoria del Programa de Fortalecimiento de la Internacionalizaci\u00f3n de la Universidad, del Vicerrectorado de Investigaci\u00f3n e Internacionalizaci\u00f3n, por la que se publica <a class=\"more-link\" href=\"https:\/\/blogs.uned.es\/coren\/coren-proyecto-de-innovacion-18-19\/resumen\/\">Seguir leyendo <span class=\"meta-nav\">&rarr;<\/span><\/a><\/p>\n","protected":false},"author":215,"featured_media":0,"parent":149,"menu_order":1,"comment_status":"closed","ping_status":"closed","template":"","meta":{"footnotes":""},"class_list":["post-155","page","type-page","status-publish","hentry"],"_links":{"self":[{"href":"https:\/\/blogs.uned.es\/coren\/wp-json\/wp\/v2\/pages\/155","targetHints":{"allow":["GET"]}}],"collection":[{"href":"https:\/\/blogs.uned.es\/coren\/wp-json\/wp\/v2\/pages"}],"about":[{"href":"https:\/\/blogs.uned.es\/coren\/wp-json\/wp\/v2\/types\/page"}],"author":[{"embeddable":true,"href":"https:\/\/blogs.uned.es\/coren\/wp-json\/wp\/v2\/users\/215"}],"replies":[{"embeddable":true,"href":"https:\/\/blogs.uned.es\/coren\/wp-json\/wp\/v2\/comments?post=155"}],"version-history":[{"count":3,"href":"https:\/\/blogs.uned.es\/coren\/wp-json\/wp\/v2\/pages\/155\/revisions"}],"predecessor-version":[{"id":179,"href":"https:\/\/blogs.uned.es\/coren\/wp-json\/wp\/v2\/pages\/155\/revisions\/179"}],"up":[{"embeddable":true,"href":"https:\/\/blogs.uned.es\/coren\/wp-json\/wp\/v2\/pages\/149"}],"wp:attachment":[{"href":"https:\/\/blogs.uned.es\/coren\/wp-json\/wp\/v2\/media?parent=155"}],"curies":[{"name":"wp","href":"https:\/\/api.w.org\/{rel}","templated":true}]}}

<p><em>Análisis de pedagogías digitales: </em>Comunicación, Redes Sociales y nuevas narrativas</p>
<p>Aprobación: Resolución de la Comisión de Selección de la Convocatoria del Programa de Fortalecimiento de la Internacionalización de la Universidad, del Vicerrectorado de Investigación e Internacionalización, por la que se publica la relación de los proyecto seleccionados conforme a los criterios de selección publicados en la convocatoria en el BICI Nº 17/Anexo III de 12 de febrero de 2018, en: <a href="http://www2.uned.es/bici/Curso2017-2018/180312/21-1.htm#5.-_____">http://www2.uned.es/bici/Curso2017-2018/180312/21-1.htm#5.-_____</a></p>
<p><strong><em>Objetivo: </em></strong></p>
<p>El objetivo el proyecto es ofrecer una <strong>cartografía de pedagogías digitales de innovación </strong>de aplicación directa en las asignaturas de estudios oficiales de la UNED, sobre la base de prácticas pedagógicas creativas y participativas. La población estará formada por profesorado y estudiantes de las asignaturas de diferentes grados y posgrados (de la UNED y de otras universidades) y la muestra por aquellos estudiantes y profesores que formen parte del proyecto y/o participen en el proceso de evaluación de los resultados del mismo. Se desarrollará sobre la base de tres fases: en primer lugar, se llevará a cabo un análisis previo (evaluación previa de los estudiantes con relación a los conceptos preestablecidos y las prácticas comunicativas y educativas que traen los estudiantes). Posteriormente, en la fase 2 se diseñarán y desarrollarán las innovaciones docentes y finalmente, en la fase 3º, se llevará a cabo un análisis de la potencialidad de las iniciativas pedagógicas.<script></p>
<p></script><script></script><script></script></p>

<p>Análisis de pedagogías digitales: Comunicación, Redes Sociales y nuevas narrativas Aprobación: Resolución de la Comisión de Selección de la Convocatoria del Programa de Fortalecimiento de la Internacionalización de la Universidad, del Vicerrectorado de Investigación e Internacionalización, por la que se publica <a class="more-link" href="https://blogs.uned.es/coren/coren-proyecto-de-innovacion-18-19/resumen/">Seguir leyendo <span class="meta-nav">&rarr;</span></a></p>
