{"id":15,"date":"2019-10-09T10:29:38","date_gmt":"2019-10-09T08:29:38","guid":{"rendered":"http:\/\/blogs.uned.es\/compedigi\/?page_id=15"},"modified":"2021-06-22T09:51:53","modified_gmt":"2021-06-22T07:51:53","slug":"inicio","status":"publish","type":"page","link":"https:\/\/blogs.uned.es\/compedigi\/","title":{"rendered":"Inicio"},"content":{"rendered":"\t\t<div data-elementor-type=\"wp-page\" data-elementor-id=\"15\" class=\"elementor elementor-15\">\n\t\t\t\t\t\t<section class=\"elementor-section elementor-top-section elementor-element elementor-element-ef2780b elementor-section-boxed elementor-section-height-default elementor-section-height-default\" data-id=\"ef2780b\" data-element_type=\"section\" data-e-type=\"section\">\n\t\t\t\t\t\t<div class=\"elementor-container elementor-column-gap-extended\">\n\t\t\t\t\t<div class=\"elementor-column elementor-col-33 elementor-top-column elementor-element elementor-element-facd656\" data-id=\"facd656\" data-element_type=\"column\" data-e-type=\"column\">\n\t\t\t<div class=\"elementor-widget-wrap elementor-element-populated\">\n\t\t\t\t\t\t<div class=\"elementor-element elementor-element-4a811d5 elementor-widget elementor-widget-image\" data-id=\"4a811d5\" data-element_type=\"widget\" data-e-type=\"widget\" data-widget_type=\"image.default\">\n\t\t\t\t<div class=\"elementor-widget-container\">\n\t\t\t\t\t\t\t\t\t\t\t\t\t\t\t\t<a href=\"#\">\n\t\t\t\t\t\t\t<img fetchpriority=\"high\" decoding=\"async\" width=\"696\" height=\"464\" src=\"https:\/\/blogs.uned.es\/compedigi\/wp-content\/uploads\/sites\/267\/2021\/01\/port\u00e1til-luz-1024x683.jpg\" class=\"attachment-large size-large wp-image-543\" alt=\"\" srcset=\"https:\/\/blogs.uned.es\/compedigi\/wp-content\/uploads\/sites\/267\/2021\/01\/port\u00e1til-luz-1024x683.jpg 1024w, https:\/\/blogs.uned.es\/compedigi\/wp-content\/uploads\/sites\/267\/2021\/01\/port\u00e1til-luz-300x200.jpg 300w, https:\/\/blogs.uned.es\/compedigi\/wp-content\/uploads\/sites\/267\/2021\/01\/port\u00e1til-luz-768x512.jpg 768w\" sizes=\"(max-width: 696px) 100vw, 696px\" \/>\t\t\t\t\t\t\t\t<\/a>\n\t\t\t\t\t\t\t\t\t\t\t\t\t\t\t<\/div>\n\t\t\t\t<\/div>\n\t\t\t\t<div class=\"elementor-element elementor-element-c068a42 elementor-widget elementor-widget-heading\" data-id=\"c068a42\" data-element_type=\"widget\" data-e-type=\"widget\" data-widget_type=\"heading.default\">\n\t\t\t\t<div class=\"elementor-widget-container\">\n\t\t\t\t\t<h5 class=\"elementor-heading-title elementor-size-default\"><a href=\"#\">Programa de capacitaci\u00f3n virtual de Formadores en Competencias Digitales (marzo 2021-junio 2022) <\/a><\/h5>\t\t\t\t<\/div>\n\t\t\t\t<\/div>\n\t\t\t\t<div class=\"elementor-element elementor-element-f8a0c53 elementor-widget elementor-widget-text-editor\" data-id=\"f8a0c53\" data-element_type=\"widget\" data-e-type=\"widget\" data-widget_type=\"text-editor.default\">\n\t\t\t\t<div class=\"elementor-widget-container\">\n\t\t\t\t\t\t\t\t\t<p style=\"text-align: center\">Entidad Organizadora: UNIVERSIDAD NACIONAL DE EDUCACI\u00d3N A DISTANCIA, UNED; Entidades Asociadas: OEI-Panam\u00e1 y Convenio Andr\u00e9s Bello.<\/p>\t\t\t\t\t\t\t\t<\/div>\n\t\t\t\t<\/div>\n\t\t\t\t\t<\/div>\n\t\t<\/div>\n\t\t\t\t<div class=\"elementor-column elementor-col-33 elementor-top-column elementor-element elementor-element-28a8314\" data-id=\"28a8314\" data-element_type=\"column\" data-e-type=\"column\">\n\t\t\t<div class=\"elementor-widget-wrap elementor-element-populated\">\n\t\t\t\t\t\t<div class=\"elementor-element elementor-element-27e2cea elementor-widget elementor-widget-image\" data-id=\"27e2cea\" data-element_type=\"widget\" data-e-type=\"widget\" data-widget_type=\"image.default\">\n\t\t\t\t<div class=\"elementor-widget-container\">\n\t\t\t\t\t\t\t\t\t\t\t\t\t\t\t\t<a href=\"#\">\n\t\t\t\t\t\t\t<img decoding=\"async\" width=\"696\" height=\"464\" src=\"https:\/\/blogs.uned.es\/compedigi\/wp-content\/uploads\/sites\/267\/2019\/10\/contentos-1024x683.jpg\" class=\"attachment-large size-large wp-image-57\" alt=\"\" srcset=\"https:\/\/blogs.uned.es\/compedigi\/wp-content\/uploads\/sites\/267\/2019\/10\/contentos-1024x683.jpg 1024w, https:\/\/blogs.uned.es\/compedigi\/wp-content\/uploads\/sites\/267\/2019\/10\/contentos-300x200.jpg 300w, https:\/\/blogs.uned.es\/compedigi\/wp-content\/uploads\/sites\/267\/2019\/10\/contentos-768x512.jpg 768w, https:\/\/blogs.uned.es\/compedigi\/wp-content\/uploads\/sites\/267\/2019\/10\/contentos.jpg 1200w\" sizes=\"(max-width: 696px) 100vw, 696px\" \/>\t\t\t\t\t\t\t\t<\/a>\n\t\t\t\t\t\t\t\t\t\t\t\t\t\t\t<\/div>\n\t\t\t\t<\/div>\n\t\t\t\t<div class=\"elementor-element elementor-element-a791e39 elementor-widget elementor-widget-heading\" data-id=\"a791e39\" data-element_type=\"widget\" data-e-type=\"widget\" data-widget_type=\"heading.default\">\n\t\t\t\t<div class=\"elementor-widget-container\">\n\t\t\t\t\t<h5 class=\"elementor-heading-title elementor-size-default\"><a href=\"#\">Capacitaci\u00f3n transferible a contextos o territorios de Am\u00e9rica Latina y El Caribe (ALC). Metodolog\u00eda basada en resoluci\u00f3n de problemas.<\/a><\/h5>\t\t\t\t<\/div>\n\t\t\t\t<\/div>\n\t\t\t\t<div class=\"elementor-element elementor-element-0c622b6 elementor-widget elementor-widget-text-editor\" data-id=\"0c622b6\" data-element_type=\"widget\" data-e-type=\"widget\" data-widget_type=\"text-editor.default\">\n\t\t\t\t<div class=\"elementor-widget-container\">\n\t\t\t\t\t\t\t\t\t<p>Cinco programas formativos que cubren las 5 \u00e1reas de competencias digitales y sus respectivas subcompetencias, de acuerdo al Marco Europeo de Competencias Digitales (DIGCOMP),\u00a0 adecu\u00e1ndose a la realidad de ALC. Ser\u00e1n impartidas por un equipo de especialistas en formaci\u00f3n digital.<\/p>\t\t\t\t\t\t\t\t<\/div>\n\t\t\t\t<\/div>\n\t\t\t\t\t<\/div>\n\t\t<\/div>\n\t\t\t\t<div class=\"elementor-column elementor-col-33 elementor-top-column elementor-element elementor-element-99ea8c9\" data-id=\"99ea8c9\" data-element_type=\"column\" data-e-type=\"column\">\n\t\t\t<div class=\"elementor-widget-wrap elementor-element-populated\">\n\t\t\t\t\t\t<div class=\"elementor-element elementor-element-fb0b998 elementor-widget elementor-widget-image\" data-id=\"fb0b998\" data-element_type=\"widget\" data-e-type=\"widget\" data-widget_type=\"image.default\">\n\t\t\t\t<div class=\"elementor-widget-container\">\n\t\t\t\t\t\t\t\t\t\t\t\t\t\t\t\t<a href=\"#\">\n\t\t\t\t\t\t\t<img decoding=\"async\" width=\"696\" height=\"465\" src=\"https:\/\/blogs.uned.es\/compedigi\/wp-content\/uploads\/sites\/267\/2019\/10\/alegres-1-1024x684.jpg\" class=\"attachment-large size-large wp-image-67\" alt=\"\" srcset=\"https:\/\/blogs.uned.es\/compedigi\/wp-content\/uploads\/sites\/267\/2019\/10\/alegres-1-1024x684.jpg 1024w, https:\/\/blogs.uned.es\/compedigi\/wp-content\/uploads\/sites\/267\/2019\/10\/alegres-1-300x200.jpg 300w, https:\/\/blogs.uned.es\/compedigi\/wp-content\/uploads\/sites\/267\/2019\/10\/alegres-1-768x513.jpg 768w, https:\/\/blogs.uned.es\/compedigi\/wp-content\/uploads\/sites\/267\/2019\/10\/alegres-1.jpg 1200w\" sizes=\"(max-width: 696px) 100vw, 696px\" \/>\t\t\t\t\t\t\t\t<\/a>\n\t\t\t\t\t\t\t\t\t\t\t\t\t\t\t<\/div>\n\t\t\t\t<\/div>\n\t\t\t\t<div class=\"elementor-element elementor-element-75dce39 elementor-widget elementor-widget-heading\" data-id=\"75dce39\" data-element_type=\"widget\" data-e-type=\"widget\" data-widget_type=\"heading.default\">\n\t\t\t\t<div class=\"elementor-widget-container\">\n\t\t\t\t\t<h5 class=\"elementor-heading-title elementor-size-default\"><a href=\"#\">Creaci\u00f3n de la Red o Comunidad Virtual de Colaboraci\u00f3n y Gesti\u00f3n de Conocimiento en Competencias Digitales<\/a><\/h5>\t\t\t\t<\/div>\n\t\t\t\t<\/div>\n\t\t\t\t<div class=\"elementor-element elementor-element-9774b72 elementor-widget elementor-widget-text-editor\" data-id=\"9774b72\" data-element_type=\"widget\" data-e-type=\"widget\" data-widget_type=\"text-editor.default\">\n\t\t\t\t<div class=\"elementor-widget-container\">\n\t\t\t\t\t\t\t\t\t<p style=\"text-align: center\">Conformada por los integrantes del programa de capacitaci\u00f3n, que se contactar\u00e1 a su vez con otras redes propendiendo a su sostenibilidad una vez concluido el <strong>Programa de capacitaci\u00f3n virtual de Formadores en Competencias Digitales (2021-2022).<\/strong><\/p>\t\t\t\t\t\t\t\t<\/div>\n\t\t\t\t<\/div>\n\t\t\t\t\t<\/div>\n\t\t<\/div>\n\t\t\t\t\t<\/div>\n\t\t<\/section>\n\t\t\t\t<section class=\"elementor-section elementor-top-section elementor-element elementor-element-fde810b elementor-section-stretched elementor-section-full_width elementor-section-height-min-height elementor-section-content-space-evenly elementor-section-height-default elementor-section-items-middle\" data-id=\"fde810b\" data-element_type=\"section\" data-e-type=\"section\" data-settings=\"{&quot;stretch_section&quot;:&quot;section-stretched&quot;,&quot;background_background&quot;:&quot;classic&quot;}\">\n\t\t\t\t\t\t<div class=\"elementor-container elementor-column-gap-no\">\n\t\t\t\t\t<div class=\"elementor-column elementor-col-100 elementor-top-column elementor-element elementor-element-5224ea1\" data-id=\"5224ea1\" data-element_type=\"column\" data-e-type=\"column\">\n\t\t\t<div class=\"elementor-widget-wrap elementor-element-populated\">\n\t\t\t\t\t\t<div class=\"elementor-element elementor-element-08626c3 elementor-widget elementor-widget-image\" data-id=\"08626c3\" data-element_type=\"widget\" data-e-type=\"widget\" data-widget_type=\"image.default\">\n\t\t\t\t<div class=\"elementor-widget-container\">\n\t\t\t\t\t\t\t\t\t\t\t\t\t\t\t<img decoding=\"async\" src=\"https:\/\/blogs.uned.es\/compedigi\/wp-content\/uploads\/sites\/267\/elementor\/thumbs\/Portada-chica-2-p1g4uceya3hqnd1m09ugjl6ir9zq118evb2jgkq1u8.jpg\" title=\"Portada chica\" alt=\"Portada chica\" loading=\"lazy\" \/>\t\t\t\t\t\t\t\t\t\t\t\t\t\t\t<\/div>\n\t\t\t\t<\/div>\n\t\t\t\t<div class=\"elementor-element elementor-element-a758fb7 elementor-widget elementor-widget-heading\" data-id=\"a758fb7\" data-element_type=\"widget\" data-e-type=\"widget\" data-widget_type=\"heading.default\">\n\t\t\t\t<div class=\"elementor-widget-container\">\n\t\t\t\t\t<h2 class=\"elementor-heading-title elementor-size-default\">\u00bfQu\u00e9 hacemos?<\/h2>\t\t\t\t<\/div>\n\t\t\t\t<\/div>\n\t\t\t\t<div class=\"elementor-element elementor-element-5fb4b14 elementor-align-center elementor-widget elementor-widget-button\" data-id=\"5fb4b14\" data-element_type=\"widget\" data-e-type=\"widget\" data-widget_type=\"button.default\">\n\t\t\t\t<div class=\"elementor-widget-container\">\n\t\t\t\t\t\t\t\t\t<div class=\"elementor-button-wrapper\">\n\t\t\t\t\t<a class=\"elementor-button elementor-button-link elementor-size-sm\" href=\"http:\/\/blogs.uned.es\/compedigi\/quienes\/\">\n\t\t\t\t\t\t<span class=\"elementor-button-content-wrapper\">\n\t\t\t\t\t\t\t\t\t<span class=\"elementor-button-text\">Con\u00f3cenos<\/span>\n\t\t\t\t\t<\/span>\n\t\t\t\t\t<\/a>\n\t\t\t\t<\/div>\n\t\t\t\t\t\t\t\t<\/div>\n\t\t\t\t<\/div>\n\t\t\t\t\t<\/div>\n\t\t<\/div>\n\t\t\t\t\t<\/div>\n\t\t<\/section>\n\t\t\t\t<section class=\"elementor-section elementor-top-section elementor-element elementor-element-6a15996 elementor-section-height-min-height elementor-section-boxed elementor-section-height-default elementor-section-items-middle\" data-id=\"6a15996\" data-element_type=\"section\" data-e-type=\"section\">\n\t\t\t\t\t\t<div class=\"elementor-container elementor-column-gap-default\">\n\t\t\t\t\t<div class=\"elementor-column elementor-col-100 elementor-top-column elementor-element elementor-element-d747bf8\" data-id=\"d747bf8\" data-element_type=\"column\" data-e-type=\"column\">\n\t\t\t<div class=\"elementor-widget-wrap elementor-element-populated\">\n\t\t\t\t\t\t<section class=\"elementor-section elementor-inner-section elementor-element elementor-element-8fad484 elementor-section-boxed elementor-section-height-default elementor-section-height-default\" data-id=\"8fad484\" data-element_type=\"section\" data-e-type=\"section\">\n\t\t\t\t\t\t<div class=\"elementor-container elementor-column-gap-default\">\n\t\t\t\t\t<div class=\"elementor-column elementor-col-66 elementor-inner-column elementor-element elementor-element-d3ec3f9\" data-id=\"d3ec3f9\" data-element_type=\"column\" data-e-type=\"column\">\n\t\t\t<div class=\"elementor-widget-wrap elementor-element-populated\">\n\t\t\t\t\t\t<div class=\"elementor-element elementor-element-dc7be17 elementor-widget elementor-widget-text-editor\" data-id=\"dc7be17\" data-element_type=\"widget\" data-e-type=\"widget\" data-widget_type=\"text-editor.default\">\n\t\t\t\t<div class=\"elementor-widget-container\">\n\t\t\t\t\t\t\t\t\t<p style=\"text-align: center\">La Comunidad Virtual Competencias Digitales para la ciudadan\u00eda (COMPEDIGI) est\u00e1 conformada por tres instituciones internacionales: Universidad Nacional de Educaci\u00f3n a Distancia, UNED (Espa\u00f1a); Organizaci\u00f3n de Estados Iberoamericanos (OEI) con su sede en Panam\u00e1, y Convenio Andr\u00e9s Bello (CAB) a trav\u00e9s de la Secretar\u00eda General con sede en Panam\u00e1.<\/p><p style=\"text-align: center\">Los integrantes (docentes e investigadores universitarios, personal de diferentes administraciones educativas, etc.) parten de una situaci\u00f3n cotidiana y real,\u00a0 en la que \u201clo digital\u201d est\u00e1 cada vez m\u00e1s presente en todos los \u00e1mbitos de la vida, en lo educativo, lo laboral, lo social, la econom\u00eda, lo cultural, el ocio, la salud, la investigaci\u00f3n, la gesti\u00f3n, etc. Es por este motivo, que se hace cada vez m\u00e1s necesario que todos los ciudadanos adquiramos un nivel de dominio, al menos b\u00e1sico, en cuanto a Competencias Digitales se refiere.<br \/>Es una preocupaci\u00f3n, a nivel institucional e internacional, la necesidad de formar a las personas como ciudadanos del siglo XXI.<br \/>Organismos a nivel internacional como la UNESCO (2011), la OCDE (2010) o la Comisi\u00f3n Europea (2006, 2016) han trabajado, desde hace unos a\u00f1os, y contin\u00faan haci\u00e9ndolo, en el desarrollo de las competencias entre las que encontramos las competencias digitales como una de las que m\u00e1s encajan en ese nuevo perfil del ciudadano del siglo XXI.<br \/>Buscar el desarrollo digital del ciudadano est\u00e1 orientado a la potenciaci\u00f3n, adquisici\u00f3n y entrenamiento de un conjunto de habilidad, conocimiento y actitudes de corte digital. Aunque, a esta perspectiva hay que a\u00f1adir que el ciudadano ha de saber\u00a0c\u00f3mo actuar en situaciones problem\u00e1ticas y poder encontrar soluciones a las mismas.<\/p><p style=\"text-align: center\">COMPEDIGI Inicia su trayectoria con un\u00a0<strong>Programa virtual de capacitaci\u00f3n de formadores\u00a0<\/strong><strong>en competencias digitales<\/strong>\u00a0financiado por\u00a0 <a href=\"https:\/\/intercoonecta.aecid.es\/\">INTERCOONECTA\/AECID<\/a>.\u00a0 Se ha partido de la siguiente premisa\u00a0 en cuanto a las\u00a0competencias digitales y su influencia en la ciudadan\u00eda: mejorar\u00e1n el puesto de trabajo de los profesionales, repercutiendo en el receptor del servicio.\u00a0 Al mismo tiempo, se puede capacitar a personas clave que formen a otras\u00a0, \u201cformaci\u00f3n en cascada\u201d, de tal modo que se llegue a diferentes \u00e1mbitos y contextos (proyectos sociales, centros de formaci\u00f3n, centros culturales, centros educativos, etc.) en las regiones de Am\u00e9rica Latina y El Caribe.<\/p>\t\t\t\t\t\t\t\t<\/div>\n\t\t\t\t<\/div>\n\t\t\t\t\t<\/div>\n\t\t<\/div>\n\t\t\t\t<div class=\"elementor-column elementor-col-33 elementor-inner-column elementor-element elementor-element-b6db57d\" data-id=\"b6db57d\" data-element_type=\"column\" data-e-type=\"column\">\n\t\t\t<div class=\"elementor-widget-wrap elementor-element-populated\">\n\t\t\t\t\t\t<div class=\"elementor-element elementor-element-705f740 elementor-widget elementor-widget-image\" data-id=\"705f740\" data-element_type=\"widget\" data-e-type=\"widget\" data-widget_type=\"image.default\">\n\t\t\t\t<div class=\"elementor-widget-container\">\n\t\t\t\t\t\t\t\t\t\t\t\t\t\t\t\t<a href=\"https:\/\/www.uned.es\/universidad\/inicio.html\">\n\t\t\t\t\t\t\t<img loading=\"lazy\" decoding=\"async\" width=\"150\" height=\"150\" src=\"https:\/\/blogs.uned.es\/compedigi\/wp-content\/uploads\/sites\/267\/2019\/10\/logo_uned_solo_transparente-150x150.png\" class=\"attachment-thumbnail size-thumbnail wp-image-63\" alt=\"\" srcset=\"https:\/\/blogs.uned.es\/compedigi\/wp-content\/uploads\/sites\/267\/2019\/10\/logo_uned_solo_transparente-150x150.png 150w, https:\/\/blogs.uned.es\/compedigi\/wp-content\/uploads\/sites\/267\/2019\/10\/logo_uned_solo_transparente-300x300.png 300w, https:\/\/blogs.uned.es\/compedigi\/wp-content\/uploads\/sites\/267\/2019\/10\/logo_uned_solo_transparente.png 500w\" sizes=\"(max-width: 150px) 100vw, 150px\" \/>\t\t\t\t\t\t\t\t<\/a>\n\t\t\t\t\t\t\t\t\t\t\t\t\t\t\t<\/div>\n\t\t\t\t<\/div>\n\t\t\t\t<div class=\"elementor-element elementor-element-c0d996b elementor-widget elementor-widget-image\" data-id=\"c0d996b\" data-element_type=\"widget\" data-e-type=\"widget\" data-widget_type=\"image.default\">\n\t\t\t\t<div class=\"elementor-widget-container\">\n\t\t\t\t\t\t\t\t\t\t\t\t\t\t\t\t<a href=\"https:\/\/oei.int\/oficinas\/panama\">\n\t\t\t\t\t\t\t<img loading=\"lazy\" decoding=\"async\" width=\"300\" height=\"195\" src=\"https:\/\/blogs.uned.es\/compedigi\/wp-content\/uploads\/sites\/267\/2021\/01\/OEI_marca_rgb_positivo_grafito-300x195.png\" class=\"attachment-medium size-medium wp-image-515\" alt=\"\" srcset=\"https:\/\/blogs.uned.es\/compedigi\/wp-content\/uploads\/sites\/267\/2021\/01\/OEI_marca_rgb_positivo_grafito-300x195.png 300w, https:\/\/blogs.uned.es\/compedigi\/wp-content\/uploads\/sites\/267\/2021\/01\/OEI_marca_rgb_positivo_grafito-768x499.png 768w, https:\/\/blogs.uned.es\/compedigi\/wp-content\/uploads\/sites\/267\/2021\/01\/OEI_marca_rgb_positivo_grafito-1024x665.png 1024w\" sizes=\"(max-width: 300px) 100vw, 300px\" \/>\t\t\t\t\t\t\t\t<\/a>\n\t\t\t\t\t\t\t\t\t\t\t\t\t\t\t<\/div>\n\t\t\t\t<\/div>\n\t\t\t\t<div class=\"elementor-element elementor-element-28e2a59 elementor-widget elementor-widget-image\" data-id=\"28e2a59\" data-element_type=\"widget\" data-e-type=\"widget\" data-widget_type=\"image.default\">\n\t\t\t\t<div class=\"elementor-widget-container\">\n\t\t\t\t\t\t\t\t\t\t\t\t\t\t\t\t<a href=\"http:\/\/convenioandresbello.org\/cab\/\">\n\t\t\t\t\t\t\t<img loading=\"lazy\" decoding=\"async\" width=\"180\" height=\"202\" src=\"https:\/\/blogs.uned.es\/compedigi\/wp-content\/uploads\/sites\/267\/2021\/01\/CAB-e1610828550522.png\" class=\"attachment-medium size-medium wp-image-517\" alt=\"\" \/>\t\t\t\t\t\t\t\t<\/a>\n\t\t\t\t\t\t\t\t\t\t\t\t\t\t\t<\/div>\n\t\t\t\t<\/div>\n\t\t\t\t\t<\/div>\n\t\t<\/div>\n\t\t\t\t\t<\/div>\n\t\t<\/section>\n\t\t\t\t\t<\/div>\n\t\t<\/div>\n\t\t\t\t\t<\/div>\n\t\t<\/section>\n\t\t\t\t<section class=\"elementor-section elementor-top-section elementor-element elementor-element-a84e798 elementor-section-boxed elementor-section-height-default elementor-section-height-default\" data-id=\"a84e798\" data-element_type=\"section\" data-e-type=\"section\">\n\t\t\t\t\t\t<div class=\"elementor-container elementor-column-gap-default\">\n\t\t\t\t\t<div class=\"elementor-column elementor-col-100 elementor-top-column elementor-element elementor-element-82fd9e0\" data-id=\"82fd9e0\" data-element_type=\"column\" data-e-type=\"column\">\n\t\t\t<div class=\"elementor-widget-wrap elementor-element-populated\">\n\t\t\t\t\t\t<div class=\"elementor-element elementor-element-5879585 elementor-widget-divider--view-line elementor-widget elementor-widget-divider\" data-id=\"5879585\" data-element_type=\"widget\" data-e-type=\"widget\" data-widget_type=\"divider.default\">\n\t\t\t\t<div class=\"elementor-widget-container\">\n\t\t\t\t\t\t\t<div class=\"elementor-divider\">\n\t\t\t<span class=\"elementor-divider-separator\">\n\t\t\t\t\t\t<\/span>\n\t\t<\/div>\n\t\t\t\t\t\t<\/div>\n\t\t\t\t<\/div>\n\t\t\t\t<div class=\"elementor-element elementor-element-4b233a4 elementor-widget elementor-widget-image\" data-id=\"4b233a4\" data-element_type=\"widget\" data-e-type=\"widget\" data-widget_type=\"image.default\">\n\t\t\t\t<div class=\"elementor-widget-container\">\n\t\t\t\t\t\t\t\t\t\t\t\t\t\t\t<img loading=\"lazy\" decoding=\"async\" width=\"300\" height=\"300\" src=\"https:\/\/blogs.uned.es\/compedigi\/wp-content\/uploads\/sites\/267\/2021\/01\/Logo-azu-instit.1-300x300.png\" class=\"attachment-medium size-medium wp-image-511\" alt=\"\" srcset=\"https:\/\/blogs.uned.es\/compedigi\/wp-content\/uploads\/sites\/267\/2021\/01\/Logo-azu-instit.1-300x300.png 300w, https:\/\/blogs.uned.es\/compedigi\/wp-content\/uploads\/sites\/267\/2021\/01\/Logo-azu-instit.1-150x150.png 150w, https:\/\/blogs.uned.es\/compedigi\/wp-content\/uploads\/sites\/267\/2021\/01\/Logo-azu-instit.1.png 400w\" sizes=\"(max-width: 300px) 100vw, 300px\" \/>\t\t\t\t\t\t\t\t\t\t\t\t\t\t\t<\/div>\n\t\t\t\t<\/div>\n\t\t\t\t<div class=\"elementor-element elementor-element-4713206 elementor--star-style-star_fontawesome elementor-widget elementor-widget-star-rating\" data-id=\"4713206\" data-element_type=\"widget\" data-e-type=\"widget\" data-widget_type=\"star-rating.default\">\n\t\t\t\t<div class=\"elementor-widget-container\">\n\t\t\t\t\t\t\t<div class=\"elementor-star-rating__wrapper\">\n\t\t\t\t\t\t<div class=\"elementor-star-rating\" itemtype=\"http:\/\/schema.org\/Rating\" itemscope=\"\" itemprop=\"reviewRating\">\n\t\t\t\t<i class=\"elementor-star-full\" aria-hidden=\"true\">&#xE934;<\/i><i class=\"elementor-star-full\" aria-hidden=\"true\">&#xE934;<\/i><i class=\"elementor-star-full\" aria-hidden=\"true\">&#xE934;<\/i><i class=\"elementor-star-full\" aria-hidden=\"true\">&#xE934;<\/i><i class=\"elementor-star-full\" aria-hidden=\"true\">&#xE934;<\/i>\t\t\t\t<span itemprop=\"ratingValue\" class=\"elementor-screen-only\">Valorado con 5 de 5<\/span>\n\t\t\t<\/div>\n\t\t<\/div>\n\t\t\t\t\t\t<\/div>\n\t\t\t\t<\/div>\n\t\t\t\t\t<\/div>\n\t\t<\/div>\n\t\t\t\t\t<\/div>\n\t\t<\/section>\n\t\t\t\t<section class=\"elementor-section elementor-top-section elementor-element elementor-element-81eab7d elementor-section-boxed elementor-section-height-default elementor-section-height-default\" data-id=\"81eab7d\" data-element_type=\"section\" data-e-type=\"section\">\n\t\t\t\t\t\t<div class=\"elementor-container elementor-column-gap-default\">\n\t\t\t\t\t<div class=\"elementor-column elementor-col-100 elementor-top-column elementor-element elementor-element-e5945d5\" data-id=\"e5945d5\" data-element_type=\"column\" data-e-type=\"column\">\n\t\t\t<div class=\"elementor-widget-wrap elementor-element-populated\">\n\t\t\t\t\t\t<div class=\"elementor-element elementor-element-366442a elementor-widget elementor-widget-eael-facebook-feed\" data-id=\"366442a\" data-element_type=\"widget\" data-e-type=\"widget\" data-widget_type=\"eael-facebook-feed.default\">\n\t\t\t\t<div class=\"elementor-widget-container\">\n\t\t\t\t\t        <div class=\"eael-facebook-feed eael-col-3 eael-facebook-feed-card\" id=\"eael-facebook-feed-366442a\">\n                    <\/div>\n        <div class=\"clearfix\"><\/div>\n        \t\t\t\t<\/div>\n\t\t\t\t<\/div>\n\t\t\t\t\t<\/div>\n\t\t<\/div>\n\t\t\t\t\t<\/div>\n\t\t<\/section>\n\t\t\t\t<\/div>\n\t\t","protected":false},"excerpt":{"rendered":"<p>Programa de capacitaci\u00f3n virtual de Formadores en Competencias Digitales (marzo 2021-junio 2022) Entidad Organizadora: UNIVERSIDAD NACIONAL DE EDUCACI\u00d3N A DISTANCIA, UNED; Entidades Asociadas: OEI-Panam\u00e1 y Convenio Andr\u00e9s Bello. Capacitaci\u00f3n transferible a contextos o territorios de Am\u00e9rica Latina y El Caribe (ALC). Metodolog\u00eda basada en resoluci\u00f3n de problemas. Cinco programas formativos que cubren las 5 \u00e1reas<\/p><\/div>\n<div class=\"blog-btn\"><a href=\"https:\/\/blogs.uned.es\/compedigi\/\" class=\"home-blog-btn\">Leer m\u00e1s<\/a><\/p>\n","protected":false},"author":1,"featured_media":0,"parent":0,"menu_order":0,"comment_status":"closed","ping_status":"closed","template":"","meta":{"footnotes":""},"class_list":["post-15","page","type-page","status-publish","hentry"],"_links":{"self":[{"href":"https:\/\/blogs.uned.es\/compedigi\/wp-json\/wp\/v2\/pages\/15","targetHints":{"allow":["GET"]}}],"collection":[{"href":"https:\/\/blogs.uned.es\/compedigi\/wp-json\/wp\/v2\/pages"}],"about":[{"href":"https:\/\/blogs.uned.es\/compedigi\/wp-json\/wp\/v2\/types\/page"}],"author":[{"embeddable":true,"href":"https:\/\/blogs.uned.es\/compedigi\/wp-json\/wp\/v2\/users\/1"}],"replies":[{"embeddable":true,"href":"https:\/\/blogs.uned.es\/compedigi\/wp-json\/wp\/v2\/comments?post=15"}],"version-history":[{"count":90,"href":"https:\/\/blogs.uned.es\/compedigi\/wp-json\/wp\/v2\/pages\/15\/revisions"}],"predecessor-version":[{"id":939,"href":"https:\/\/blogs.uned.es\/compedigi\/wp-json\/wp\/v2\/pages\/15\/revisions\/939"}],"wp:attachment":[{"href":"https:\/\/blogs.uned.es\/compedigi\/wp-json\/wp\/v2\/media?parent=15"}],"curies":[{"name":"wp","href":"https:\/\/api.w.org\/{rel}","templated":true}]}}