{"id":25,"date":"2016-09-30T12:42:40","date_gmt":"2016-09-30T12:42:40","guid":{"rendered":"http:\/\/blogs.uned.es\/coetic\/?page_id=25"},"modified":"2021-04-28T08:02:50","modified_gmt":"2021-04-28T08:02:50","slug":"mi-contenido","status":"publish","type":"page","link":"https:\/\/blogs.uned.es\/coetic\/mi-contenido\/","title":{"rendered":"\u00bfQuienes somos?"},"content":{"rendered":"<h4 style=\"text-align: center\"><strong>Miembros del Grupo COETIC<\/strong><\/h4>\n<p style=\"text-align: center\">COETIC es un\u00a0grupo interdisciplinar e interuniversitario dirigido desde la UNED.<\/p>\n<p style=\"text-align: center\"><img loading=\"lazy\" decoding=\"async\" class=\"alignnone wp-image-151\" src=\"http:\/\/blogs.uned.es\/coetic\/wp-content\/uploads\/sites\/71\/2016\/09\/IMG_3026-185x300.jpg\" alt=\"\" width=\"87\" height=\"141\" srcset=\"https:\/\/blogs.uned.es\/coetic\/wp-content\/uploads\/sites\/71\/2016\/09\/IMG_3026-185x300.jpg 185w, https:\/\/blogs.uned.es\/coetic\/wp-content\/uploads\/sites\/71\/2016\/09\/IMG_3026.jpg 390w\" sizes=\"auto, (max-width: 87px) 100vw, 87px\" \/><\/p>\n<p style=\"text-align: center\"><a href=\"https:\/\/sites.google.com\/site\/juangarciaedu\/Home\">Dr. Juan Garc\u00eda-Guti\u00e9rrez<\/a>,\u00a0Director\u00a0(Facultad de Educaci\u00f3n, UNED)<\/p>\n<p><img loading=\"lazy\" decoding=\"async\" class=\"aligncenter wp-image-145 \" src=\"http:\/\/blogs.uned.es\/coetic\/wp-content\/uploads\/sites\/71\/2017\/02\/FullSizeRender-copia-e1487336005152-216x300.jpg\" width=\"86\" height=\"119\" srcset=\"https:\/\/blogs.uned.es\/coetic\/wp-content\/uploads\/sites\/71\/2017\/02\/FullSizeRender-copia-e1487336005152-216x300.jpg 216w, https:\/\/blogs.uned.es\/coetic\/wp-content\/uploads\/sites\/71\/2017\/02\/FullSizeRender-copia-e1487336005152-768x1067.jpg 768w, https:\/\/blogs.uned.es\/coetic\/wp-content\/uploads\/sites\/71\/2017\/02\/FullSizeRender-copia-e1487336005152-737x1024.jpg 737w, https:\/\/blogs.uned.es\/coetic\/wp-content\/uploads\/sites\/71\/2017\/02\/FullSizeRender-copia-e1487336005152-576x800.jpg 576w, https:\/\/blogs.uned.es\/coetic\/wp-content\/uploads\/sites\/71\/2017\/02\/FullSizeRender-copia-e1487336005152.jpg 788w\" sizes=\"auto, (max-width: 86px) 100vw, 86px\" \/><\/p>\n<p><a href=\"http:\/\/portal.uned.es\/portal\/page?_pageid=93,689102&amp;_dad=portal&amp;_schema=PORTAL\">Dra. Marta Ruiz Corbella<\/a>, Coordinadora\u00a0(Facultad de Educaci\u00f3n, UNED)<\/p>\n<p><img loading=\"lazy\" decoding=\"async\" class=\"aligncenter wp-image-227 \" src=\"http:\/\/blogs.uned.es\/coetic\/wp-content\/uploads\/sites\/71\/2016\/09\/FullSizeRender-150x150.jpg\" width=\"95\" height=\"95\" \/><\/p>\n<p style=\"text-align: center\">Dra<span style=\"color: #333333\">. <a style=\"color: #333333\" href=\"http:\/\/portal.uned.es\/portal\/page?_pageid=93,688468&amp;_dad=portal&amp;_schema=PORTAL\">Miriam Garc\u00eda Blanco<\/a> <\/span>(Facultad de Educaci\u00f3n, UNED)<\/p>\n<p><img loading=\"lazy\" decoding=\"async\" class=\"aligncenter wp-image-239 \" src=\"http:\/\/blogs.uned.es\/coetic\/wp-content\/uploads\/sites\/71\/2016\/09\/Angeles_Manjarr\u00e9s_foto-150x150.jpg\" alt=\"\" width=\"107\" height=\"107\" srcset=\"https:\/\/blogs.uned.es\/coetic\/wp-content\/uploads\/sites\/71\/2016\/09\/Angeles_Manjarr\u00e9s_foto-150x150.jpg 150w, https:\/\/blogs.uned.es\/coetic\/wp-content\/uploads\/sites\/71\/2016\/09\/Angeles_Manjarr\u00e9s_foto.jpg 180w\" sizes=\"auto, (max-width: 107px) 100vw, 107px\" \/><\/p>\n<p style=\"text-align: center\">Dr<span style=\"color: #333333\">a. <a style=\"color: #333333\" href=\"http:\/\/portal.uned.es\/portal\/page?_pageid=93,691531&amp;_dad=portal&amp;_schema=PORTAL\">\u00c1ngeles Manjares Riesgo<\/a> (<\/span>ETS de Ingenier\u00eda Inform\u00e1tica, UNED)<\/p>\n<p>Mar\u00eda Garc\u00eda Amilburu \u2013 MGA |<\/p>\n<p>Arturo Gal\u00e1n Gonzalez \u2013 AGG |<\/p>\n<p>Ana Garc\u00eda Laso &#8211; AGL |<\/p>\n<p>M\u00aa \u00c1ngeles Gonzalez Gal\u00e1n &#8211; MAG |<\/p>\n<p>Domingo Alfonso Mart\u00edn S\u00e1nchez -DAMS |<\/p>\n<p>Araceli del Pozo Armentia &#8211; APA|<\/p>\n<p><strong>Colaboradores externos:\u00a0<\/strong><\/p>\n<p>M\u00aa Luz Garc\u00eda |\u00a0Issacar Nguendjo<\/p>\n<p>\n","protected":false},"excerpt":{"rendered":"<p>Miembros del Grupo COETIC COETIC es un\u00a0grupo interdisciplinar e interuniversitario dirigido desde la UNED. Dr. Juan Garc\u00eda-Guti\u00e9rrez,\u00a0Director\u00a0(Facultad de Educaci\u00f3n, UNED) Dra. Marta Ruiz Corbella, Coordinadora\u00a0(Facultad de Educaci\u00f3n, UNED) Dra. Miriam Garc\u00eda Blanco (Facultad de Educaci\u00f3n, UNED) Dra. \u00c1ngeles Manjares Riesgo &hellip; <a href=\"https:\/\/blogs.uned.es\/coetic\/mi-contenido\/\">Sigue leyendo <span class=\"meta-nav\">&rarr;<\/span><\/a><\/p>\n","protected":false},"author":1,"featured_media":0,"parent":0,"menu_order":0,"comment_status":"closed","ping_status":"closed","template":"","meta":{"footnotes":""},"class_list":["post-25","page","type-page","status-publish","hentry"],"_links":{"self":[{"href":"https:\/\/blogs.uned.es\/coetic\/wp-json\/wp\/v2\/pages\/25","targetHints":{"allow":["GET"]}}],"collection":[{"href":"https:\/\/blogs.uned.es\/coetic\/wp-json\/wp\/v2\/pages"}],"about":[{"href":"https:\/\/blogs.uned.es\/coetic\/wp-json\/wp\/v2\/types\/page"}],"author":[{"embeddable":true,"href":"https:\/\/blogs.uned.es\/coetic\/wp-json\/wp\/v2\/users\/1"}],"replies":[{"embeddable":true,"href":"https:\/\/blogs.uned.es\/coetic\/wp-json\/wp\/v2\/comments?post=25"}],"version-history":[{"count":13,"href":"https:\/\/blogs.uned.es\/coetic\/wp-json\/wp\/v2\/pages\/25\/revisions"}],"predecessor-version":[{"id":825,"href":"https:\/\/blogs.uned.es\/coetic\/wp-json\/wp\/v2\/pages\/25\/revisions\/825"}],"wp:attachment":[{"href":"https:\/\/blogs.uned.es\/coetic\/wp-json\/wp\/v2\/media?parent=25"}],"curies":[{"name":"wp","href":"https:\/\/api.w.org\/{rel}","templated":true}]}}