{"id":851,"date":"2023-10-20T11:11:16","date_gmt":"2023-10-20T09:11:16","guid":{"rendered":"https:\/\/blogs.uned.es\/cibergid\/?page_id=851"},"modified":"2024-02-24T10:01:43","modified_gmt":"2024-02-24T09:01:43","slug":"contenidos-interactivos-para-el-aprendizaje-en-ciberseguridad","status":"publish","type":"page","link":"https:\/\/blogs.uned.es\/cibergid\/contenidos-interactivos-para-el-aprendizaje-en-ciberseguridad\/","title":{"rendered":"Contenidos interactivos para el aprendizaje en Ciberseguridad"},"content":{"rendered":"\t\t<div data-elementor-type=\"wp-page\" data-elementor-id=\"851\" class=\"elementor elementor-851\">\n\t\t\t\t\t\t<section class=\"elementor-section elementor-top-section elementor-element elementor-element-648e023 elementor-section-stretched elementor-section-height-min-height elementor-section-content-middle elementor-section-boxed elementor-section-height-default elementor-section-items-middle\" data-id=\"648e023\" data-element_type=\"section\" data-e-type=\"section\" data-settings=\"{&quot;stretch_section&quot;:&quot;section-stretched&quot;,&quot;background_background&quot;:&quot;classic&quot;}\">\n\t\t\t\t\t\t<div class=\"elementor-container elementor-column-gap-default\">\n\t\t\t\t\t<div class=\"elementor-column elementor-col-50 elementor-top-column elementor-element elementor-element-2c56c9a\" data-id=\"2c56c9a\" data-element_type=\"column\" data-e-type=\"column\">\n\t\t\t<div class=\"elementor-widget-wrap elementor-element-populated\">\n\t\t\t\t\t\t<div class=\"elementor-element elementor-element-9dbee3b logoPortada animated-slow elementor-invisible elementor-widget elementor-widget-image\" data-id=\"9dbee3b\" data-element_type=\"widget\" data-e-type=\"widget\" data-settings=\"{&quot;_animation&quot;:&quot;fadeIn&quot;,&quot;_animation_delay&quot;:&quot;200&quot;}\" data-widget_type=\"image.default\">\n\t\t\t\t<div class=\"elementor-widget-container\">\n\t\t\t\t\t\t\t\t\t\t\t\t\t\t\t<img fetchpriority=\"high\" decoding=\"async\" width=\"800\" height=\"800\" src=\"https:\/\/blogs.uned.es\/cibergid\/wp-content\/uploads\/sites\/233\/2023\/10\/introduction-to-1.png\" class=\"attachment-large size-large wp-image-843\" alt=\"\" srcset=\"https:\/\/blogs.uned.es\/cibergid\/wp-content\/uploads\/sites\/233\/2023\/10\/introduction-to-1.png 1024w, https:\/\/blogs.uned.es\/cibergid\/wp-content\/uploads\/sites\/233\/2023\/10\/introduction-to-1-300x300.png 300w, https:\/\/blogs.uned.es\/cibergid\/wp-content\/uploads\/sites\/233\/2023\/10\/introduction-to-1-150x150.png 150w, https:\/\/blogs.uned.es\/cibergid\/wp-content\/uploads\/sites\/233\/2023\/10\/introduction-to-1-768x768.png 768w\" sizes=\"(max-width: 800px) 100vw, 800px\" \/>\t\t\t\t\t\t\t\t\t\t\t\t\t\t\t<\/div>\n\t\t\t\t<\/div>\n\t\t\t\t\t<\/div>\n\t\t<\/div>\n\t\t\t\t<div class=\"elementor-column elementor-col-50 elementor-top-column elementor-element elementor-element-05169e9\" data-id=\"05169e9\" data-element_type=\"column\" data-e-type=\"column\">\n\t\t\t<div class=\"elementor-widget-wrap elementor-element-populated\">\n\t\t\t\t\t\t<div class=\"elementor-element elementor-element-e7ce4e7 tituloSitioPortada elementor-widget elementor-widget-heading\" data-id=\"e7ce4e7\" data-element_type=\"widget\" data-e-type=\"widget\" data-widget_type=\"heading.default\">\n\t\t\t\t<div class=\"elementor-widget-container\">\n\t\t\t\t\t<h1 class=\"elementor-heading-title elementor-size-xxl\">Contenidos interactivos para el aprendizaje en Ciberseguridad<\/h1>\t\t\t\t<\/div>\n\t\t\t\t<\/div>\n\t\t\t\t<div class=\"elementor-element elementor-element-1d76a33 maquinaEscribirPortada elementor-widget elementor-widget-writing-effect-headline\" data-id=\"1d76a33\" data-element_type=\"widget\" data-e-type=\"widget\" data-widget_type=\"writing-effect-headline.default\">\n\t\t\t\t<div class=\"elementor-widget-container\">\n\t\t\t\t\t\t\t<h2 class=\"a13ree-written-headline\" data-speed=\"21\" data-loop=\"1\">\r\n\t\t\t\r\n\t\t\t            <span class=\"written-lines elementor-screen-only\">Contenidos\nCiberseguridad\nGamificaci\u00f3n\nH5P<\/span>\r\n\t\t\t\r\n\t\t\t\t\t<\/h2>\r\n\t\t\t\t\t\t<\/div>\n\t\t\t\t<\/div>\n\t\t\t\t\t<\/div>\n\t\t<\/div>\n\t\t\t\t\t<\/div>\n\t\t<\/section>\n\t\t\t\t<section class=\"elementor-section elementor-top-section elementor-element elementor-element-04bcfe0 elementor-section-boxed elementor-section-height-default elementor-section-height-default\" data-id=\"04bcfe0\" data-element_type=\"section\" data-e-type=\"section\">\n\t\t\t\t\t\t<div class=\"elementor-container elementor-column-gap-default\">\n\t\t\t\t\t<div class=\"elementor-column elementor-col-100 elementor-top-column elementor-element elementor-element-7fd6837\" data-id=\"7fd6837\" data-element_type=\"column\" data-e-type=\"column\">\n\t\t\t<div class=\"elementor-widget-wrap elementor-element-populated\">\n\t\t\t\t\t\t<div class=\"elementor-element elementor-element-783588d elementor-widget elementor-widget-text-editor\" data-id=\"783588d\" data-element_type=\"widget\" data-e-type=\"widget\" data-widget_type=\"text-editor.default\">\n\t\t\t\t<div class=\"elementor-widget-container\">\n\t\t\t\t\t\t\t\t\t<p>\u00a0<\/p><div class=\"container\"><h1><i class=\"far fa-lightbulb\"><\/i> Contexto<\/h1>El aprendizaje del \u00e1rea de Ciberseguridad no s\u00f3lo debe abordarse desde una perspectiva te\u00f3rica. Es necesario la inclusi\u00f3n de ejercicios y simulaciones pr\u00e1cticas que faciliten la pr\u00e1ctica y aplicaci\u00f3n de los conocimientos adquiridos. A trav\u00e9s de las diversas asignaturas desarrolladas dentro del \u00e1rea de Ciberseguridad ofrecemos m\u00faltiples recursos a los estudiantes para el aprendizaje de los contenidos. Y tambi\u00e9n hemos concentrado gran parte de nuestra actividad al desarrollo de laboratorios y simuladores. Pero deseamos mejorar nuestros contenidos educativos hacia contenidos educativos altamente interactivos y gamificados apoy\u00e1ndonos en el proyecto H5P (https:\/\/h5p.org\/) y su plantilla de escenarios ramificados para casos pr\u00e1cticos guiados y resueltos. Los contenidos desarrollados con esta tecnolog\u00eda pueden ser incorporados en diversas plataformas de aprendizaje, como pueden ser Moodle, WordPress, Canvas, entre otros.\u00a0<\/div><div class=\"container\"><h1><i class=\"fas fa-bullseye\"><\/i> Objetivos del proyecto<\/h1><p>Los objetivos generales son los siguientes:<\/p><ul><li><strong> Objetivo 1. <\/strong>Revisi\u00f3n de los contenidos educativos de las asignaturas implicadas para estudiar su adaptaci\u00f3n a la nueva plataforma educativa en la UNED.\u00a0<\/li><li><strong>Objetivo 2. <\/strong>Dise\u00f1o de contenidos educativos altamente interactivos basados en la herramienta de escenarios ramificados de H5P.\u00a0<\/li><li><strong>Objetivo 3. <\/strong>Implementaci\u00f3n y uso de dichos contenidos educativos en diversos contextos.<br \/><br \/><\/li><\/ul><\/div>\t\t\t\t\t\t\t\t<\/div>\n\t\t\t\t<\/div>\n\t\t\t\t\t<\/div>\n\t\t<\/div>\n\t\t\t\t\t<\/div>\n\t\t<\/section>\n\t\t\t\t<section class=\"elementor-section elementor-top-section elementor-element elementor-element-dc90281 elementor-section-boxed elementor-section-height-default elementor-section-height-default\" data-id=\"dc90281\" data-element_type=\"section\" data-e-type=\"section\">\n\t\t\t\t\t\t<div class=\"elementor-container elementor-column-gap-default\">\n\t\t\t\t\t<div class=\"elementor-column elementor-col-100 elementor-top-column elementor-element elementor-element-2276d90\" data-id=\"2276d90\" data-element_type=\"column\" data-e-type=\"column\">\n\t\t\t<div class=\"elementor-widget-wrap elementor-element-populated\">\n\t\t\t\t\t\t<div class=\"elementor-element elementor-element-6fae748 elementor-tabs-view-horizontal elementor-widget elementor-widget-tabs\" data-id=\"6fae748\" data-element_type=\"widget\" data-e-type=\"widget\" data-widget_type=\"tabs.default\">\n\t\t\t\t<div class=\"elementor-widget-container\">\n\t\t\t\t\t\t\t<div class=\"elementor-tabs\">\n\t\t\t<div class=\"elementor-tabs-wrapper\" role=\"tablist\" >\n\t\t\t\t\t\t\t\t\t<div id=\"elementor-tab-title-1171\" class=\"elementor-tab-title elementor-tab-desktop-title\" aria-selected=\"true\" data-tab=\"1\" role=\"tab\" tabindex=\"0\" aria-controls=\"elementor-tab-content-1171\" aria-expanded=\"false\">Recursos<\/div>\n\t\t\t\t\t\t\t<\/div>\n\t\t\t<div class=\"elementor-tabs-content-wrapper\" role=\"tablist\" aria-orientation=\"vertical\">\n\t\t\t\t\t\t\t\t\t<div class=\"elementor-tab-title elementor-tab-mobile-title\" aria-selected=\"true\" data-tab=\"1\" role=\"tab\" tabindex=\"0\" aria-controls=\"elementor-tab-content-1171\" aria-expanded=\"false\">Recursos<\/div>\n\t\t\t\t\t<div id=\"elementor-tab-content-1171\" class=\"elementor-tab-content elementor-clearfix\" data-tab=\"1\" role=\"tabpanel\" aria-labelledby=\"elementor-tab-title-1171\" tabindex=\"0\" hidden=\"false\"><h1 id=\"publicaciones\">Recursos generados en el proyecto<\/h1><ul><li>Ejemplo <a href=\"https:\/\/app.Lumi.education\/run\/yDr0qA\">de libro interactivo creado para la asignatura de Seguridad (Grado Ing. Inform\u00e1tica).\u00a0<\/a><\/li><li>Ejemplo <a href=\"https:\/\/app.Lumi.education\/run\/pNkEII\">de juego para la asignatura Seguridad (Grado Ing. Inform\u00e1tica).<\/a><\/li><li>Ejemplo de\u00a0<a href=\"https:\/\/app.Lumi.education\/run\/jeq0F0\" target=\"_blank\" rel=\"noopener\">Laboratorio: An\u00e1lisis de Capturas de Red<\/a> (Grado Ing. Inform\u00e1tica).<\/li><\/ul><div>\u00a0Por favor, si has probado algunos de estos materiales te agradecer\u00edamos que dedicar\u00e1s unos minutos a contestar<a href=\"https:\/\/forms.office.com\/e\/T80r9c86eM?origin=lprLink\"> el siguiente cuestionario<\/a>. \u00a1Muchas gracias!<\/div><\/div>\n\t\t\t\t\t\t\t<\/div>\n\t\t<\/div>\n\t\t\t\t\t\t<\/div>\n\t\t\t\t<\/div>\n\t\t\t\t\t<\/div>\n\t\t<\/div>\n\t\t\t\t\t<\/div>\n\t\t<\/section>\n\t\t\t\t<\/div>\n\t\t","protected":false},"excerpt":{"rendered":"<p>Contenidos interactivos para el aprendizaje en Ciberseguridad Contenidos Ciberseguridad Gamificaci\u00f3n H5P \u00a0 Contexto El aprendizaje del \u00e1rea de Ciberseguridad no s\u00f3lo debe abordarse desde una perspectiva te\u00f3rica. Es necesario la inclusi\u00f3n de ejercicios y simulaciones pr\u00e1cticas que faciliten la pr\u00e1ctica y aplicaci\u00f3n de los conocimientos adquiridos. A trav\u00e9s de las diversas asignaturas desarrolladas dentro del \u00e1rea de Ciberseguridad ofrecemos m\u00faltiples recursos a los estudiantes para el aprendizaje de los contenidos. Y tambi\u00e9n hemos concentrado gran parte de nuestra actividad al desarrollo de laboratorios y simuladores. Pero deseamos mejorar nuestros contenidos educativos hacia contenidos educativos altamente interactivos y gamificados apoy\u00e1ndonos en el proyecto H5P (https:\/\/h5p.org\/) y su plantilla de escenarios ramificados para casos pr\u00e1cticos guiados y resueltos. Los contenidos desarrollados con esta tecnolog\u00eda pueden ser incorporados en diversas plataformas de aprendizaje, como pueden ser Moodle, WordPress, Canvas, entre otros.\u00a0 Objetivos del proyecto Los objetivos generales son los siguientes: Objetivo 1. Revisi\u00f3n&hellip;<\/p>\n<p> <a class=\"more-link\" href=\"https:\/\/blogs.uned.es\/cibergid\/contenidos-interactivos-para-el-aprendizaje-en-ciberseguridad\/\">Leer m\u00e1s<\/a><\/p>\n","protected":false},"author":7305,"featured_media":0,"parent":0,"menu_order":0,"comment_status":"closed","ping_status":"closed","template":"","meta":{"footnotes":""},"class_list":["post-851","page","type-page","status-publish"],"_links":{"self":[{"href":"https:\/\/blogs.uned.es\/cibergid\/wp-json\/wp\/v2\/pages\/851","targetHints":{"allow":["GET"]}}],"collection":[{"href":"https:\/\/blogs.uned.es\/cibergid\/wp-json\/wp\/v2\/pages"}],"about":[{"href":"https:\/\/blogs.uned.es\/cibergid\/wp-json\/wp\/v2\/types\/page"}],"author":[{"embeddable":true,"href":"https:\/\/blogs.uned.es\/cibergid\/wp-json\/wp\/v2\/users\/7305"}],"replies":[{"embeddable":true,"href":"https:\/\/blogs.uned.es\/cibergid\/wp-json\/wp\/v2\/comments?post=851"}],"version-history":[{"count":74,"href":"https:\/\/blogs.uned.es\/cibergid\/wp-json\/wp\/v2\/pages\/851\/revisions"}],"predecessor-version":[{"id":1029,"href":"https:\/\/blogs.uned.es\/cibergid\/wp-json\/wp\/v2\/pages\/851\/revisions\/1029"}],"wp:attachment":[{"href":"https:\/\/blogs.uned.es\/cibergid\/wp-json\/wp\/v2\/media?parent=851"}],"curies":[{"name":"wp","href":"https:\/\/api.w.org\/{rel}","templated":true}]}}