{"id":559,"date":"2020-07-17T19:29:55","date_gmt":"2020-07-17T17:29:55","guid":{"rendered":"http:\/\/blogs.uned.es\/cibergid\/?page_id=559"},"modified":"2026-03-04T19:56:38","modified_gmt":"2026-03-04T18:56:38","slug":"formacion","status":"publish","type":"page","link":"https:\/\/blogs.uned.es\/cibergid\/formacion\/","title":{"rendered":"Formaci\u00f3n"},"content":{"rendered":"\t\t<div data-elementor-type=\"wp-page\" data-elementor-id=\"559\" class=\"elementor elementor-559\">\n\t\t\t\t\t\t<section class=\"elementor-section elementor-top-section elementor-element elementor-element-1a17409 elementor-section-stretched elementor-section-height-min-height elementor-section-content-middle elementor-section-boxed elementor-section-height-default elementor-section-items-middle\" data-id=\"1a17409\" data-element_type=\"section\" data-e-type=\"section\" data-settings=\"{&quot;stretch_section&quot;:&quot;section-stretched&quot;,&quot;background_background&quot;:&quot;classic&quot;}\">\n\t\t\t\t\t\t<div class=\"elementor-container elementor-column-gap-default\">\n\t\t\t\t\t<div class=\"elementor-column elementor-col-100 elementor-top-column elementor-element elementor-element-ca323d7\" data-id=\"ca323d7\" data-element_type=\"column\" data-e-type=\"column\">\n\t\t\t<div class=\"elementor-widget-wrap elementor-element-populated\">\n\t\t\t\t\t\t<section class=\"elementor-section elementor-inner-section elementor-element elementor-element-dcda665 elementor-section-boxed elementor-section-height-default elementor-section-height-default\" data-id=\"dcda665\" data-element_type=\"section\" data-e-type=\"section\">\n\t\t\t\t\t\t<div class=\"elementor-container elementor-column-gap-default\">\n\t\t\t\t\t<div class=\"elementor-column elementor-col-50 elementor-inner-column elementor-element elementor-element-368870a\" data-id=\"368870a\" data-element_type=\"column\" data-e-type=\"column\">\n\t\t\t<div class=\"elementor-widget-wrap\">\n\t\t\t\t\t\t\t<\/div>\n\t\t<\/div>\n\t\t\t\t<div class=\"elementor-column elementor-col-50 elementor-inner-column elementor-element elementor-element-6b90ff0\" data-id=\"6b90ff0\" data-element_type=\"column\" data-e-type=\"column\">\n\t\t\t<div class=\"elementor-widget-wrap elementor-element-populated\">\n\t\t\t\t\t\t<div class=\"elementor-element elementor-element-e109f77 elementor-widget elementor-widget-heading\" data-id=\"e109f77\" data-element_type=\"widget\" data-e-type=\"widget\" data-widget_type=\"heading.default\">\n\t\t\t\t<div class=\"elementor-widget-container\">\n\t\t\t\t\t<h2 class=\"elementor-heading-title elementor-size-default\">Formaci\u00f3n<\/h2>\t\t\t\t<\/div>\n\t\t\t\t<\/div>\n\t\t\t\t\t<\/div>\n\t\t<\/div>\n\t\t\t\t\t<\/div>\n\t\t<\/section>\n\t\t\t\t\t<\/div>\n\t\t<\/div>\n\t\t\t\t\t<\/div>\n\t\t<\/section>\n\t\t\t\t<section class=\"elementor-section elementor-top-section elementor-element elementor-element-70297cd elementor-section-boxed elementor-section-height-default elementor-section-height-default\" data-id=\"70297cd\" data-element_type=\"section\" data-e-type=\"section\">\n\t\t\t\t\t\t<div class=\"elementor-container elementor-column-gap-default\">\n\t\t\t\t\t<div class=\"elementor-column elementor-col-33 elementor-top-column elementor-element elementor-element-e795982\" data-id=\"e795982\" data-element_type=\"column\" data-e-type=\"column\">\n\t\t\t<div class=\"elementor-widget-wrap elementor-element-populated\">\n\t\t\t\t\t\t<div class=\"elementor-element elementor-element-21e0452 elementor-widget elementor-widget-image\" data-id=\"21e0452\" data-element_type=\"widget\" data-e-type=\"widget\" data-widget_type=\"image.default\">\n\t\t\t\t<div class=\"elementor-widget-container\">\n\t\t\t\t\t\t\t\t\t\t\t\t\t\t\t<img fetchpriority=\"high\" decoding=\"async\" width=\"800\" height=\"534\" src=\"https:\/\/blogs.uned.es\/cibergid\/wp-content\/uploads\/sites\/233\/2019\/10\/happy-students-in-mortar-boards-with-diplomas-PGPXEU6-1024x683.jpg\" class=\"attachment-large size-large wp-image-59\" alt=\"\" srcset=\"https:\/\/blogs.uned.es\/cibergid\/wp-content\/uploads\/sites\/233\/2019\/10\/happy-students-in-mortar-boards-with-diplomas-PGPXEU6-1024x683.jpg 1024w, https:\/\/blogs.uned.es\/cibergid\/wp-content\/uploads\/sites\/233\/2019\/10\/happy-students-in-mortar-boards-with-diplomas-PGPXEU6-300x200.jpg 300w, https:\/\/blogs.uned.es\/cibergid\/wp-content\/uploads\/sites\/233\/2019\/10\/happy-students-in-mortar-boards-with-diplomas-PGPXEU6-768x512.jpg 768w\" sizes=\"(max-width: 800px) 100vw, 800px\" \/>\t\t\t\t\t\t\t\t\t\t\t\t\t\t\t<\/div>\n\t\t\t\t<\/div>\n\t\t\t\t<div class=\"elementor-element elementor-element-90040bb elementor-widget elementor-widget-text-editor\" data-id=\"90040bb\" data-element_type=\"widget\" data-e-type=\"widget\" data-widget_type=\"text-editor.default\">\n\t\t\t\t<div class=\"elementor-widget-container\">\n\t\t\t\t\t\t\t\t\t<p>Aprende Ciberseguridad atrav\u00e9s de las asignaturas dedicadas a la seguridad en diversas titulaciones oficiales.<\/p><p>\u00a0<\/p>\t\t\t\t\t\t\t\t<\/div>\n\t\t\t\t<\/div>\n\t\t\t\t\t<\/div>\n\t\t<\/div>\n\t\t\t\t<div class=\"elementor-column elementor-col-33 elementor-top-column elementor-element elementor-element-d6e9957\" data-id=\"d6e9957\" data-element_type=\"column\" data-e-type=\"column\">\n\t\t\t<div class=\"elementor-widget-wrap elementor-element-populated\">\n\t\t\t\t\t\t<div class=\"elementor-element elementor-element-4389179 elementor-widget elementor-widget-image\" data-id=\"4389179\" data-element_type=\"widget\" data-e-type=\"widget\" data-widget_type=\"image.default\">\n\t\t\t\t<div class=\"elementor-widget-container\">\n\t\t\t\t\t\t\t\t\t\t\t\t\t\t\t<img decoding=\"async\" width=\"800\" height=\"534\" src=\"https:\/\/blogs.uned.es\/cibergid\/wp-content\/uploads\/sites\/233\/2019\/10\/contentos-1024x683.jpg\" class=\"attachment-large size-large wp-image-57\" alt=\"\" srcset=\"https:\/\/blogs.uned.es\/cibergid\/wp-content\/uploads\/sites\/233\/2019\/10\/contentos-1024x683.jpg 1024w, https:\/\/blogs.uned.es\/cibergid\/wp-content\/uploads\/sites\/233\/2019\/10\/contentos-300x200.jpg 300w, https:\/\/blogs.uned.es\/cibergid\/wp-content\/uploads\/sites\/233\/2019\/10\/contentos-768x512.jpg 768w, https:\/\/blogs.uned.es\/cibergid\/wp-content\/uploads\/sites\/233\/2019\/10\/contentos.jpg 1200w\" sizes=\"(max-width: 800px) 100vw, 800px\" \/>\t\t\t\t\t\t\t\t\t\t\t\t\t\t\t<\/div>\n\t\t\t\t<\/div>\n\t\t\t\t<div class=\"elementor-element elementor-element-93e7462 elementor-widget elementor-widget-text-editor\" data-id=\"93e7462\" data-element_type=\"widget\" data-e-type=\"widget\" data-widget_type=\"text-editor.default\">\n\t\t\t\t<div class=\"elementor-widget-container\">\n\t\t\t\t\t\t\t\t\t<p>Consigue tu objetivo: ser un profesional de la ciberseguridad. Ponemos a tu alcance un M\u00e1ster Universitario en Ciberseguridad.<\/p><p>\u00a0<\/p>\t\t\t\t\t\t\t\t<\/div>\n\t\t\t\t<\/div>\n\t\t\t\t\t<\/div>\n\t\t<\/div>\n\t\t\t\t<div class=\"elementor-column elementor-col-33 elementor-top-column elementor-element elementor-element-0091c56\" data-id=\"0091c56\" data-element_type=\"column\" data-e-type=\"column\">\n\t\t\t<div class=\"elementor-widget-wrap elementor-element-populated\">\n\t\t\t\t\t\t<div class=\"elementor-element elementor-element-6782d61 elementor-widget elementor-widget-image\" data-id=\"6782d61\" data-element_type=\"widget\" data-e-type=\"widget\" data-widget_type=\"image.default\">\n\t\t\t\t<div class=\"elementor-widget-container\">\n\t\t\t\t\t\t\t\t\t\t\t\t\t\t\t<img decoding=\"async\" width=\"300\" height=\"200\" src=\"https:\/\/blogs.uned.es\/cibergid\/wp-content\/uploads\/sites\/233\/2019\/10\/alegres-300x200.jpg\" class=\"attachment-medium size-medium wp-image-55\" alt=\"\" srcset=\"https:\/\/blogs.uned.es\/cibergid\/wp-content\/uploads\/sites\/233\/2019\/10\/alegres-300x200.jpg 300w, https:\/\/blogs.uned.es\/cibergid\/wp-content\/uploads\/sites\/233\/2019\/10\/alegres-768x513.jpg 768w, https:\/\/blogs.uned.es\/cibergid\/wp-content\/uploads\/sites\/233\/2019\/10\/alegres-1024x684.jpg 1024w, https:\/\/blogs.uned.es\/cibergid\/wp-content\/uploads\/sites\/233\/2019\/10\/alegres.jpg 1200w\" sizes=\"(max-width: 300px) 100vw, 300px\" \/>\t\t\t\t\t\t\t\t\t\t\t\t\t\t\t<\/div>\n\t\t\t\t<\/div>\n\t\t\t\t<div class=\"elementor-element elementor-element-fbef6f2 elementor-widget elementor-widget-text-editor\" data-id=\"fbef6f2\" data-element_type=\"widget\" data-e-type=\"widget\" data-widget_type=\"text-editor.default\">\n\t\t\t\t<div class=\"elementor-widget-container\">\n\t\t\t\t\t\t\t\t\t<p>Hemos creado t\u00edtulos propios oficiales de la UNED para tu formaci\u00f3n en Ciberseguridad. Consulta nuestra oferta.<\/p>\t\t\t\t\t\t\t\t<\/div>\n\t\t\t\t<\/div>\n\t\t\t\t\t<\/div>\n\t\t<\/div>\n\t\t\t\t\t<\/div>\n\t\t<\/section>\n\t\t\t\t<section class=\"elementor-section elementor-top-section elementor-element elementor-element-d11eb90 elementor-section-boxed elementor-section-height-default elementor-section-height-default\" data-id=\"d11eb90\" data-element_type=\"section\" data-e-type=\"section\">\n\t\t\t\t\t\t<div class=\"elementor-container elementor-column-gap-default\">\n\t\t\t\t\t<div class=\"elementor-column elementor-col-100 elementor-top-column elementor-element elementor-element-0f13e97\" data-id=\"0f13e97\" data-element_type=\"column\" data-e-type=\"column\">\n\t\t\t<div class=\"elementor-widget-wrap elementor-element-populated\">\n\t\t\t\t\t\t<div class=\"elementor-element elementor-element-b8467ad elementor-widget-divider--view-line elementor-widget elementor-widget-divider\" data-id=\"b8467ad\" data-element_type=\"widget\" data-e-type=\"widget\" data-widget_type=\"divider.default\">\n\t\t\t\t<div class=\"elementor-widget-container\">\n\t\t\t\t\t\t\t<div class=\"elementor-divider\">\n\t\t\t<span class=\"elementor-divider-separator\">\n\t\t\t\t\t\t<\/span>\n\t\t<\/div>\n\t\t\t\t\t\t<\/div>\n\t\t\t\t<\/div>\n\t\t\t\t\t<\/div>\n\t\t<\/div>\n\t\t\t\t\t<\/div>\n\t\t<\/section>\n\t\t\t\t<section class=\"elementor-section elementor-top-section elementor-element elementor-element-e1ee1c3 elementor-section-boxed elementor-section-height-default elementor-section-height-default\" data-id=\"e1ee1c3\" data-element_type=\"section\" data-e-type=\"section\">\n\t\t\t\t\t\t<div class=\"elementor-container elementor-column-gap-default\">\n\t\t\t\t\t<div class=\"elementor-column elementor-col-100 elementor-top-column elementor-element elementor-element-d995907\" data-id=\"d995907\" data-element_type=\"column\" data-e-type=\"column\">\n\t\t\t<div class=\"elementor-widget-wrap elementor-element-populated\">\n\t\t\t\t\t\t<div class=\"elementor-element elementor-element-122277c elementor-tabs-view-horizontal elementor-widget elementor-widget-tabs\" data-id=\"122277c\" data-element_type=\"widget\" data-e-type=\"widget\" data-widget_type=\"tabs.default\">\n\t\t\t\t<div class=\"elementor-widget-container\">\n\t\t\t\t\t\t\t<div class=\"elementor-tabs\">\n\t\t\t<div class=\"elementor-tabs-wrapper\" role=\"tablist\" >\n\t\t\t\t\t\t\t\t\t<div id=\"elementor-tab-title-1901\" class=\"elementor-tab-title elementor-tab-desktop-title\" aria-selected=\"true\" data-tab=\"1\" role=\"tab\" tabindex=\"0\" aria-controls=\"elementor-tab-content-1901\" aria-expanded=\"false\">Asignaturas<\/div>\n\t\t\t\t\t\t\t\t\t<div id=\"elementor-tab-title-1902\" class=\"elementor-tab-title elementor-tab-desktop-title\" aria-selected=\"false\" data-tab=\"2\" role=\"tab\" tabindex=\"-1\" aria-controls=\"elementor-tab-content-1902\" aria-expanded=\"false\">Master Universitario en Ciberseguridad<\/div>\n\t\t\t\t\t\t\t\t\t<div id=\"elementor-tab-title-1903\" class=\"elementor-tab-title elementor-tab-desktop-title\" aria-selected=\"false\" data-tab=\"3\" role=\"tab\" tabindex=\"-1\" aria-controls=\"elementor-tab-content-1903\" aria-expanded=\"false\">Formaci\u00f3n Permanente y Cursos MOOC<\/div>\n\t\t\t\t\t\t\t<\/div>\n\t\t\t<div class=\"elementor-tabs-content-wrapper\" role=\"tablist\" aria-orientation=\"vertical\">\n\t\t\t\t\t\t\t\t\t<div class=\"elementor-tab-title elementor-tab-mobile-title\" aria-selected=\"true\" data-tab=\"1\" role=\"tab\" tabindex=\"0\" aria-controls=\"elementor-tab-content-1901\" aria-expanded=\"false\">Asignaturas<\/div>\n\t\t\t\t\t<div id=\"elementor-tab-content-1901\" class=\"elementor-tab-content elementor-clearfix\" data-tab=\"1\" role=\"tabpanel\" aria-labelledby=\"elementor-tab-title-1901\" tabindex=\"0\" hidden=\"false\"><p>\u00a0<\/p><p>Los esfuerzos y resultados del grupo de Innovaci\u00f3n Docente se ven reflejados en la siguientes asignaturas:<\/p><ul><li><a href=\"https:\/\/www.uned.es\/universidad\/inicio\/estudios\/grados\/grado-en-ingenieria-informatica\/asignaturas.html?codTitulacion=7101&amp;codAsignatura=71013124&amp;idContenido=1\">Seguridad<\/a> (Grado de Ingenier\u00eda Inform\u00e1tica)<\/li><li><a href=\"https:\/\/www.uned.es\/universidad\/inicio\/estudios\/grados\/grado-en-ingenieria-en-tecnologias-de-la-informacion\/asignaturas.html?codTitulacion=7102&amp;codAsignatura=71023080&amp;idContenido=1\">Consultor\u00eda y Auditor\u00eda<\/a> (Grado en Ingenier\u00eda en Tecnolog\u00edas de la Informaci\u00f3n)<\/li><li><a href=\"https:\/\/www.uned.es\/universidad\/inicio\/estudios\/grados\/grado-en-ingenieria-en-tecnologias-de-la-informacion\/asignaturas.html?codTitulacion=7102&amp;codAsignatura=71024091&amp;idContenido=1\">Teor\u00eda de la Informaci\u00f3n y Criptograf\u00eda B\u00e1sica<\/a> (Grado Ingenier\u00eda Inform\u00e1tica\/ Grado en Ingenier\u00eda en Tecnolog\u00edas de la Informaci\u00f3n)<\/li><li>Seguridad (Grado en Inteligencia Artificial &#8211; a partir del curso 2027\/2028)<\/li><li><a href=\"https:\/\/www.uned.es\/universidad\/inicio\/estudios\/grados\/grado-en-ingenieria-en-tecnologias-de-la-informacion\/asignaturas.html?codTitulacion=7102&amp;codAsignatura=71023074&amp;idContenido=1\">Procesos y Herramientas de Gesti\u00f3n de la Seguridad de Redes<\/a> (Grado en Ingenier\u00eda en Tecnolog\u00edas de la Informaci\u00f3n)<\/li><li><a href=\"https:\/\/www.uned.es\/universidad\/inicio\/estudios\/masteres\/master-universitario-en-ingenieria-informatica\/asignaturas.html?codAsignatura=31106099&amp;codTitulacion=310601&amp;idContenido=1\">Seguridad en los Sistemas de Informaci\u00f3n<\/a> (M\u00e1ster Universitario en Ingenier\u00eda Inform\u00e1tica)<\/li><li><a href=\"https:\/\/www.uned.es\/universidad\/inicio\/estudios\/masteres\/master-universitario-en-ingenieria-y-ciencia-de-datos\/asignaturas.html?codAsignatura=31110126&amp;codTitulacion=311001&amp;idContenido=1\">Seguridad en la Gesti\u00f3n de los Datos<\/a> (M\u00e1ster Universitario en Ingenier\u00eda y Ciencia de Datos)<\/li><\/ul><p>Adem\u00e1s a lo largo del curso 2018-2019 se puso en marcha el <a href=\"https:\/\/www.uned.es\/universidad\/inicio\/estudios\/masteres\/master-universitario-en-ciberseguridad.html?idContenido=1\"><strong>M\u00e1ster Universitario en Cibersegur<\/strong><strong>idad<\/strong><\/a> a cargo del GID, cuya actividad continua hasta el d\u00eda de hoy.<\/p><\/div>\n\t\t\t\t\t\t\t\t\t<div class=\"elementor-tab-title elementor-tab-mobile-title\" aria-selected=\"false\" data-tab=\"2\" role=\"tab\" tabindex=\"-1\" aria-controls=\"elementor-tab-content-1902\" aria-expanded=\"false\">Master Universitario en Ciberseguridad<\/div>\n\t\t\t\t\t<div id=\"elementor-tab-content-1902\" class=\"elementor-tab-content elementor-clearfix\" data-tab=\"2\" role=\"tabpanel\" aria-labelledby=\"elementor-tab-title-1902\" tabindex=\"0\" hidden=\"hidden\"><p>Uno de los objetivos estrat\u00e9gicos de la UNED es abrirse a todos los sectores de la sociedad con propuestas plurales e interdisciplinares. Tambi\u00e9n lo es captar estudiantes que tienen inter\u00e9s en profundizar en materias espec\u00edficas, como puede ser la Ciberseguridad, y que ya tengan una base cient\u00edfica y cultural importante en otras \u00e1reas del conocimiento.<\/p><p>El objetivo principal del M\u00e1ster es llevar a cabo la formaci\u00f3n de estudiantes en el \u00e1mbito de la Ciberseguridad. El programa propuesto intentar\u00e1 cubrir los principales aspectos de la Ciberseguridad, haciendo hincapi\u00e9 en aspectos t\u00e9cnicos y de legislaci\u00f3n, y desde diferentes puntos de vista dentro del \u00e1rea. Para lograr este fin, los estudiantes aprender\u00e1n sobre mecanismos de defensa y prevenci\u00f3n mediante la auditor\u00eda, la monitorizaci\u00f3n, el hacking \u00e9tico y la criptograf\u00eda, as\u00ed como de reacci\u00f3n ante un incidente mediante la gesti\u00f3n de incidentes inform\u00e1ticos y su an\u00e1lisis forense, teniendo en cuenta en todo momento el marco legal vigente.<\/p><p><a href=\"https:\/\/www.uned.es\/universidad\/inicio\/estudios\/masteres\/master-universitario-en-ciberseguridad.html?idContenido=1\">M\u00e1s Informaci\u00f3n<\/a><\/p><\/div>\n\t\t\t\t\t\t\t\t\t<div class=\"elementor-tab-title elementor-tab-mobile-title\" aria-selected=\"false\" data-tab=\"3\" role=\"tab\" tabindex=\"-1\" aria-controls=\"elementor-tab-content-1903\" aria-expanded=\"false\">Formaci\u00f3n Permanente y Cursos MOOC<\/div>\n\t\t\t\t\t<div id=\"elementor-tab-content-1903\" class=\"elementor-tab-content elementor-clearfix\" data-tab=\"3\" role=\"tabpanel\" aria-labelledby=\"elementor-tab-title-1903\" tabindex=\"0\" hidden=\"hidden\"><p>El grupo de Innovaci\u00f3n Docente participa activamente en diversos cursos de formaci\u00f3n permanente orientados a la mejora contin\u00faa de los profesionales de ciberseguridad o aquellos estudiantes que desean iniciarse en la ciberseguridad.<\/p><p>Los cursos ofertados son los siguientes:<\/p><ul><li>Curso 2018\/2019:<ul><li><i class=\"fab fa-leanpub\"><\/i> <a href=\"https:\/\/formacionpermanente.fundacion.uned.es\/tp_actividad\/idactividad\/10776\"> Gesti\u00f3n de Seguridad TIC y An\u00e1lisis de Riesgos <\/a>(Online)<\/li><li><i class=\"fab fa-leanpub\"><\/i> <a href=\"https:\/\/formacionpermanente.fundacion.uned.es\/tp_actividad\/idactividad\/10773\"> Ciberseguridad <\/a>(Online)<\/li><\/ul><\/li><li>Curso 2019\/2020:<ul><li><i class=\"fab fa-leanpub\"><\/i> <a href=\"https:\/\/formacionpermanente.uned.es\/tp_actividad\/idactividad\/11365\"> Gesti\u00f3n de Seguridad TIC y An\u00e1lisis de Riesgos <\/a>(Online)<\/li><li><i class=\"fab fa-leanpub\"><\/i> <a href=\"https:\/\/formacionpermanente.uned.es\/tp_actividad\/idactividad\/11386\" target=\"_BLANK\">Resoluci\u00f3n y Prevenci\u00f3n de Incidentes de Ciberseguridad<\/a>(Online)<\/li><li><i class=\"fab fa-leanpub\"><\/i> <a href=\"https:\/\/formacionpermanente.uned.es\/tp_actividad\/idactividad\/11318\" target=\"_BLANK\">Blockchain<\/a>(Online)<\/li><\/ul><\/li><li>Curso 2020\/2021:<ul><li><i class=\"fab fa-leanpub\"><\/i> <a href=\"https:\/\/formacionpermanente.uned.es\/tp_actividad\/idactividad\/11458\" target=\"_BLANK\">Resoluci\u00f3n y Prevenci\u00f3n de Incidentes de Ciberseguridad<\/a>(Online)<\/li><li><i class=\"fab fa-leanpub\"><\/i> <a href=\"https:\/\/formacionpermanente.uned.es\/tp_actividad\/idactividad\/11948\" target=\"_BLANK\">Blockchain<\/a>(Online)<\/li><\/ul><\/li><li>Curso 2021\/2022:<ul><li><a href=\"https:\/\/formacionpermanente.uned.es\/tp_actividad\/idactividad\/12104\" target=\"_blank\" rel=\"noopener noreferrer\">M\u00e1ster en Ciberseguridad Aplicada<\/a> (Online).<\/li><li><a href=\"https:\/\/formacionpermanente.uned.es\/tp_actividad\/idactividad\/12602\" target=\"_blank\" rel=\"noopener noreferrer\">Blockchain<\/a> (Online).<\/li><\/ul><\/li><li>Curso 2022\/2023:<ul><li><i class=\"fab fa-leanpub\"><\/i> <a href=\"https:\/\/formacionpermanente.uned.es\/tp_actividad\/actividad\/master-en-ciberseguridad-aplicada\" target=\"_blank\" rel=\"noopener noreferrer\">M\u00e1ster en Ciberseguridad Aplicada <\/a>(Online).<\/li><\/ul><\/li><li>Curso 2023\/2024:<ul><li><i class=\"fab fa-leanpub\"><\/i> <a href=\"https:\/\/formacionpermanente.uned.es\/tp_actividad\/idactividad\/13287\" target=\"_blank\" rel=\"noopener noreferrer\">M\u00e1ster en Ciberseguridad Aplicada<\/a> (Online).<\/li><\/ul><\/li><li>Curso 2024\/2025:<ul><li><i class=\"fab fa-leanpub\"><\/i> <a href=\"https:\/\/formacionpermanente.uned.es\/tp_actividad\/idactividad\/13957\" target=\"_blank\" rel=\"noopener noreferrer\">M\u00e1ster en Ciberseguridad Aplicada<\/a> (Online).<\/li><li><i class=\"fab fa-leanpub\"><\/i> <a href=\"https:\/\/formacionpermanente.uned.es\/tp_actividad\/idactividad\/14412\" target=\"_blank\" rel=\"noopener noreferrer\">IoT Cibersecurity: Risks, threads, and solutions on Smart Rural environments<\/a> (Online; impartido en espa\u00f1ol e ingl\u00e9s).<\/li><li><i class=\"fab fa-leanpub\"><\/i> Microcrendencial <a href=\"https:\/\/formacionpermanente.uned.es\/tp_actividad\/actividad\/curso-basico-tecnico-de-ciberseguridad-de-incibe\" target=\"_blank\" rel=\"noopener noreferrer\">Tecnolog\u00edas de la Ciberseguridad<\/a> (Online &#8211; dos ediciones: 9 de junio de 2025 hasta el 11 de noviembre de 2025 y 16 de octubre de 2025 hasta el 23 de diciembre de 2025)<\/li><li><i class=\"fab fa-leanpub\"><\/i> Curso MOOC \u00abIA Technologies for Cibersecurity and IoT\u00bb mediante UNED Abierta. Del 30 de noviembre 2024 al 31 de marzo 2025. 2 cr\u00e9ditos ECTS. Impartido en espa\u00f1ol e ingl\u00e9s.<\/li><\/ul><\/li><li>Curso 2025\/2026:<ul><li><i class=\"fab fa-leanpub\"><\/i> <a href=\"https:\/\/formacionpermanente.uned.es\/tp_actividad\/actividad\/master-en-ciberseguridad-aplicada\" target=\"_blank\" rel=\"noopener noreferrer\">M\u00e1ster en Ciberseguridad Aplicada<\/a> (Online)<\/li><li><i class=\"fab fa-leanpub\"><\/i> Curso MOOC \u00abIA Technologies for Cibersecurity and IoT\u00bb mediante UNED Abierta. Del 28 de julio 2025 al 1 de diciembre 2025. 2 cr\u00e9ditos ECTS. Impartido en espa\u00f1ol e ingl\u00e9s.<\/li><\/ul><\/li><\/ul><\/div>\n\t\t\t\t\t\t\t<\/div>\n\t\t<\/div>\n\t\t\t\t\t\t<\/div>\n\t\t\t\t<\/div>\n\t\t\t\t\t<\/div>\n\t\t<\/div>\n\t\t\t\t\t<\/div>\n\t\t<\/section>\n\t\t\t\t<\/div>\n\t\t","protected":false},"excerpt":{"rendered":"<p>Formaci\u00f3n Aprende Ciberseguridad atrav\u00e9s de las asignaturas dedicadas a la seguridad en diversas titulaciones oficiales. \u00a0 Consigue tu objetivo: ser un profesional de la ciberseguridad. Ponemos a tu alcance un M\u00e1ster Universitario en Ciberseguridad. \u00a0 Hemos creado t\u00edtulos propios oficiales de la UNED para tu formaci\u00f3n en Ciberseguridad. Consulta nuestra oferta. Asignaturas Master Universitario en Ciberseguridad Formaci\u00f3n Permanente y Cursos MOOC Asignaturas \u00a0 Los esfuerzos y resultados del grupo de Innovaci\u00f3n Docente se ven reflejados en la siguientes asignaturas: Seguridad (Grado de Ingenier\u00eda Inform\u00e1tica) Consultor\u00eda y Auditor\u00eda (Grado en Ingenier\u00eda en Tecnolog\u00edas de la Informaci\u00f3n) Teor\u00eda de la Informaci\u00f3n y Criptograf\u00eda B\u00e1sica (Grado Ingenier\u00eda Inform\u00e1tica\/ Grado en Ingenier\u00eda en Tecnolog\u00edas de la Informaci\u00f3n) Seguridad (Grado en Inteligencia Artificial &#8211; a partir del curso 2027\/2028) Procesos y Herramientas de Gesti\u00f3n de la Seguridad de Redes (Grado en Ingenier\u00eda en Tecnolog\u00edas de la Informaci\u00f3n) Seguridad en los Sistemas de Informaci\u00f3n (M\u00e1ster Universitario&hellip;<\/p>\n<p> <a class=\"more-link\" href=\"https:\/\/blogs.uned.es\/cibergid\/formacion\/\">Leer m\u00e1s<\/a><\/p>\n","protected":false},"author":7305,"featured_media":0,"parent":0,"menu_order":0,"comment_status":"closed","ping_status":"closed","template":"","meta":{"footnotes":""},"class_list":["post-559","page","type-page","status-publish"],"_links":{"self":[{"href":"https:\/\/blogs.uned.es\/cibergid\/wp-json\/wp\/v2\/pages\/559","targetHints":{"allow":["GET"]}}],"collection":[{"href":"https:\/\/blogs.uned.es\/cibergid\/wp-json\/wp\/v2\/pages"}],"about":[{"href":"https:\/\/blogs.uned.es\/cibergid\/wp-json\/wp\/v2\/types\/page"}],"author":[{"embeddable":true,"href":"https:\/\/blogs.uned.es\/cibergid\/wp-json\/wp\/v2\/users\/7305"}],"replies":[{"embeddable":true,"href":"https:\/\/blogs.uned.es\/cibergid\/wp-json\/wp\/v2\/comments?post=559"}],"version-history":[{"count":23,"href":"https:\/\/blogs.uned.es\/cibergid\/wp-json\/wp\/v2\/pages\/559\/revisions"}],"predecessor-version":[{"id":1063,"href":"https:\/\/blogs.uned.es\/cibergid\/wp-json\/wp\/v2\/pages\/559\/revisions\/1063"}],"wp:attachment":[{"href":"https:\/\/blogs.uned.es\/cibergid\/wp-json\/wp\/v2\/media?parent=559"}],"curies":[{"name":"wp","href":"https:\/\/api.w.org\/{rel}","templated":true}]}}