{"id":29,"date":"2019-07-24T10:25:18","date_gmt":"2019-07-24T08:25:18","guid":{"rendered":"http:\/\/blogs.uned.es\/aps\/?page_id=29"},"modified":"2020-06-09T09:30:09","modified_gmt":"2020-06-09T07:30:09","slug":"proyectosuned","status":"publish","type":"page","link":"https:\/\/blogs.uned.es\/aps\/proyectosuned\/","title":{"rendered":"Proyectos de ApS en la UNED"},"content":{"rendered":"<div id=\"pl-29\" class=\"panel-layout\">\n<div id=\"pg-29-0\" class=\"panel-grid panel-no-style\">\n<div id=\"pgc-29-0-0\" class=\"panel-grid-cell\">\n<div id=\"panel-29-0-0-0\" class=\"so-panel widget widget_sow-editor panel-first-child panel-last-child\">\n<div class=\"so-widget-sow-editor so-widget-sow-editor-base\">\n<div class=\"siteorigin-widget-tinymce textwidget\">\n<p><strong>1-<\/strong> En colaboraci\u00f3n con el IUED (Instituto Universitario de Educaci\u00f3n a Distancia), y a trav\u00e9s de la Convocatoria de<strong> Proyectos de Innovaci\u00f3n Docente (PID, 2019\/2020)<\/strong>,\u00a0 se facilit\u00f3 una l\u00ednea espec\u00edfica para propuestas innovadoras vinculadas al ApS.\u00a0Algunos de estros proyectos (*) comenzar\u00e1n a desarrollarse en <strong>colaboraci\u00f3n con el Ayuntamiento de Madrid<\/strong>. Desde la Oficina de ApS, y a trav\u00e9s de este blog y las redes sociales, iremos informando acerca de los avances de las diversas propuestas de innovaci\u00f3n docente vinculadas al ApS, entre las que encontramos:<\/p>\n<p style=\"padding-left: 90px;text-align: left\">&#8211;&gt; *GID2016-45:<strong> \u00abApoyo en proyectos de formaci\u00f3n de j\u00f3venes en\u00a0situaci\u00f3n de vulnerabilidad\u00bb<\/strong>. Coord.: Marta Sol\u00f3rzano Garc\u00eda\u00a0(CCEE).<\/p>\n<p style=\"padding-left: 90px\">&#8211;&gt;\u00a0GID2016-17: <strong>\u00abLaboratorios de STEM y rob\u00f3tica educativa para la\u00a0mejor\u00bb<\/strong>. Coord.: Elio San Crist\u00f3bal Ruiz (Industriales).<\/p>\n<p style=\"padding-left: 90px\">&#8211;&gt;\u00a0GID2017-6: <strong>\u00ab\u00c9tica y viabilidad del trabajo de campo en el\u00a0territorio aplicado a los TFG y TFM. Problemas y\u00a0l\u00edmites en la ense\u00f1anza a distancia\u00bb<\/strong>. Coord.: Mar\u00eda del Carmen Garc\u00eda Alonso (Filosof\u00eda).<\/p>\n<p style=\"padding-left: 90px\">&#8211;&gt; *GID2016-43: <strong>\u00abDesarrollo del aprendizaje-servicio en asignaturas\u00a0de grado y m\u00e1ster con un enfoque virtual para la\u00a0promoci\u00f3n del compromiso c\u00edvico y la ciudadan\u00eda\u00a0global en el horizonte de la Agenda 2030\u00bb<\/strong>. Coord.: Juan Garc\u00eda Guti\u00e9rrez (Educaci\u00f3n).<\/p>\n<p style=\"padding-left: 90px\">&#8211;&gt; *GID2016-16: <strong>\u00abPropuesta de indicadores para evaluar la\u00a0eficiencia de Proyectos sociales implementados\u00a0por el Ayuntamiento de Madrid\u00bb<\/strong>. Coord.: Myriam de la Concepci\u00f3n Gonz\u00e1lez Rabanal (Derecho).<\/p>\n<p>&nbsp;<\/p>\n<p><strong>2-<\/strong> Adem\u00e1s, el ApS tambi\u00e9n\u00a0ha tenido cabida en la convocatoria del Vicerrectorado de\u00a0Digitalizaci\u00f3n e\u00a0 Innovaci\u00f3n para apoyar el \u201c<strong>Desarrollo de aplicaciones\u00a0inform\u00e1ticas desarrolladas en la UNED y que sean de utilidad para su\u00a0aplicaci\u00f3n en la actividad docente de la universidad<\/strong>\u201d, propuesta coordinada por \u00c1ngeles Manjarr\u00e9s Riesco (Ingenier\u00eda Inform\u00e1tica) y acerca de cuyos avances tambi\u00e9n seguiremos informando.<\/p>\n<p>&nbsp;<\/p>\n<p><strong>3-<\/strong> A partir de diversas alianzas, de dar\u00e1 un nuevo impulso para facilitar la elaboraci\u00f3n de <strong>TFG\u00b4s y TFM\u00b4s basados en la comunidad<\/strong>, cuyos res\u00famenes sobre el procesos y sus conclusiones ser\u00e1n compartidos para que sirvan como inspiraci\u00f3n a profesorado y estudiantado que se animen a explorar esas v\u00edas.<\/p>\n<p>&nbsp;<\/p>\n<p><strong>4- Proyecto de ApS \u00abEspa\u00f1ol en Vivo\u00bb<\/strong>, coordinado desde el Grupo de Innovaci\u00f3n Docente COETIC, ha recibido\u00a0<a href=\"https:\/\/www.facultadpadreosso.es\/documentos\/Eventos\/concurso%20buenas%20practicas.pdf\" target=\"_blank\" rel=\"noopener\">Primer Premio a las Buenas Pr\u00e1cticas en Transferencia de Conocimientos<\/a>\u00a0que conceden Medicus Mundi\u00a0y la Facultad Padre Oss\u00f3\u00a0junto con la Agencia Asturiana de Cooperaci\u00f3n. Para conocer m\u00e1s sobre el proyecto, recomendamos el visionado de <a href=\"https:\/\/canal.uned.es\/video\/5be9994cb1111f5e718b58c6\">esta ponencia virtual<\/a> presentada en el marco de las \u00abX Jornadas de Investigaci\u00f3n e Innovaci\u00f3n Docente de la UNED\u00bb.<\/p>\n<\/div>\n<\/div>\n<\/div>\n<\/div>\n<\/div>\n<\/div>\n","protected":false},"excerpt":{"rendered":"<p>1- En colaboraci\u00f3n con el IUED (Instituto Universitario de Educaci\u00f3n a Distancia), y a trav\u00e9s de la Convocatoria de Proyectos de Innovaci\u00f3n Docente (PID, 2019\/2020),\u00a0 se facilit\u00f3 una l\u00ednea espec\u00edfica para propuestas innovadoras vinculadas al ApS.\u00a0Algunos de estros proyectos (*) comenzar\u00e1n a desarrollarse en colaboraci\u00f3n con el Ayuntamiento de Madrid. Desde la Oficina de ApS, y a trav\u00e9s de este blog y las redes sociales, iremos informando acerca de los avances de las diversas propuestas de innovaci\u00f3n docente vinculadas al ApS, entre las que encontramos: &#8211;&gt; *GID2016-45: \u00abApoyo en proyectos de formaci\u00f3n de j\u00f3venes en\u00a0situaci\u00f3n de vulnerabilidad\u00bb. Coord.: Marta Sol\u00f3rzano Garc\u00eda\u00a0(CCEE). &#8211;&gt;\u00a0GID2016-17: \u00abLaboratorios de STEM y rob\u00f3tica educativa para la\u00a0mejor\u00bb. Coord.: Elio San Crist\u00f3bal Ruiz (Industriales). &#8211;&gt;\u00a0GID2017-6: \u00ab\u00c9tica y viabilidad del trabajo de campo en el\u00a0territorio aplicado a los TFG y TFM. Problemas y\u00a0l\u00edmites en la ense\u00f1anza a distancia\u00bb. Coord.: Mar\u00eda del Carmen Garc\u00eda Alonso (Filosof\u00eda). &#8211;&gt; *GID2016-43: \u00abDesarrollo del aprendizaje-servicio en asignaturas\u00a0de grado y m\u00e1ster con un enfoque virtual para la\u00a0promoci\u00f3n del compromiso c\u00edvico y la ciudadan\u00eda\u00a0global en el horizonte de la Agenda 2030\u00bb. Coord.: Juan Garc\u00eda Guti\u00e9rrez (Educaci\u00f3n). &#8211;&gt; *GID2016-16: \u00abPropuesta de indicadores para evaluar la\u00a0eficiencia de Proyectos sociales implementados\u00a0por el Ayuntamiento de Madrid\u00bb. Coord.: Myriam de la Concepci\u00f3n Gonz\u00e1lez Rabanal (Derecho). &nbsp; 2- Adem\u00e1s, el ApS tambi\u00e9n\u00a0ha tenido cabida en la convocatoria del Vicerrectorado de\u00a0Digitalizaci\u00f3n e\u00a0 Innovaci\u00f3n para apoyar el \u201cDesarrollo de aplicaciones\u00a0inform\u00e1ticas desarrolladas en la UNED y que sean de utilidad para su\u00a0aplicaci\u00f3n en la actividad docente de la universidad\u201d, propuesta coordinada por \u00c1ngeles Manjarr\u00e9s Riesco (Ingenier\u00eda Inform\u00e1tica) y acerca de cuyos avances tambi\u00e9n seguiremos informando. &nbsp; 3- A partir de diversas alianzas, de dar\u00e1 un nuevo impulso para facilitar la elaboraci\u00f3n de TFG\u00b4s y TFM\u00b4s basados en la comunidad, cuyos res\u00famenes sobre el procesos y sus conclusiones ser\u00e1n compartidos para que sirvan como inspiraci\u00f3n a profesorado y estudiantado que se animen a explorar esas v\u00edas. &nbsp; 4- Proyecto de ApS \u00abEspa\u00f1ol en Vivo\u00bb, coordinado desde el Grupo de Innovaci\u00f3n Docente COETIC, ha recibido\u00a0Primer Premio a las Buenas Pr\u00e1cticas en Transferencia de Conocimientos\u00a0que conceden Medicus Mundi\u00a0y la Facultad Padre Oss\u00f3\u00a0junto con la Agencia Asturiana de Cooperaci\u00f3n. Para conocer m\u00e1s sobre el proyecto, recomendamos el visionado de esta ponencia virtual presentada en el marco de las \u00abX Jornadas de Investigaci\u00f3n e Innovaci\u00f3n Docente de la UNED\u00bb.<\/p>\n","protected":false},"author":73,"featured_media":0,"parent":0,"menu_order":0,"comment_status":"closed","ping_status":"closed","template":"","meta":{"footnotes":""},"class_list":["post-29","page","type-page","status-publish","hentry"],"_links":{"self":[{"href":"https:\/\/blogs.uned.es\/aps\/wp-json\/wp\/v2\/pages\/29","targetHints":{"allow":["GET"]}}],"collection":[{"href":"https:\/\/blogs.uned.es\/aps\/wp-json\/wp\/v2\/pages"}],"about":[{"href":"https:\/\/blogs.uned.es\/aps\/wp-json\/wp\/v2\/types\/page"}],"author":[{"embeddable":true,"href":"https:\/\/blogs.uned.es\/aps\/wp-json\/wp\/v2\/users\/73"}],"replies":[{"embeddable":true,"href":"https:\/\/blogs.uned.es\/aps\/wp-json\/wp\/v2\/comments?post=29"}],"version-history":[{"count":18,"href":"https:\/\/blogs.uned.es\/aps\/wp-json\/wp\/v2\/pages\/29\/revisions"}],"predecessor-version":[{"id":561,"href":"https:\/\/blogs.uned.es\/aps\/wp-json\/wp\/v2\/pages\/29\/revisions\/561"}],"wp:attachment":[{"href":"https:\/\/blogs.uned.es\/aps\/wp-json\/wp\/v2\/media?parent=29"}],"curies":[{"name":"wp","href":"https:\/\/api.w.org\/{rel}","templated":true}]}}