{"id":6223,"date":"2024-04-30T07:58:02","date_gmt":"2024-04-30T05:58:02","guid":{"rendered":"https:\/\/blogs.uned.es\/alumni\/?post_type=tribe_events&#038;p=6223"},"modified":"2024-04-30T07:58:02","modified_gmt":"2024-04-30T05:58:02","slug":"charlando-con-2","status":"publish","type":"tribe_events","link":"https:\/\/blogs.uned.es\/alumni\/event\/charlando-con-2\/","title":{"rendered":"Charlando con&#8230;.."},"content":{"rendered":"<p><span style=\"color: #000000\">Continuando con nuestro ciclo \u00ab<em><strong>Charlando con&#8230;.<\/strong><\/em>\u00bb en nuestro sof\u00e1 digital de Incubadora de Talentos nos complace anunciarte que el pr\u00f3ximo <strong>martes 30 de abril de 2024, a las 19:00 horas<\/strong> contaremos con la participaci\u00f3n de <strong>Anabel castro Plaza, Alumni UNED, Psic\u00f3loga e Ingeniera Industrial por la UNED, quien no hablar\u00e1 de su trayectoria profesional.<\/strong><\/span><\/p>\n<p><span style=\"color: #000000\">Esperamos contar con vuestra participaci\u00f3n.<\/span><\/p>\n<p><span style=\"color: #000000\">Puedes vernos en:<\/span><\/p>\n<p><span style=\"color: #000000\">\u2705\u00a0En #LinkedIn<\/span><\/p>\n<p><span style=\"color: #000000\"><a style=\"color: #000000\" href=\"http:\/\/r.fundacionuned.com\/mk\/cl\/f\/sh\/1t6Af4Oj9PgrH6jthnU17IxFvHreXD\/3IUMUwPH9BWZ\" target=\"_blank\" rel=\"noopener noreferrer\" data-auth=\"NotApplicable\" data-linkindex=\"0\"><u>https:\/\/www.linkedin.com\/company\/idtalentos\/<\/u><\/a>\u00a0<\/span><\/p>\n<p><span style=\"color: #000000\">\u2705\u00a0En nuestro canal de #twitch<\/span><\/p>\n<p><span style=\"color: #000000\"><a style=\"color: #000000\" href=\"http:\/\/r.fundacionuned.com\/mk\/cl\/f\/sh\/1t6Af4Oj9PgrH6jthnU17IxFvHreXD\/gesZgNSQoxw9\" target=\"_blank\" rel=\"noopener noreferrer\" data-auth=\"NotApplicable\" data-linkindex=\"1\"><u>https:\/\/www.twitch.tv\/incubadoratalento<\/u><\/a>\u00a0<\/span><\/p>\n<p><span style=\"color: #000000\">\u2705\u00a0Y tambi\u00e9n, en nuestro canal de #Youtube<\/span><\/p>\n<p><span style=\"color: #000000\"><a style=\"color: #000000\" href=\"http:\/\/r.fundacionuned.com\/mk\/cl\/f\/sh\/1t6Af4Oj9PgrH6jthnU17IxFvHreXD\/jfTYMOzEy67D\" target=\"_blank\" rel=\"noopener noreferrer\" data-auth=\"NotApplicable\" data-linkindex=\"2\"><u>https:\/\/www.youtube.com\/@incubadoradetalentos<\/u><\/a>\u00a0<\/span><\/p>\n<p><span style=\"color: #000000\">\u00a1\u00danete a nosotros y no te pierdas estas charlas inspiradoras! No dudes en participar. \u00a1Te esperamos! <strong>Nuestros alumni cuentan.<\/strong><\/span><\/p>\n<p><span style=\"color: #000000\">Un cordial saludo<\/span><\/p>\n<p><span style=\"color: #000000\"><strong>Secretar\u00eda alumni UNED<\/strong><\/span><\/p>\n","protected":false},"excerpt":{"rendered":"<p>Continuando con nuestro ciclo \u00abCharlando con&#8230;.\u00bb en nuestro sof\u00e1 digital de Incubadora de Talentos nos complace anunciarte que el pr\u00f3ximo martes 30 de abril de 2024, a las 19:00 horas &hellip; <a href=\"https:\/\/blogs.uned.es\/alumni\/event\/charlando-con-2\/\" title=\"Charlando con&#8230;..\" class=\"read-more\">Read More<\/a><\/p>\n","protected":false},"author":7191,"featured_media":6225,"template":"","meta":{"_tribe_events_status":"","_tribe_events_status_reason":"","footnotes":""},"tags":[],"tribe_events_cat":[],"class_list":["post-6223","tribe_events","type-tribe_events","status-publish","has-post-thumbnail","hentry"],"_links":{"self":[{"href":"https:\/\/blogs.uned.es\/alumni\/wp-json\/wp\/v2\/tribe_events\/6223","targetHints":{"allow":["GET"]}}],"collection":[{"href":"https:\/\/blogs.uned.es\/alumni\/wp-json\/wp\/v2\/tribe_events"}],"about":[{"href":"https:\/\/blogs.uned.es\/alumni\/wp-json\/wp\/v2\/types\/tribe_events"}],"author":[{"embeddable":true,"href":"https:\/\/blogs.uned.es\/alumni\/wp-json\/wp\/v2\/users\/7191"}],"version-history":[{"count":1,"href":"https:\/\/blogs.uned.es\/alumni\/wp-json\/wp\/v2\/tribe_events\/6223\/revisions"}],"predecessor-version":[{"id":6227,"href":"https:\/\/blogs.uned.es\/alumni\/wp-json\/wp\/v2\/tribe_events\/6223\/revisions\/6227"}],"wp:featuredmedia":[{"embeddable":true,"href":"https:\/\/blogs.uned.es\/alumni\/wp-json\/wp\/v2\/media\/6225"}],"wp:attachment":[{"href":"https:\/\/blogs.uned.es\/alumni\/wp-json\/wp\/v2\/media?parent=6223"}],"wp:term":[{"taxonomy":"post_tag","embeddable":true,"href":"https:\/\/blogs.uned.es\/alumni\/wp-json\/wp\/v2\/tags?post=6223"},{"taxonomy":"tribe_events_cat","embeddable":true,"href":"https:\/\/blogs.uned.es\/alumni\/wp-json\/wp\/v2\/tribe_events_cat?post=6223"}],"curies":[{"name":"wp","href":"https:\/\/api.w.org\/{rel}","templated":true}]}}

<p><span style="color: #000000">Continuando con nuestro ciclo «<em><strong>Charlando con&#8230;.</strong></em>» en nuestro sofá digital de Incubadora de Talentos nos complace anunciarte que el próximo <strong>martes 30 de abril de 2024, a las 19:00 horas</strong> contaremos con la participación de <strong>Anabel castro Plaza, Alumni UNED, Psicóloga e Ingeniera Industrial por la UNED, quien no hablará de su trayectoria profesional.</strong></span></p>
<p><span style="color: #000000">Esperamos contar con vuestra participación.</span></p>
<p><span style="color: #000000">Puedes vernos en:</span></p>
<p><span style="color: #000000">✅ En #LinkedIn</span></p>
<p><span style="color: #000000"><a style="color: #000000" href="http://r.fundacionuned.com/mk/cl/f/sh/1t6Af4Oj9PgrH6jthnU17IxFvHreXD/3IUMUwPH9BWZ" target="_blank" rel="noopener noreferrer" data-auth="NotApplicable" data-linkindex="0"><u>https://www.linkedin.com/company/idtalentos/</u></a> </span></p>
<p><span style="color: #000000">✅ En nuestro canal de #twitch</span></p>
<p><span style="color: #000000"><a style="color: #000000" href="http://r.fundacionuned.com/mk/cl/f/sh/1t6Af4Oj9PgrH6jthnU17IxFvHreXD/gesZgNSQoxw9" target="_blank" rel="noopener noreferrer" data-auth="NotApplicable" data-linkindex="1"><u>https://www.twitch.tv/incubadoratalento</u></a> </span></p>
<p><span style="color: #000000">✅ Y también, en nuestro canal de #Youtube</span></p>
<p><span style="color: #000000"><a style="color: #000000" href="http://r.fundacionuned.com/mk/cl/f/sh/1t6Af4Oj9PgrH6jthnU17IxFvHreXD/jfTYMOzEy67D" target="_blank" rel="noopener noreferrer" data-auth="NotApplicable" data-linkindex="2"><u>https://www.youtube.com/@incubadoradetalentos</u></a> </span></p>
<p><span style="color: #000000">¡Únete a nosotros y no te pierdas estas charlas inspiradoras! No dudes en participar. ¡Te esperamos! <strong>Nuestros alumni cuentan.</strong></span></p>
<p><span style="color: #000000">Un cordial saludo</span></p>
<p><span style="color: #000000"><strong>Secretaría alumni UNED</strong></span></p>

<p>Continuando con nuestro ciclo «Charlando con&#8230;.» en nuestro sofá digital de Incubadora de Talentos nos complace anunciarte que el próximo martes 30 de abril de 2024, a las 19:00 horas &hellip; <a href="https://blogs.uned.es/alumni/event/charlando-con-2/" title="Charlando con&#8230;.." class="read-more">Read More</a></p>
