{"id":4261,"date":"2021-10-27T10:16:37","date_gmt":"2021-10-27T08:16:37","guid":{"rendered":"https:\/\/blogs.uned.es\/alumni\/?page_id=4261"},"modified":"2023-11-23T12:34:30","modified_gmt":"2023-11-23T11:34:30","slug":"biblioteca","status":"publish","type":"page","link":"https:\/\/blogs.uned.es\/alumni\/biblioteca\/","title":{"rendered":"Biblioteca UNED"},"content":{"rendered":"<div id=\"pl-4261\"  class=\"panel-layout\" ><div id=\"pg-4261-0\"  class=\"panel-grid panel-no-style\" ><div id=\"pgc-4261-0-0\"  class=\"panel-grid-cell\" ><div id=\"panel-4261-0-0-0\" class=\"so-panel widget widget_rev-slider-widget widget_revslider panel-first-child panel-last-child\" data-index=\"0\" >\n\t\t\t<!-- START Biblioteca REVOLUTION SLIDER 6.4.2 --><p class=\"rs-p-wp-fix\"><\/p>\n\t\t\t<rs-module-wrap id=\"rev_slider_55_1_wrapper\" data-source=\"gallery\" style=\"background:transparent;padding:0;margin:0px auto;margin-top:0;margin-bottom:0;\">\n\t\t\t\t<rs-module id=\"rev_slider_55_1\" style=\"\" data-version=\"6.4.2\">\n\t\t\t\t\t<rs-slides>\n\t\t\t\t\t\t<rs-slide data-key=\"rs-59\" data-title=\"Slide\" data-in=\"o:0;\" data-out=\"a:false;\">\n\t\t\t\t\t\t\t<img decoding=\"async\" src=\"\/\/blogs.uned.es\/alumni\/wp-content\/uploads\/sites\/179\/2020\/03\/Banner-blog-alumni.png\" title=\"Biblioteca UNED\" class=\"rev-slidebg\" data-no-retina>\n<!--\n\t\t\t\t\t\t\t--><rs-layer\n\t\t\t\t\t\t\t\tid=\"slider-55-slide-59-layer-2\" \n\t\t\t\t\t\t\t\tclass=\"Gym-Menuitem\"\n\t\t\t\t\t\t\t\tdata-type=\"text\"\n\t\t\t\t\t\t\t\tdata-color=\"rgba(255,255,255,1)\"\n\t\t\t\t\t\t\t\tdata-rsp_ch=\"on\"\n\t\t\t\t\t\t\t\tdata-xy=\"x:r;xo:700px;yo:249px;\"\n\t\t\t\t\t\t\t\tdata-text=\"w:normal;s:30;l:45;ls:2px;fw:300;a:right;\"\n\t\t\t\t\t\t\t\tdata-dim=\"w:483px;h:125px;\"\n\t\t\t\t\t\t\t\tdata-padding=\"t:10;r:10;b:18;l:10;\"\n\t\t\t\t\t\t\t\tdata-border=\"bow:2px,2px,2px,2px;\"\n\t\t\t\t\t\t\t\tdata-frame_1=\"e:power2.inOut;sp:280;\"\n\t\t\t\t\t\t\t\tdata-frame_999=\"o:0;e:nothing;st:w;\"\n\t\t\t\t\t\t\t\tstyle=\"z-index:5;background-color:rgba(0,13,45,0.50);font-family:Raleway;\"\n\t\t\t\t\t\t\t>Acceso a Bibliotecas de la UNED \n\t\t\t\t\t\t\t<\/rs-layer><!--\n-->\t\t\t\t\t\t<\/rs-slide>\n\t\t\t\t\t<\/rs-slides>\n\t\t\t\t<\/rs-module>\n\t\t\t\t<script type=\"text\/javascript\">\n\t\t\t\t\tsetREVStartSize({c: 'rev_slider_55_1',rl:[1240,1024,778,480],el:[400,768,960,720],gw:[1240,1024,778,480],gh:[400,768,960,720],type:'hero',justify:'',layout:'fullwidth',mh:\"0\"});\n\t\t\t\t\tvar\trevapi55,\n\t\t\t\t\t\ttpj;\n\t\t\t\t\tfunction revinit_revslider551() {\n\t\t\t\t\tjQuery(function() {\n\t\t\t\t\t\ttpj = jQuery;\n\t\t\t\t\t\trevapi55 = tpj(\"#rev_slider_55_1\");\n\t\t\t\t\t\tif(revapi55==undefined || revapi55.revolution == undefined){\n\t\t\t\t\t\t\trevslider_showDoubleJqueryError(\"rev_slider_55_1\");\n\t\t\t\t\t\t}else{\n\t\t\t\t\t\t\trevapi55.revolution({\n\t\t\t\t\t\t\t\tsliderType:\"hero\",\n\t\t\t\t\t\t\t\tsliderLayout:\"fullwidth\",\n\t\t\t\t\t\t\t\tvisibilityLevels:\"1240,1024,778,480\",\n\t\t\t\t\t\t\t\tgridwidth:\"1240,1024,778,480\",\n\t\t\t\t\t\t\t\tgridheight:\"400,768,960,720\",\n\t\t\t\t\t\t\t\tspinner:\"spinner0\",\n\t\t\t\t\t\t\t\tperspective:600,\n\t\t\t\t\t\t\t\tperspectiveType:\"local\",\n\t\t\t\t\t\t\t\teditorheight:\"400,768,960,720\",\n\t\t\t\t\t\t\t\tresponsiveLevels:\"1240,1024,778,480\",\n\t\t\t\t\t\t\t\tprogressBar:{disableProgressBar:true},\n\t\t\t\t\t\t\t\tnavigation: {\n\t\t\t\t\t\t\t\t\tonHoverStop:false\n\t\t\t\t\t\t\t\t},\n\t\t\t\t\t\t\t\tfallbacks: {\n\t\t\t\t\t\t\t\t\tallowHTML5AutoPlayOnAndroid:true\n\t\t\t\t\t\t\t\t},\n\t\t\t\t\t\t\t});\n\t\t\t\t\t\t}\n\t\t\t\t\t\t\n\t\t\t\t\t});\n\t\t\t\t\t} \/\/ End of RevInitScript\n\t\t\t\tvar once_revslider551 = false;\n\t\t\t\tif (document.readyState === \"loading\") {document.addEventListener('readystatechange',function() { if((document.readyState === \"interactive\" || document.readyState === \"complete\") && !once_revslider551 ) { once_revslider551 = true; revinit_revslider551();}});} else {once_revslider551 = true; revinit_revslider551();}\n\t\t\t\t<\/script>\n\t\t\t<\/rs-module-wrap>\n\t\t\t<!-- END REVOLUTION SLIDER -->\n<\/div><\/div><\/div><div id=\"pg-4261-1\"  class=\"panel-grid panel-has-style\" ><div class=\"siteorigin-panels-stretch panel-row-style panel-row-style-for-4261-1\" style=\"padding-top: 30px; padding-bottom: 20px; \" data-stretch-type=\"full\" ><div id=\"pgc-4261-1-0\"  class=\"panel-grid-cell\" ><div id=\"panel-4261-1-0-0\" class=\"so-panel widget widget_sow-editor panel-first-child panel-last-child\" data-index=\"1\" ><div\n\t\t\t\n\t\t\tclass=\"so-widget-sow-editor so-widget-sow-editor-base\"\n\t\t\t\n\t\t>\n<div class=\"siteorigin-widget-tinymce textwidget\">\n\t<h2 style=\"text-align: center\"><span style=\"color: #5e5e5e\">Acceso a Bibliotecas UNED<\/span><\/h2>\n<\/div>\n<\/div><\/div><\/div><\/div><\/div><div id=\"pg-4261-2\"  class=\"panel-grid panel-no-style\" ><div id=\"pgc-4261-2-0\"  class=\"panel-grid-cell\" ><div id=\"panel-4261-2-0-0\" class=\"so-panel widget widget_sow-editor panel-first-child\" data-index=\"2\" ><div\n\t\t\t\n\t\t\tclass=\"so-widget-sow-editor so-widget-sow-editor-base\"\n\t\t\t\n\t\t>\n<div class=\"siteorigin-widget-tinymce textwidget\">\n\t<p>&nbsp;<\/p>\n<p><span style=\"font-size: 24px;font-family: georgia, palatino, serif;color: #000000\">Pertenecer a la <strong>Comunidad alumniUNED<\/strong> te ofrece la posibilidad de:<\/span><\/p>\n<div><span style=\"font-size: 21px;color: #000000\"><b>Acceso a las salas de lectura para la consulta de fondos en todas las bibliotecas de la UNED,<\/b>\u00a0<strong>tanto de la Sede Central como de los Centros Asociados.<\/strong><\/span><\/div>\n<blockquote>\n<div><\/div>\n<\/blockquote>\n<div><span style=\"font-size: 21px;color: #000000\"><strong>Pr\u00e9stamos en <\/strong><b>\u200blas tres Bibliotecas de la Sede Central<\/b><b>:\u00a0<\/b><\/span><\/div>\n<ul>\n<li><span style=\"font-size: 21px;color: #000000\">Biblioteca Central (P\u00ba Senda del Rey, 5. Ciudad Universitaria 28040. Madrid.)<\/span><\/li>\n<li><span style=\"font-size: 21px;color: #000000\">Biblioteca Campus Norte (C\/ Juan del Rosal, 14. Ciudad Universitaria 28040. Madrid.)<\/span><\/li>\n<li><span style=\"font-size: 21px;color: #000000\">Biblioteca del Instituto Universitario Guti\u00e9rrez Mellado (C\/ Princesa,36. 28008 Madrid)<\/span><\/li>\n<\/ul>\n<p><span style=\"font-size: 21px;color: #000000\"><strong>N\u00ba de pr\u00e9stamos: 6 documentos en total,<\/strong>\u00a0de los cuales:<\/span><\/p>\n<ul>\n<li><span style=\"font-size: 21px;color: #000000\">Ninguno perteneciente a la bibliograf\u00eda b\u00e1sica de las asignaturas de Grados y Posgrados.<\/span><\/li>\n<li><span style=\"font-size: 21px;color: #000000\">4 audiovisuales<span style=\"font-size: 24px;color: #000000\">.<\/span><\/span><\/li>\n<\/ul>\n<p><span style=\"font-size: 21px;color: #000000\"><strong>Duraci\u00f3n de los pr\u00e9stamos y renovaciones:<\/strong><\/span><\/p>\n<ul>\n<li><span style=\"font-size: 24px;color: #000000\">Los pr\u00e9stamos de las monograf\u00edas tienen una duraci\u00f3n de un mes, renovable por otro mes.<\/span><\/li>\n<li><span style=\"font-size: 24px;color: #000000\">Los pr\u00e9stamos de audiovisuales tienen duraci\u00f3n de una semana, renovable por 2 veces.<\/span><\/li>\n<\/ul>\n<p><span style=\"font-size: 21px;color: #000000\"><strong>Solicitudes (Reservas):<\/strong><\/span><\/p>\n<ul>\n<li style=\"list-style-type: none\">\n<ul>\n<li><span style=\"font-size: 24px;color: #000000\">Posibilidad de realizar 2 reservas.<\/span><\/li>\n<\/ul>\n<\/li>\n<\/ul>\n<div><span style=\"font-size: 24px;color: #000000\"><strong>Mas Informaci\u00f3n<\/strong>: <strong><span style=\"color: #1d6336\"><a style=\"color: #1d6336\" href=\"https:\/\/www.uned.es\/universidad\/biblioteca\/prestamo-renovaciones-solicitudes.html\">Pr\u00e9stamo, renovaciones y solicitudes (reservas)<\/a><\/span><\/strong><\/span><\/div>\n<\/div>\n<\/div><\/div><div id=\"panel-4261-2-0-1\" class=\"so-panel widget widget_sow-editor\" data-index=\"3\" ><div\n\t\t\t\n\t\t\tclass=\"so-widget-sow-editor so-widget-sow-editor-base\"\n\t\t\t\n\t\t>\n<div class=\"siteorigin-widget-tinymce textwidget\">\n\t<hr \/>\n<p><span style=\"font-size: 24px;color: #000000\"><strong>Pr\u00e9stamos en las Bibliotecas de los Centros Asociados<\/strong><\/span><\/p>\n<p><span style=\"font-size: 24px;color: #000000\">Las condiciones de pr\u00e9stamo,\u00a0renovaciones y solicitudes o reservas est\u00e1n sujetas a las pol\u00edticas de circulaci\u00f3n de cada biblioteca.<strong>\u00a0\u00a0<\/strong>Por ello,\u00a0<b>inf\u00f3rmate en la web de tu Centro\u00a0<\/b>y\u00a0si tienes alguna duda contacta con la\u00a0<strong><a href=\"https:\/\/www.uned.es\/universidad\/biblioteca\/contacto.html\"><span style=\"color: #1d6336\">biblioteca de tu centro asociado<\/span><\/a>.<\/strong><\/span><\/p>\n<hr \/>\n<p><span style=\"font-size: 24px;color: #000000\"><b><span style=\"color: #000000\">Los alumni en posesi\u00f3n del t\u00edtulo de doctorado por la UNED, si desean tener acceso a las colecciones electr\u00f3nicas, deber\u00e1n presentar una solicitud motivada a la directora de la Biblioteca de la UNED<\/span>:\u00a0<\/b><span style=\"color: #1d6336\"><strong><a style=\"color: #1d6336\" href=\"mailto:biblioteca.direccion@adm.uned.es\" target=\"_blank\" rel=\"noopener noreferrer\" data-auth=\"NotApplicable\" data-linkindex=\"2\">biblioteca.direccion@adm.uned.es<\/a><\/strong><\/span><\/span><\/p>\n<p>&nbsp;<\/p>\n<\/div>\n<\/div><\/div><div id=\"panel-4261-2-0-2\" class=\"so-panel widget widget_sow-editor panel-last-child\" data-index=\"4\" ><div\n\t\t\t\n\t\t\tclass=\"so-widget-sow-editor so-widget-sow-editor-base\"\n\t\t\t\n\t\t>\n<div class=\"siteorigin-widget-tinymce textwidget\">\n\t<h2 style=\"text-align: center\"><span style=\"color: #5e5e5e\">Acceso a Biblioteca UNED <\/span><a href=\"https:\/\/www.uned.es\/universidad\/biblioteca.html\"><span style=\"color: #5e5e5e\"><span style=\"color: #1d6336\">aqu\u00ed<\/span><\/span><\/a><\/h2>\n<\/div>\n<\/div><\/div><\/div><\/div><div id=\"pg-4261-3\"  class=\"panel-grid panel-no-style\" ><div id=\"pgc-4261-3-0\"  class=\"panel-grid-cell panel-grid-cell-empty\" ><\/div><\/div><\/div>","protected":false},"excerpt":{"rendered":"<p>Acceso a Bibliotecas UNED<\/p>\n","protected":false},"author":7191,"featured_media":0,"parent":0,"menu_order":0,"comment_status":"closed","ping_status":"closed","template":"","meta":{"footnotes":""},"class_list":["post-4261","page","type-page","status-publish","hentry"],"_links":{"self":[{"href":"https:\/\/blogs.uned.es\/alumni\/wp-json\/wp\/v2\/pages\/4261","targetHints":{"allow":["GET"]}}],"collection":[{"href":"https:\/\/blogs.uned.es\/alumni\/wp-json\/wp\/v2\/pages"}],"about":[{"href":"https:\/\/blogs.uned.es\/alumni\/wp-json\/wp\/v2\/types\/page"}],"author":[{"embeddable":true,"href":"https:\/\/blogs.uned.es\/alumni\/wp-json\/wp\/v2\/users\/7191"}],"replies":[{"embeddable":true,"href":"https:\/\/blogs.uned.es\/alumni\/wp-json\/wp\/v2\/comments?post=4261"}],"version-history":[{"count":43,"href":"https:\/\/blogs.uned.es\/alumni\/wp-json\/wp\/v2\/pages\/4261\/revisions"}],"predecessor-version":[{"id":4343,"href":"https:\/\/blogs.uned.es\/alumni\/wp-json\/wp\/v2\/pages\/4261\/revisions\/4343"}],"wp:attachment":[{"href":"https:\/\/blogs.uned.es\/alumni\/wp-json\/wp\/v2\/media?parent=4261"}],"curies":[{"name":"wp","href":"https:\/\/api.w.org\/{rel}","templated":true}]}}